--
-- Host: mysql51-34.perso    Database: pietonsdata
-- ------------------------------------------------------


--
-- Table structure for table `blog`
--

CREATE TABLE `blog` (
  `id` int(10) unsigned NOT NULL AUTO_INCREMENT,
  `project_id` int(11) unsigned NOT NULL,
  `author_id` int(11) unsigned NOT NULL,
  `title` varchar(200) NOT NULL,
  `content` text NOT NULL,
  `date` datetime NOT NULL,
  PRIMARY KEY (`id`),
  KEY `project_id` (`project_id`),
  KEY `author_id` (`author_id`),
  CONSTRAINT `blog_ibfk_1` FOREIGN KEY (`project_id`) REFERENCES `projects` (`id`) ON DELETE NO ACTION ON UPDATE CASCADE,
  CONSTRAINT `blog_ibfk_2` FOREIGN KEY (`author_id`) REFERENCES `members` (`id`) ON DELETE NO ACTION ON UPDATE CASCADE
) ENGINE=InnoDB DEFAULT CHARSET=utf8;

--
-- Dumping data for table `blog`
--


--
-- Table structure for table `comments`
--

CREATE TABLE `comments` (
  `id` int(10) unsigned NOT NULL AUTO_INCREMENT,
  `article_id` int(11) unsigned NOT NULL,
  `author_id` int(11) unsigned NOT NULL,
  `content` text NOT NULL,
  `date` datetime NOT NULL,
  `in_reply_to` int(11) unsigned NOT NULL,
  PRIMARY KEY (`id`),
  KEY `article_id` (`article_id`,`author_id`,`in_reply_to`),
  KEY `author_id` (`author_id`),
  CONSTRAINT `comments_ibfk_1` FOREIGN KEY (`article_id`) REFERENCES `blog` (`id`) ON DELETE CASCADE ON UPDATE CASCADE,
  CONSTRAINT `comments_ibfk_2` FOREIGN KEY (`author_id`) REFERENCES `members` (`id`) ON DELETE CASCADE ON UPDATE CASCADE
) ENGINE=InnoDB DEFAULT CHARSET=utf8;

--
-- Dumping data for table `comments`
--


--
-- Table structure for table `events`
--

CREATE TABLE `events` (
  `id` int(10) unsigned NOT NULL AUTO_INCREMENT,
  `projets_id` int(10) unsigned NOT NULL,
  `title` varchar(100) NOT NULL,
  `description` text NOT NULL,
  `beginning` datetime NOT NULL,
  `end` datetime NOT NULL,
  `place` text NOT NULL,
  `obligatoire` tinyint(1) NOT NULL,
  `cost` float NOT NULL,
  `public` tinyint(1) NOT NULL,
  PRIMARY KEY (`id`),
  KEY `projets_id` (`projets_id`),
  CONSTRAINT `events_ibfk_1` FOREIGN KEY (`projets_id`) REFERENCES `projects` (`id`) ON DELETE CASCADE ON UPDATE CASCADE
) ENGINE=InnoDB DEFAULT CHARSET=utf8;

--
-- Dumping data for table `events`
--


--
-- Table structure for table `event_presence`
--

CREATE TABLE `event_presence` (
  `members_id` int(11) unsigned NOT NULL,
  `event_id` int(11) unsigned NOT NULL,
  KEY `members_id` (`members_id`),
  KEY `calendar_id` (`event_id`),
  CONSTRAINT `event_presence_ibfk_1` FOREIGN KEY (`members_id`) REFERENCES `members` (`id`) ON DELETE CASCADE ON UPDATE CASCADE,
  CONSTRAINT `event_presence_ibfk_2` FOREIGN KEY (`event_id`) REFERENCES `events` (`id`) ON DELETE CASCADE ON UPDATE CASCADE
) ENGINE=InnoDB DEFAULT CHARSET=utf8;

--
-- Dumping data for table `event_presence`
--


--
-- Table structure for table `members`
--

CREATE TABLE `members` (
  `id` int(10) unsigned NOT NULL AUTO_INCREMENT,
  `admin` tinyint(1) NOT NULL,
  `firstname` varchar(100) NOT NULL,
  `lastname` varchar(100) NOT NULL,
  `shortname` varchar(100) NOT NULL,
  `status` int(11) NOT NULL,
  `male` tinyint(1) NOT NULL,
  `birthdate` date NOT NULL,
  `email` varchar(200) NOT NULL,
  `address` varchar(400) NOT NULL,
  `telephone` varchar(20) NOT NULL,
  `mobile` varchar(20) NOT NULL,
  `website` varchar(200) NOT NULL,
  `password` varchar(40) NOT NULL COMMENT 'SHA-1',
  `image` tinyint(1) NOT NULL,
  `date-inscription` datetime NOT NULL,
  `balance` double NOT NULL,
  `last-login` datetime NOT NULL,
  `bvrref` varchar(100) NOT NULL,
  `facebookid` varchar(255) NOT NULL,
  PRIMARY KEY (`id`),
  UNIQUE KEY `shortname` (`shortname`)
) ENGINE=InnoDB AUTO_INCREMENT=41 DEFAULT CHARSET=utf8;

--
-- Dumping data for table `members`
--

INSERT INTO `members` VALUES (1,0,'David','Angéloz','davidan',0,0,'0000-00-00','','','','','','',0,'0000-00-00 00:00:00',0,'0000-00-00 00:00:00','','the.truc'),(2,0,'Aïda','Khelifa','aidakh',0,0,'0000-00-00','','','','','','',0,'0000-00-00 00:00:00',0,'0000-00-00 00:00:00','','683212371'),(3,0,'Cassandre','Lejosne','cassandrele',3,0,'1994-10-16','cassandrelejosne@gmail.com','Parc de Valency 3, 1004 Lausanne','0216470320','0788507803','','dbdf84bc13951e1a81c38d0939ff560a2bd225b1',0,'2011-06-13 17:12:25',0,'0000-00-00 00:00:00','','1526648967'),(4,0,'Clyde','Philippoz','clydeph',0,0,'0000-00-00','','','','','','',0,'0000-00-00 00:00:00',0,'0000-00-00 00:00:00','','clyde.philipps'),(5,0,'Donatienne','Amann','donatienneam',3,0,'1994-05-17','donamann@hotmail.com','Boulevard de Grancy 10, 1006 Lausanne','0216018260','0796128590','','66e37f2250d97559c2df541aae5733a666c86818',0,'2011-06-22 20:46:36',0,'0000-00-00 00:00:00','','1454653340'),(6,0,'Eleanor','Philippoz','eleanorph',0,0,'0000-00-00','','','','','','',0,'0000-00-00 00:00:00',0,'0000-00-00 00:00:00','','eleanor.philippoz'),(7,0,'Emile','Schaffner','emilesc',2,1,'1993-06-10','emile.schaffner@gmail.com','Chemin des Clos 6, 1020 Renens','0216340709','0788686897','','cbff8d85d3cbad9aa2d0ff5375c0350920d5698f',0,'2011-06-12 09:02:27',0,'0000-00-00 00:00:00','','emile.schaffner'),(8,0,'Frédéric','Pythoud','fredericpy',0,0,'0000-00-00','','','','','','',0,'0000-00-00 00:00:00',0,'0000-00-00 00:00:00','','100001017402371'),(9,0,'Giulia','Peroud','giuliape',0,0,'0000-00-00','','','','','','',0,'0000-00-00 00:00:00',0,'0000-00-00 00:00:00','','1029812361'),(10,0,'Géraldine','Gigon','geraldinegi',0,0,'0000-00-00','','','','','','',0,'0000-00-00 00:00:00',0,'0000-00-00 00:00:00','','rironne'),(11,0,'Jennifer','Maurer','jenniferma',0,0,'0000-00-00','','','','','','',0,'0000-00-00 00:00:00',0,'0000-00-00 00:00:00','','691906284'),(12,0,'Jeremy','Schellhammer','jeremysc',0,0,'0000-00-00','','','','','','',0,'0000-00-00 00:00:00',0,'0000-00-00 00:00:00','','718503108'),(13,0,'John','Polit','johnpo',0,0,'0000-00-00','','','','','','',0,'0000-00-00 00:00:00',0,'0000-00-00 00:00:00','','1621630426'),(14,0,'kirill','Khaludrov','kirillkh',2,1,'1994-11-13','kirill.naruto@rambler.ru','Chemin de la Gravière 6,1007','0216249769','0796042127','','70b4aa8b8a315970ea9747686e254ebf06f85d94',0,'2011-06-20 11:04:07',0,'0000-00-00 00:00:00','','100000119510151'),(15,1,'Corentin','Perret','corentinpe',3,1,'2002-01-01','corentin-p@sunrise.ch','Case Postale 109\r\n1000 Lausanne 21','0216574757','0762339339','corentinpe','06e63bf6a817a2d218bf0be1594870e18a04b718',0,'2011-06-10 21:14:35',0,'2011-07-10 16:26:13','','1030395046'),(16,0,'Laura','Angeles','lauraan',3,0,'1994-04-30','nafafn@hotmail.fr','Chemin des Aubépines 12, 1004 Lausanne','0216469070','0774628274','','2a3a68d25af535aa55c02c6eeb749c83e1fa441c',0,'2011-06-16 12:07:28',0,'2011-07-08 21:23:19','','1384835828'),(17,0,'Louis','Bonard','louisbo',3,1,'1996-02-10','louisbonard@hotmail.com','Av. F-Recordon 42, 1004 Lausanne','0216247325','0799108389','','a7db85cc88ae9388366971eb3ee26150b75f27e1',0,'2011-06-12 10:43:00',0,'2011-07-08 19:47:42','','louis.bonard'),(18,1,'Luca','Bron','lucabr',3,1,'1994-01-01','lachainone@gmail.com','Rue du Simplon 3B, 1006 Lausanne','0216168559','0797566255','','59c0e98b1212b1cf5f0fa33f20240914c3d4d82f',0,'2011-06-12 19:59:40',0,'2011-07-08 21:35:43','','luca.bron'),(19,0,'Lucien','Rahm','lucienra',3,1,'1995-12-02','lucien@phillipperahm.com','Av. de morges 31, 1004 \r\nLausanne ','0216245076','0798529383','','6da9bd6c01d858a9138a6f4660eaee9f4d6f59ad',0,'2011-06-29 19:59:40',0,'2011-06-29 20:00:08','','rahmlucien'),(20,0,'Léa','Schweizer','leasc',0,0,'0000-00-00','','','','','','',0,'0000-00-00 00:00:00',0,'0000-00-00 00:00:00','','1763799601'),(21,1,'Léo','Piccirelli','piccileo',3,1,'1992-02-28','leopiccirelli@gmail.com','Route Saint-Germain 12\r\n1042 Assens','0218821222','0787515011','','6e09f794ed4ba5ee7c13e5cc0d01f88b8ccbd0fc',0,'2011-06-12 01:20:40',0,'2011-07-08 11:37:45','','636333755'),(22,0,'Marco','Hollinger','marcoho',3,1,'1994-08-10','delbicoco@hotmail.com','Chemin de Primerose 47, 1007 Lausanne','0216167281','0796741252','','419ef673e274f4f059d45206484359741a429299',0,'2011-06-16 11:28:48',0,'2011-06-17 15:36:00','','100001077699144'),(23,0,'Melissa','Privet','melissapr',3,0,'1996-09-18','ssissa@bluewin.ch','Route du Châtelard 30B, 1018 Lausanne','0213124040','0794507713','','2f7e3f3fa67217702f7e145c2723bdefd485792f',0,'2011-06-12 09:46:32',0,'2011-07-10 19:02:29','','melissa.privet'),(24,0,'Michel','Moulin','michelmo',0,0,'0000-00-00','','','','','','',0,'0000-00-00 00:00:00',0,'0000-00-00 00:00:00','','michel.moulin'),(25,1,'Nadine','Samson','nadinesa',3,0,'1983-01-23','enidan23@hotmail.com','Rue de la Tour 26, 1867 Ollon','','0793963425','','bac085ea12627b6cbf4524f31c302ab4e92c9d48',0,'2011-06-29 19:15:17',0,'0000-00-00 00:00:00','','807570911'),(26,0,'Nicole','Mages','nicolema',0,0,'0000-00-00','','','','','','',0,'0000-00-00 00:00:00',0,'0000-00-00 00:00:00','','http://www.facebook.com/'),(27,0,'Océane','Maréchal','oceanema',2,0,'1996-08-22','oceane.marechal@hotmail.com','Avenue st paul 3, 1004 Lausanne','0216243313','0774797959','','a5fdfc66043e6838db607465ba48459da211ae8d',0,'2011-06-13 15:59:35',0,'0000-00-00 00:00:00','','Oceane.Anastasia.Marechal'),(28,0,'Romaine','Favre','romainefa',3,0,'1996-11-28','romaine_1018@hotmail.com','Avenue Druey 12, 1018 Lausanne','0216486687','0787283589','','2b447feae5d59ecc88bb5c66b4e0ac2e2bff3205',0,'2011-06-11 21:56:47',0,'2011-06-22 13:41:45','','100001152673711'),(29,1,'Sacha','Bron','sachabr',3,1,'1992-04-22','sacha.bron@copperflake.com','Rue du Simplon 3B, 1006 Lausanne','0216168559','0793170266','http://www.copperflake.com','2910e479870dc033d84482939982cb71fce50979',0,'2011-06-10 23:34:09',0,'2011-07-10 17:20:00','','sacha.bron'),(30,0,'Taís','Rodrigues','taisro',0,0,'0000-00-00','','','','','','',0,'0000-00-00 00:00:00',0,'0000-00-00 00:00:00','','1590115639'),(31,1,'Victor','Hunziker','victorhu',3,1,'1992-06-24','victor.hunziker@gmail.com','Avenue de Cour 78, 1007 Lausanne','0216173239','0774173273','picasaweb.google.com/victor.hunziker','bce7648a7d474fe1d4d15b334e59e8182a44c80c',0,'2011-06-12 01:08:41',0,'2011-07-08 18:52:59','','victor.hunziker'),(37,0,'Sacha','Maffli','sachama',0,0,'0000-00-00','','','','','','',0,'0000-00-00 00:00:00',0,'0000-00-00 00:00:00','',''),(38,0,'Pascal','Francfort','pascalfr',0,0,'0000-00-00','','','','','','',0,'0000-00-00 00:00:00',0,'0000-00-00 00:00:00','',''),(39,0,'Nathalie','Amacker','nathalieam',0,0,'0000-00-00','','','','','','',0,'0000-00-00 00:00:00',0,'0000-00-00 00:00:00','',''),(40,0,'Marc','Leroy','marcle',0,0,'0000-00-00','','','','','','',0,'0000-00-00 00:00:00',0,'0000-00-00 00:00:00','','marc.leroy');

--
-- Table structure for table `projects`
--

CREATE TABLE `projects` (
  `id` int(10) unsigned NOT NULL AUTO_INCREMENT,
  `name` varchar(200) NOT NULL,
  `description` text NOT NULL,
  `beginning` date NOT NULL,
  `end` date NOT NULL,
  `progress` int(11) NOT NULL COMMENT '0 = en projet / 1 = en cours / 2 = terminé / 3 = suspendu / 4 = abandonné',
  PRIMARY KEY (`id`)
) ENGINE=InnoDB AUTO_INCREMENT=5 DEFAULT CHARSET=utf8;

--
-- Dumping data for table `projects`
--

INSERT INTO `projects` VALUES (1,'The Feeling','Tournage d\'un clip vidéo pour le titre The Feeling du groupe Cromer.\r\n\r\nCromer est un trio de rock expérimental lausannois, formé en 2009 par les frères Schaffner, qui allie une recherche sonore instinctive avec un songwriting mêlant le traditionnel à l\'inattendu.\r\n\r\nLeur titre The Feeling est mis en image et se présente sous la forme d\'un court-métrage: on suit les pensées d\'une jeune fille qui va tenter d\'exprimer son doute profond sur l\'authenticité de sa vie à travers la peinture, une échappatoire qui va se révéler défectueuse...\r\n\r\nAinsi, ce clip tente de restituer ce type de nostalgie vaine, puissante et doucereuse.','2011-01-01','2011-08-01',0),(2,'Poursuites à travers Lausanne','Ce projet a pour but premier d\'apprendre les techniques cinématographiques de bases: le cadrage, faire en sorte qu\'une image soit équilibrée, les plongées/contre-plongées, etc.\r\nPour ce faire, nous avons décidé de créer un court-métrage laissant la possibilité a différents aspects d\'être testé: les dialogues, poursuites, plans-larges; en mettant en scène les acteurs dans une poursuite à travers Lausanne.\r\nDes membres ayant déjà fait des stages de cinéma et ayant de l’expérience sont là pour nous enseigner cet art.','2011-01-01','2011-11-01',0),(3,'Du sang sur le cou du chat','Rainer Werner Fassbinder, l\'auteur de cette pièce, est un réalisateur acteur et metteur en scène allemand né le 31 mai 1945 à Bad Wörishofen (Bavière). Il est l’un des représentants majeurs du Nouveau cinéma allemand des années 1960-1970.\r\n\r\nDu sang sur le cou du chat (Blut am Hals der Katze) a été montée en 1971 par Fassbinder et Peer Raben, à l\'Antiteater aux Städtischen Bühnen Nürnberg.\r\n\r\nNous travaillons cette pièce dans le cadre des ateliers données les dimanches des week-ends artistiques par le metteur en scène Pascal Francfort.','2011-03-01','2012-01-01',0),(4,'Dormez, je le veux!','Georges Feydeau, né à Paris le 8 décembre 1862 et mort à Rueil-Malmaison le 5 juin 1921, est un auteur dramatique français, connu pour ses très nombreux vaudevilles.\r\n\r\nDormez, je le veux! est une comédie en un acte de Feydeau, montée en 1897.\r\n\r\nNous travaillons cette pièce dans le cadre des ateliers données les dimanches des week-ends artistiques par le metteur en scène Pascal Francfort.','2011-07-01','2011-09-01',0);

--
-- Table structure for table `project_participation`
--

CREATE TABLE `project_participation` (
  `members_id` int(11) unsigned NOT NULL,
  `project_id` int(11) unsigned NOT NULL,
  `responsable` tinyint(1) NOT NULL,
  KEY `members_id` (`members_id`),
  KEY `project_id` (`project_id`),
  CONSTRAINT `project_participation_ibfk_1` FOREIGN KEY (`members_id`) REFERENCES `members` (`id`) ON DELETE CASCADE ON UPDATE CASCADE,
  CONSTRAINT `project_participation_ibfk_2` FOREIGN KEY (`project_id`) REFERENCES `projects` (`id`) ON DELETE CASCADE ON UPDATE CASCADE
) ENGINE=InnoDB DEFAULT CHARSET=utf8;

--
-- Dumping data for table `project_participation`
--

INSERT INTO `project_participation` VALUES (29,3,1),(29,4,1),(3,1,1),(7,1,1),(16,1,1),(12,2,1),(18,2,1),(29,1,0),(29,2,0);

--
-- Table structure for table `realisations`
--

CREATE TABLE `realisations` (
  `id` int(11) NOT NULL AUTO_INCREMENT,
  `titre` text CHARACTER SET utf8 NOT NULL,
  `description` text CHARACTER SET utf8 NOT NULL,
  `short_description` text CHARACTER SET utf8 NOT NULL,
  `duree` text NOT NULL,
  `date` date NOT NULL,
  `occasion` text NOT NULL,
  `credits` text NOT NULL,
  `visible` tinyint(1) NOT NULL,
  PRIMARY KEY (`id`),
  UNIQUE KEY `id` (`id`)
) ENGINE=MyISAM AUTO_INCREMENT=13 DEFAULT CHARSET=latin1;

--
-- Dumping data for table `realisations`
--

INSERT INTO `realisations` VALUES (1,'Recto-verso','Quand XX rencontre XY, mêlant images, musique et poésie.','Quand XX rencontre XY, mêlant images, musique et poésie.','9:09','2010-10-08','Camp de théâtre d\'automne 2010','<tr>\r\n			<td>Acteurs</td>\r\n			<td>Océane, Xavier, Sonia, Johanna, Evelyne</td>\r\n		</tr>\r\n		<tr>\r\n			<td>Caméra</td>\r\n			<td>Sacha</td>\r\n		</tr>\r\n		<tr>\r\n			<td>Costumes</td>\r\n			<td>Cassandre, Laura, Emile</td>\r\n		</tr>\r\n		<tr>\r\n			<td>Texte</td>\r\n			<td>Darius</td>\r\n		</tr>\r\n		<tr>\r\n			<td>Musique</td>\r\n			<td>Emile, Sacha</td>\r\n		</tr>\r\n		<tr>\r\n			<td>Remerciements</td>\r\n			<td>A tous les participants du camp<br/>A Léo pour son soutien matériel et spirituel.<br/>A Donatienne pour la scène romantique.</td>\r\n		</tr>',1),(2,'Cornemuse des Alizées','In hac habitasse platea dictumst. Nam congue mattis bibendum. Morbi suscipit faucibus tortor, sit amet tempor neque pharetra vitae. Praesent rutrum dapibus dui, ut varius dui sollicitudin quis. Proin euismod nulla id tortor viverra non rhoncus metus viverra. Suspendisse potenti. Morbi urna nibh, tempor sed malesuada quis, convallis at est. Ut et elit sit amet nulla posuere gravida. Etiam pellentesque dapibus ligula, sit amet blandit arcu aliquam non. Vivamus sed velit eu eros dignissim imperdiet. Donec nisl sapien, varius quis sodales at, egestas sit amet lorem. Aliquam tincidunt velit eget ante facilisis lacinia pulvinar mauris placerat. Quisque condimentum luctus mauris, vel accumsan diam porta sed. Vestibulum sit amet eros tellus. ','Comment sauver un son défectueux ?<br>Mini-courts métrages.','01:30','2010-10-07','Camp de théâtre d\'automne 2010','<tr>\r\n			<td>Acteurs</td>\r\n			<td>Poneyane, Poneyvier, Poneynia, Ponehanna, Poneyvline</td>\r\n		</tr>\r\n		<tr>\r\n			<td>Caméra</td>\r\n			<td>Poneybron</td>\r\n		</tr>\r\n		<tr>\r\n			<td>Costumes</td>\r\n			<td>Poneyssandre, Poneyra, Poneymile</td>\r\n		</tr>\r\n		<tr>\r\n			<td>Texte</td>\r\n			<td>Poneyrus</td>\r\n		</tr>\r\n		<tr>\r\n			<td>Musique</td>\r\n			<td>Poneymile, Poneybron</td>\r\n		</tr>',1),(3,'Le pari','','Mini-courts métrages.','2:20','2009-08-12','Camp de théâtre août 2009','',1),(4,'Musique','','','04:01','2010-08-12','Camp d\'août 2010','',1),(5,'L\'atelier','','Mini-courts métrages.','02:01','2009-08-12','Camp de théâtre d\'août 2009','',1),(6,'07h01','','Chaque matin le réveil démarre la rengaine quotidienne...jusqu\'à quand ?','19:07','2010-10-10','Camp de théâtre d\'octobre 2010','',1),(7,'La Venoge','','','13:23','2010-10-12','Camp de théâtre d\'octobre 2010','',1),(8,'Musique','','','03:16','2009-08-12','Camp d\'août 2009','',1),(9,'Bouton','','','09:19','2010-10-01','Camp de théâtre d\'octobre 2010','',1),(10,'I\'m too sexy','','','13:28','2009-10-01','Camp de théâtre d\'octobre 2009','',1),(11,'PlastiK','','','20:41','2010-08-01','Camp de théâtre d\'août 2010.','',1),(12,'Bobébé Bobo','','','03:47','2006-08-01','Camp de théâtre d\'août 2006','',1);

--
-- Table structure for table `services`
--

CREATE TABLE `services` (
  `id` int(10) unsigned NOT NULL AUTO_INCREMENT,
  `username` varchar(100) NOT NULL,
  `service` varchar(100) NOT NULL,
  `member_id` int(11) unsigned NOT NULL,
  PRIMARY KEY (`id`),
  KEY `member_id` (`member_id`),
  CONSTRAINT `services_ibfk_1` FOREIGN KEY (`member_id`) REFERENCES `members` (`id`) ON DELETE CASCADE ON UPDATE CASCADE
) ENGINE=InnoDB DEFAULT CHARSET=utf8;

--
-- Dumping data for table `services`
--


--
-- Table structure for table `transactions`
--

CREATE TABLE `transactions` (
  `id` int(11) NOT NULL AUTO_INCREMENT,
  `reference` varchar(100) CHARACTER SET utf8 COLLATE utf8_bin NOT NULL,
  `montant` double NOT NULL,
  `type` int(11) NOT NULL,
  `date-paiement` int(11) NOT NULL,
  `date-credit` int(11) NOT NULL,
  `date-traitement` int(11) NOT NULL,
  `frais` int(11) NOT NULL,
  `donnees` varchar(150) CHARACTER SET utf8 COLLATE utf8_bin NOT NULL,
  `fileid` varchar(255) CHARACTER SET utf8 COLLATE utf8_bin NOT NULL,
  PRIMARY KEY (`id`)
) ENGINE=MyISAM AUTO_INCREMENT=91 DEFAULT CHARSET=utf8;

--
-- Dumping data for table `transactions`
--

INSERT INTO `transactions` VALUES (1,'2',19,20,1305385200,1305385200,1305385200,0,'',''),(2,'15',20,20,1305385200,1305385200,1305385200,0,'',''),(3,'7',20,20,1305385200,1305385200,1305385200,0,'',''),(4,'11',20,20,1305385200,1305385200,1305385200,0,'',''),(5,'12',20,20,1305385200,1305385200,1305385200,0,'',''),(6,'14',15,20,1305385200,1305385200,1305385200,0,'',''),(7,'20',15,20,1305385200,1305385200,1305385200,0,'',''),(8,'21',20,20,1305385200,1305385200,1305385200,0,'',''),(9,'17',20,20,1305385200,1305385200,1305385200,0,'',''),(10,'18',20,20,1305385200,1305385200,1305385200,0,'',''),(11,'22',20,20,1305385200,1305385200,1305385200,0,'',''),(12,'23',20,20,1305385200,1305385200,1305385200,0,'',''),(13,'24',5,20,1305385200,1305385200,1305385200,0,'',''),(14,'39',20,20,1305385200,1305385200,1305385200,0,'',''),(15,'27',5,20,1305385200,1305385200,1305385200,0,'',''),(16,'29',20,20,1305385200,1305385200,1305385200,0,'',''),(17,'31',5,20,1305385200,1305385200,1305385200,0,'',''),(18,'15',10,20,1302361200,1302361200,1302361200,0,'',''),(19,'5',10,20,1302361200,1302361200,1302361200,0,'',''),(20,'21',10,20,1302361200,1302361200,1302361200,0,'',''),(21,'17',10,20,1302361200,1302361200,1302361200,0,'',''),(22,'18',10,20,1302361200,1302361200,1302361200,0,'',''),(23,'19',10,20,1302361200,1302361200,1302361200,0,'',''),(24,'22',10,20,1302361200,1302361200,1302361200,0,'',''),(25,'23',10,20,1302361200,1302361200,1302361200,0,'',''),(26,'24',10,20,1302361200,1302361200,1302361200,0,'',''),(27,'26',10,20,1302361200,1302361200,1302361200,0,'',''),(28,'29',10,20,1302361200,1302361200,1302361200,0,'',''),(29,'31',10,20,1302361200,1302361200,1302361200,0,'',''),(30,'2',10,20,1299945600,1299945600,1299945600,0,'',''),(31,'3',25,20,1299945600,1299945600,1299945600,0,'',''),(32,'5',25,20,1299945600,1299945600,1299945600,0,'',''),(33,'6',15,20,1299945600,1299945600,1299945600,0,'',''),(34,'7',25,20,1299945600,1299945600,1299945600,0,'',''),(35,'11',10,20,1299945600,1299945600,1299945600,0,'',''),(36,'16',25,20,1299945600,1299945600,1299945600,0,'',''),(37,'21',25,20,1299945600,1299945600,1299945600,0,'',''),(38,'17',25,20,1299945600,1299945600,1299945600,0,'',''),(39,'18',25,20,1299945600,1299945600,1299945600,0,'',''),(40,'19',15,20,1299945600,1299945600,1299945600,0,'',''),(41,'23',25,20,1299945600,1299945600,1299945600,0,'',''),(42,'28',25,20,1299945600,1299945600,1299945600,0,'',''),(43,'29',25,20,1299945600,1299945600,1299945600,0,'',''),(44,'30',15,20,1299945600,1299945600,1299945600,0,'',''),(45,'31',25,20,1299945600,1299945600,1299945600,0,'',''),(47,'5',15,20,1297526400,1297526400,1297526400,0,'',''),(48,'6',15,20,1297526400,1297526400,1297526400,0,'',''),(49,'7',15,20,1297526400,1297526400,1297526400,0,'',''),(50,'9',15,20,1297526400,1297526400,1297526400,0,'',''),(51,'12',25,20,1297526400,1297526400,1297526400,0,'',''),(52,'14',15,20,1297526400,1297526400,1297526400,0,'',''),(54,'20',15,20,1297526400,1297526400,1297526400,0,'',''),(55,'21',25,20,1297526400,1297526400,1297526400,0,'',''),(56,'17',25,20,1297526400,1297526400,1297526400,0,'',''),(57,'18',15,20,1297526400,1297526400,1297526400,0,'',''),(58,'40',10,20,1297526400,1297526400,1297526400,0,'',''),(59,'22',25,20,1297526400,1297526400,1297526400,0,'',''),(60,'23',15,20,1297526400,1297526400,1297526400,0,'',''),(61,'27',25,20,1297526400,1297526400,1297526400,0,'',''),(62,'28',15,20,1297526400,1297526400,1297526400,0,'',''),(63,'29',25,20,1297526400,1297526400,1297526400,0,'',''),(65,'30',15,20,1297526400,1297526400,1297526400,0,'',''),(66,'31',25,20,1297526400,1297526400,1297526400,0,'',''),(67,'3',15,20,1295107200,1295107200,1295107200,0,'',''),(68,'4',15,20,1295107200,1295107200,1295107200,0,'',''),(69,'15',25,20,1295107200,1295107200,1295107200,0,'',''),(70,'5',15,20,1295107200,1295107200,1295107200,0,'',''),(71,'7',15,20,1295107200,1295107200,1295107200,0,'',''),(72,'9',25,20,1295107200,1295107200,1295107200,0,'',''),(73,'12',25,20,1295107200,1295107200,1295107200,0,'',''),(74,'13',10,20,1295107200,1295107200,1295107200,0,'',''),(75,'14',25,20,1295107200,1295107200,1295107200,0,'',''),(76,'16',15,20,1295107200,1295107200,1295107200,0,'',''),(77,'20',25,20,1295107200,1295107200,1295107200,0,'',''),(78,'21',25,20,1295107200,1295107200,1295107200,0,'',''),(79,'17',25,20,1295107200,1295107200,1295107200,0,'',''),(80,'18',15,20,1295107200,1295107200,1295107200,0,'',''),(81,'19',25,20,1295107200,1295107200,1295107200,0,'',''),(82,'22',25,20,1295107200,1295107200,1295107200,0,'',''),(83,'23',25,20,1295107200,1295107200,1295107200,0,'',''),(84,'25',10,20,1295107200,1295107200,1295107200,0,'',''),(85,'26',10,20,1295107200,1295107200,1295107200,0,'',''),(86,'28',25,20,1295107200,1295107200,1295107200,0,'',''),(87,'29',25,20,1295107200,1295107200,1295107200,0,'',''),(89,'30',25,20,1295107200,1295107200,1295107200,0,'',''),(90,'31',25,20,1295107200,1295107200,1295107200,0,'','');


