--
-- Host: mysql51-34.perso    Database: pietonsdata
-- ------------------------------------------------------


--
-- Table structure for table `blog`
--

CREATE TABLE `blog` (
  `id` int(10) unsigned NOT NULL AUTO_INCREMENT,
  `project_id` int(11) unsigned NOT NULL,
  `author_id` int(11) unsigned NOT NULL,
  `title` varchar(200) NOT NULL,
  `content` text NOT NULL,
  `date` datetime NOT NULL,
  PRIMARY KEY (`id`),
  KEY `project_id` (`project_id`),
  KEY `author_id` (`author_id`),
  CONSTRAINT `blog_ibfk_1` FOREIGN KEY (`project_id`) REFERENCES `projects` (`id`) ON DELETE NO ACTION ON UPDATE CASCADE,
  CONSTRAINT `blog_ibfk_2` FOREIGN KEY (`author_id`) REFERENCES `members` (`id`) ON DELETE NO ACTION ON UPDATE CASCADE
) ENGINE=InnoDB AUTO_INCREMENT=2 DEFAULT CHARSET=utf8;

--
-- Dumping data for table `blog`
--

INSERT INTO `blog` VALUES (1,6,29,'Ouverture des news','Bonjour à tous,\r\nC\'est avec joie que nous ouvrons le système de news du site!\r\nÀ partir de maintenant, toutes les personnes qui sont responsables de projet pourront poster des articles depuis leur page de projet. Les articles seront directement publiés sur leur page de projet ainsi que sur la page \"News\" (accessible depuis le menu).\r\nL\'équipe de développement du site web va encore améliorer cette section et ajouter quelques fonctionnalités.\r\nEncore une fois, si vous trouvez des bugs, des problèmes, ou si vous avez des idées sympathiques, contactez-nous!','2011-08-07 15:25:43');

--
-- Table structure for table `comments`
--

CREATE TABLE `comments` (
  `id` int(10) unsigned NOT NULL AUTO_INCREMENT,
  `article_id` int(11) unsigned NOT NULL,
  `author_id` int(11) unsigned NOT NULL,
  `content` text NOT NULL,
  `date` datetime NOT NULL,
  `in_reply_to` int(11) unsigned NOT NULL,
  PRIMARY KEY (`id`),
  KEY `article_id` (`article_id`,`author_id`,`in_reply_to`),
  KEY `author_id` (`author_id`),
  CONSTRAINT `comments_ibfk_1` FOREIGN KEY (`article_id`) REFERENCES `blog` (`id`) ON DELETE CASCADE ON UPDATE CASCADE,
  CONSTRAINT `comments_ibfk_2` FOREIGN KEY (`author_id`) REFERENCES `members` (`id`) ON DELETE CASCADE ON UPDATE CASCADE
) ENGINE=InnoDB DEFAULT CHARSET=utf8;

--
-- Dumping data for table `comments`
--


--
-- Table structure for table `events`
--

CREATE TABLE `events` (
  `id` int(10) unsigned NOT NULL AUTO_INCREMENT,
  `projets_id` int(10) unsigned NOT NULL,
  `title` varchar(100) NOT NULL,
  `description` text NOT NULL,
  `beginning` datetime NOT NULL,
  `end` datetime NOT NULL,
  `place` text NOT NULL,
  `obligatoire` tinyint(1) NOT NULL,
  `cost` float NOT NULL,
  `public` tinyint(1) NOT NULL,
  PRIMARY KEY (`id`),
  KEY `projets_id` (`projets_id`),
  CONSTRAINT `events_ibfk_1` FOREIGN KEY (`projets_id`) REFERENCES `projects` (`id`) ON DELETE CASCADE ON UPDATE CASCADE
) ENGINE=InnoDB AUTO_INCREMENT=10 DEFAULT CHARSET=utf8;

--
-- Dumping data for table `events`
--

INSERT INTO `events` VALUES (1,7,'Conception et idées','Début de brainstorming sur le projet','2011-08-24 11:00:00','2011-08-24 18:00:00','EPFL - Esplanade',0,0,0),(2,5,'Rendez-vous du samedi','Rendez-vous des membres de l\'association.\r\nProgramme à venir.','2011-09-03 14:00:00','2011-09-03 22:00:00','Espace Mont-Blanc, Lausanne',1,10,1),(3,5,'Repas','Souper délicieusement concocté par Nicole.','2011-09-03 18:30:00','2011-09-03 19:30:00','Espace Mont-Blanc, Lausanne',0,5,0),(4,5,'Rendez-vous du samedi','Rendez-vous des membres de l\'association.\r\nProgramme à venir.','2011-10-01 14:00:00','2011-10-01 22:00:00','Espace Mont-Blanc, Lausanne',1,10,1),(5,5,'Repas','Souper délicieusement concocté par Nicole.','2011-10-01 18:30:00','2011-10-01 19:30:00','Espace Mont-Blanc, Lausanne',0,5,0),(6,5,'Rendez-vous du samedi','Rendez-vous des membres de l\'association.\r\nProgramme à venir.','2011-11-19 14:00:00','2011-11-19 22:00:00','Espace Mont-Blanc, Lausanne',1,10,1),(7,5,'Repas','Souper délicieusement concocté par Nicole.','2011-11-19 18:30:00','2011-11-19 19:30:00','Espace Mont-Blanc, Lausanne',0,5,0),(9,8,'Camp d\'automne 2011','Camp de théâtre pour les 14-16 ans.\r\nAu programme: le festival de la canne de la Venoge s\'invite pour nous guider dans l\'art du cinéma et des courts-métrages.','2011-10-17 10:00:00','2011-10-23 17:00:00','Planemard, Château-d\'Oex',1,0,1);

--
-- Table structure for table `event_presence`
--

CREATE TABLE `event_presence` (
  `members_id` int(11) unsigned NOT NULL,
  `event_id` int(11) unsigned NOT NULL,
  KEY `members_id` (`members_id`),
  KEY `calendar_id` (`event_id`),
  CONSTRAINT `event_presence_ibfk_1` FOREIGN KEY (`members_id`) REFERENCES `members` (`id`) ON DELETE CASCADE ON UPDATE CASCADE,
  CONSTRAINT `event_presence_ibfk_2` FOREIGN KEY (`event_id`) REFERENCES `events` (`id`) ON DELETE CASCADE ON UPDATE CASCADE
) ENGINE=InnoDB DEFAULT CHARSET=utf8;

--
-- Dumping data for table `event_presence`
--

INSERT INTO `event_presence` VALUES (29,2),(29,3),(23,3),(23,9),(18,2),(18,3),(31,2),(31,3),(23,2),(49,2),(15,3),(44,2),(21,2),(21,3),(21,9);

--
-- Table structure for table `members`
--

CREATE TABLE `members` (
  `id` int(10) unsigned NOT NULL AUTO_INCREMENT,
  `admin` tinyint(1) NOT NULL,
  `firstname` varchar(100) NOT NULL,
  `lastname` varchar(100) NOT NULL,
  `shortname` varchar(100) NOT NULL,
  `status` int(11) NOT NULL,
  `male` tinyint(1) NOT NULL,
  `birthdate` date NOT NULL,
  `email` varchar(200) NOT NULL,
  `address` varchar(400) NOT NULL,
  `telephone` varchar(20) NOT NULL,
  `mobile` varchar(20) NOT NULL,
  `website` varchar(200) NOT NULL,
  `password` varchar(40) NOT NULL COMMENT 'SHA-1',
  `image` tinyint(1) NOT NULL,
  `date-inscription` datetime NOT NULL,
  `balance` double NOT NULL,
  `last-login` datetime NOT NULL,
  `bvrref` varchar(100) NOT NULL,
  `facebookid` varchar(255) NOT NULL,
  PRIMARY KEY (`id`),
  UNIQUE KEY `shortname` (`shortname`)
) ENGINE=InnoDB AUTO_INCREMENT=50 DEFAULT CHARSET=utf8;

--
-- Dumping data for table `members`
--

INSERT INTO `members` VALUES (1,0,'David','Angéloz','davidan',0,1,'0000-00-00','','','','','','',1,'0000-00-00 00:00:00',0,'0000-00-00 00:00:00','','the.truc'),(2,0,'Aïda','Khelifa','aidakh',3,0,'1991-05-10','a-khelifa@hotmail.com','Chemin des Allières 9, 1012 Lausanne','0216525640','0797303816','','305f0a31538beaacc5187a587baccfba6624edff',1,'2011-07-31 22:07:00',29,'2011-08-05 13:27:20','','683212371'),(3,0,'Cassandre','Lejosne','cassandrele',3,0,'1994-10-16','cassandrelejosne@gmail.com','Parc de Valency 3, 1004 Lausanne','0216470320','0788507803','','dbdf84bc13951e1a81c38d0939ff560a2bd225b1',1,'2011-06-13 17:12:25',0,'2011-08-14 14:50:58','','1526648967'),(4,0,'Clyde','Philippoz','clydeph',0,1,'0000-00-00','','','','','','',1,'0000-00-00 00:00:00',0,'0000-00-00 00:00:00','','clyde.philipps'),(5,0,'Donatienne','Amann','donatienneam',3,0,'1994-05-17','donamann@hotmail.com','Boulevard de Grancy 10, 1006 Lausanne','0216018260','0796128590','','66e37f2250d97559c2df541aae5733a666c86818',1,'2011-06-22 20:46:36',0,'2011-08-23 18:29:50','','1454653340'),(6,0,'Eleanor','Philippoz','eleanorph',0,0,'0000-00-00','','','','','','',1,'0000-00-00 00:00:00',0,'0000-00-00 00:00:00','','eleanor.philippoz'),(7,0,'Emile','Schaffner','emilesc',3,1,'1993-06-10','emile.schaffner@gmail.com','Chemin des Clos 6, 1020 Renens','0216340709','0788686897','','366746885e9f85a4096f3dd5a286822758b077c9',1,'2011-06-12 09:02:27',0,'2011-08-07 15:54:54','','emile.schaffner'),(8,0,'Frédéric','Pythoud','fredericpy',0,1,'0000-00-00','','','','','','',1,'0000-00-00 00:00:00',0,'0000-00-00 00:00:00','','100001017402371'),(9,0,'Giulia','Peroud','giuliape',0,0,'0000-00-00','','','','','','',1,'0000-00-00 00:00:00',0,'0000-00-00 00:00:00','','1029812361'),(10,0,'Géraldine','Gigon','geraldinegi',0,0,'0000-00-00','','','','','','',1,'0000-00-00 00:00:00',0,'0000-00-00 00:00:00','','rironne'),(11,0,'Jennifer','Maurer','jenniferma',3,0,'1991-07-04','aurelie_0422@hotmail.com','ch. des Eterpeys 22\r\n1010 Lausanne','021/653.64.93','079/523.24.04','','604ff080adb09358fc77a5b82ab46dbd20f695ad',1,'2011-07-29 23:32:17',30,'2011-08-09 10:07:59','','691906284'),(12,0,'Jeremy','Schellhammer','jeremysc',0,1,'0000-00-00','','','','','','',1,'0000-00-00 00:00:00',0,'0000-00-00 00:00:00','','718503108'),(13,0,'John','Polit','johnpo',0,1,'0000-00-00','','','','','','',1,'0000-00-00 00:00:00',0,'0000-00-00 00:00:00','','1621630426'),(14,0,'Kirill','Khaludrov','kirillkh',3,1,'1994-11-13','kirill.naruto@rambler.ru','Chemin de la Gravière 6,1007','0216249769','0796042127','','d3e30a77ea819beebd05fe46d2abc4454f1a57c8',1,'2011-06-20 11:04:07',0,'2011-08-23 16:35:18','','100000119510151'),(15,1,'Corentin','Perret','corentinpe',3,1,'1991-03-16','corentin-p@sunrise.ch','Case Postale 109\r\n1000 Lausanne 21','0216574757','0762339339','corentinpe','5719000e40e6ffa21e9147d41567393a2e5c7d7d',1,'2011-06-10 21:14:35',0,'2011-08-28 11:45:14','','1030395046'),(16,0,'Laura','Angeles','lauraan',3,0,'1994-04-30','nafafn@hotmail.fr','Chemin des Aubépines 12, 1004 Lausanne','0216469070','0774628274','','2a3a68d25af535aa55c02c6eeb749c83e1fa441c',1,'2011-06-16 12:07:28',0,'2011-08-25 20:20:35','','1384835828'),(17,0,'Louis','Bonard','louisbo',3,1,'1996-02-10','louisbonard@hotmail.com','Av. F-Recordon 42, 1004 Lausanne','0216247325','0799108389','','a7db85cc88ae9388366971eb3ee26150b75f27e1',1,'2011-06-12 10:43:00',0,'2011-08-27 12:08:10','','louis.bonard'),(18,1,'Luca','Bron','lucabr',3,1,'1994-01-01','lachainone@gmail.com','Rue du Simplon 3B, 1006 Lausanne','0216168559','0797566255','','59c0e98b1212b1cf5f0fa33f20240914c3d4d82f',1,'2011-06-12 19:59:40',0,'2011-08-23 17:56:18','','luca.bron'),(19,0,'Lucien','Rahm','lucienra',3,1,'1995-12-02','lucien@phillipperahm.com','Av. de morges 31, 1004 \r\nLausanne ','0216245076','0798529383','','6da9bd6c01d858a9138a6f4660eaee9f4d6f59ad',1,'2011-06-29 19:59:40',0,'2011-06-29 20:00:08','','rahmlucien'),(20,0,'Léa','Schweizer','leasc',0,0,'0000-00-00','','','','','','',1,'0000-00-00 00:00:00',0,'0000-00-00 00:00:00','','1763799601'),(21,1,'Léo','Piccirelli','piccileo',3,1,'1992-02-28','leopiccirelli@gmail.com','Route Saint-Germain 12\r\n1042 Assens','0218821222','0787515011','','6e09f794ed4ba5ee7c13e5cc0d01f88b8ccbd0fc',1,'2011-06-12 01:20:40',0,'2011-08-27 21:04:17','','636333755'),(22,0,'Marco','Hollinger','marcoho',3,1,'1994-08-10','delbicoco@hotmail.com','Chemin de Primerose 47, 1007 Lausanne','0216167281','0796741252','','419ef673e274f4f059d45206484359741a429299',1,'2011-06-16 11:28:48',0,'2011-08-05 15:48:16','','100001077699144'),(23,0,'Melissa','Privet','melissapr',3,0,'1996-09-18','ssissa@bluewin.ch','Route du Châtelard 30B, 1018 Lausanne','0213124040','0794507713','','2f7e3f3fa67217702f7e145c2723bdefd485792f',1,'2011-06-12 09:46:32',0,'2011-08-28 11:02:14','','melissa.privet'),(24,0,'Michel','Moulin','michelmo',0,1,'0000-00-00','','','','','','',1,'0000-00-00 00:00:00',0,'0000-00-00 00:00:00','','michel.moulin'),(25,1,'Nadine','Samson','nadinesa',3,0,'1983-01-23','enidan23@hotmail.com','Rue de la Tour 26, 1867 Ollon','','0793963425','','bac085ea12627b6cbf4524f31c302ab4e92c9d48',1,'2011-06-29 19:15:17',0,'2011-08-08 21:24:45','','807570911'),(26,0,'Nicole','Mages','nicolema',0,0,'0000-00-00','','','','','','',1,'0000-00-00 00:00:00',0,'0000-00-00 00:00:00','','nicole.mages'),(27,0,'Océane','Maréchal','oceanema',2,0,'1996-08-22','oceane.marechal@hotmail.com','Avenue st paul 3, 1004 Lausanne','0216243313','0774797959','','a5fdfc66043e6838db607465ba48459da211ae8d',1,'2011-06-13 15:59:35',0,'0000-00-00 00:00:00','','Oceane.Anastasia.Marechal'),(28,0,'Romaine','Favre','romainefa',3,0,'1996-11-28','romaine_1018@hotmail.com','Avenue Druey 12, 1018 Lausanne','0216486687','0787283589','','2b447feae5d59ecc88bb5c66b4e0ac2e2bff3205',1,'2011-06-11 21:56:47',0,'2011-08-23 18:02:41','','100001152673711'),(29,1,'Sacha','Bron','sachabr',3,1,'1992-04-22','sacha.bron@copperflake.com','Rue du Simplon 3B, 1006 Lausanne','0216168559','0793170266','http://www.copperflake.com','2910e479870dc033d84482939982cb71fce50979',1,'2011-06-10 23:34:09',0,'2011-08-27 16:14:38','','sacha.bron'),(30,0,'Taís','Rodrigues','taisro',0,0,'0000-00-00','','','','','','',1,'0000-00-00 00:00:00',0,'0000-00-00 00:00:00','','1590115639'),(31,1,'Victor','Hunziker','victorhu',3,1,'1992-06-24','victor.hunziker@gmail.com','Avenue de Cour 78, 1007 Lausanne','0216173239','0774173273','picasaweb.google.com/victor.hunziker','bce7648a7d474fe1d4d15b334e59e8182a44c80c',1,'2011-06-12 01:08:41',0,'2011-08-26 11:05:36','','victor.hunziker'),(37,0,'Sacha','Maffli','sachama',0,1,'0000-00-00','','','','','','',1,'0000-00-00 00:00:00',0,'0000-00-00 00:00:00','',''),(39,0,'Nathalie','Amacker','nathalieam',0,0,'0000-00-00','','','','','','',0,'0000-00-00 00:00:00',0,'0000-00-00 00:00:00','',''),(40,0,'Marc','Leroy','marcle',0,1,'0000-00-00','','','','','','',1,'0000-00-00 00:00:00',0,'0000-00-00 00:00:00','','marc.leroy'),(41,0,'Johanna','Pleinevaux','johannapl',3,0,'1996-08-29','jpleinevaux@yahoo.fr','Chemin de chandieu 17, 1006 Lausanne','0216013202','0798880662','','e9b97815d65a483bd90b51d4ee7eb304b8ddcf2a',1,'2011-07-31 17:31:55',0,'2011-08-20 13:48:40','','100002890023413'),(42,0,'Anouchka','Roman','anouchkaro',2,0,'1967-05-08','anouchka_roman@swi.salvationarmy.org','chemin du Frêne 4, 1004 Lausanne','0216468746','0797070400','','c0417a9761881fcca29229dae856c007903e5ea6',0,'2011-07-31 17:52:35',0,'0000-00-00 00:00:00','',''),(43,0,'Adam','Nanje','adamna',2,1,'1998-06-08','Adaamo-Crazyy@hotmail.com','Avenue de Gratta-Paille 18, 1018 Lausanne','0215446166','0762140010','','51a283d90ca3521dd23cca015552c9f7eeeceb11',1,'2011-08-01 22:26:44',0,'0000-00-00 00:00:00','','1245313093'),(44,0,'François','Monteverde','francoismo',3,1,'1997-01-06','francesco44@hotmail.ch','Chemin de la planche-aux-Oies 11D 1000 Lausanne 26','0217844117','0798387389','','39042a8283f9ee61766a46fa2770022694787949',1,'2011-08-03 15:44:52',0,'2011-08-24 19:17:00','','100001383392185'),(47,1,'Pascal','Francfort','pascalfr',3,1,'1968-04-30','selenites@bluewin.ch','Châlet La Forêt - CP9\r\n1862 Les Mosses','0244911645','0792929839','','5ad179e3fa83095c0fc856e8ec20f50ca627a131',0,'2011-08-04 21:20:22',0,'2011-08-15 10:47:53','',''),(48,0,'Arthur','Gassner','arthurga',2,1,'1997-07-25','artgass2112@gmail.com','Chemin du Furet 8,1018 Lausanne','0216475561','0799540769','','519e4cb184386fd55f2dadcf0d790cab6c67d597',1,'2011-08-05 12:11:45',0,'0000-00-00 00:00:00','','1029049178'),(49,0,'Thomas','Dardano','thomasda',3,1,'1997-09-17','thomasdardano@hotmail.ch','Chemin du Frêne 4\r\n1004 Lausanne','0216468746','0793707558','','c46fe71c5bea99f796954b167d654a13aa0c7ae0',1,'2011-08-10 21:47:04',0,'2011-08-23 19:57:24','','100001205185930');

--
-- Table structure for table `participants_camps`
--

CREATE TABLE `participants_camps` (
  `firstname` varchar(100) CHARACTER SET utf8 NOT NULL,
  `lastname` varchar(100) CHARACTER SET utf8 NOT NULL,
  `password` varchar(40) CHARACTER SET utf8 NOT NULL,
  `email` varchar(255) CHARACTER SET utf8 NOT NULL,
  `last_connection` datetime NOT NULL,
  `nb_connnections` int(10) NOT NULL
) ENGINE=MyISAM DEFAULT CHARSET=latin1;

--
-- Dumping data for table `participants_camps`
--

INSERT INTO `participants_camps` VALUES ('Johanna','Pleinevaux','maduqu','','0000-00-00 00:00:00',0),('Julie','Drame','julie','tennis.14@hotmail.fr','2011-08-08 10:36:34',1),('Jua','Mujynya','tynyne','','0000-00-00 00:00:00',0),('Maryline','Carbeti','utebyp','','0000-00-00 00:00:00',0),('Alexia','Papaioannon','vysaqe','gorgio@romandie.com','2011-08-08 15:05:56',9),('Joana','Correira da rocha','zydysu','','2011-08-09 18:02:33',13),('Matilda','Iacobelli','parahe','matilda@citycable.ch','2011-08-19 11:10:32',4),('Louise','Dardano','ubazyg','','0000-00-00 00:00:00',0),('Furaha','Mujynya','ubytaj','','0000-00-00 00:00:00',0),('Celia','Benoni-Tali','asuzaq','','0000-00-00 00:00:00',0),('Nikolas','Kraft de Carvalho','hyvehe','','0000-00-00 00:00:00',0),('François','Monteverde','edamap','francesco44@hotmail.ch','2011-08-07 14:58:56',19),('Leopold','Tschanz','juduhy','leo_tschanz@hotmail.fr','2011-08-21 15:19:48',6),('Arthur','Gassner','yvypag','artgass2112@gmail.com','2011-08-04 14:14:54',6),('Vladimir','Meylan','yrydaz','vlad.meylan@hotmail.com','2011-08-09 18:33:54',1),('Thomas','Dardano','bejume','thomasdardano@hotmail.ch','2011-08-04 09:12:48',2),('Aweys','Haji Fowsi','matuty','aweysfowsi@hotmail.fr','2011-08-13 18:50:07',13),('Adam','Nanje','rezada','Sadaftd@msn.com','2011-08-07 13:34:18',4),('Derry','Jaquier','ydysam','','0000-00-00 00:00:00',0);

--
-- Table structure for table `projects`
--

CREATE TABLE `projects` (
  `id` int(10) unsigned NOT NULL AUTO_INCREMENT,
  `name` varchar(200) NOT NULL,
  `description` text NOT NULL,
  `beginning` date NOT NULL,
  `end` date NOT NULL,
  `progress` int(11) NOT NULL COMMENT '0 = en projet / 1 = en cours / 2 = terminé / 3 = suspendu / 4 = abandonné',
  PRIMARY KEY (`id`)
) ENGINE=InnoDB AUTO_INCREMENT=9 DEFAULT CHARSET=utf8;

--
-- Dumping data for table `projects`
--

INSERT INTO `projects` VALUES (1,'The Feeling','Tournage d\'un clip vidéo pour le titre The Feeling du groupe Cromer.\r\n\r\nCromer est un trio de rock expérimental lausannois, formé en 2009 par les frères Schaffner, qui allie une recherche sonore instinctive avec un songwriting mêlant le traditionnel à l\'inattendu.\r\n\r\nLeur titre The Feeling est mis en image et se présente sous la forme d\'un court-métrage: on suit les pensées d\'une jeune fille qui va tenter d\'exprimer son doute profond sur l\'authenticité de sa vie à travers la peinture, une échappatoire qui va se révéler défectueuse...\r\n\r\nAinsi, ce clip tente de restituer ce type de nostalgie vaine, puissante et doucereuse.','2011-01-01','2011-08-01',1),(2,'Poursuites à travers Lausanne','Ce projet a pour but premier d\'apprendre les techniques cinématographiques de bases: le cadrage, faire en sorte qu\'une image soit équilibrée, les plongées/contre-plongées, etc.\r\nPour ce faire, nous avons décidé de créer un court-métrage laissant la possibilité a différents aspects d\'être testé: les dialogues, poursuites, plans-larges; en mettant en scène les acteurs dans une poursuite à travers Lausanne.\r\nDes membres ayant déjà fait des stages de cinéma et ayant de l’expérience sont là pour nous enseigner cet art.','2011-01-01','2011-11-01',3),(3,'Du sang sur le cou du chat','Rainer Werner Fassbinder, l\'auteur de cette pièce, est un réalisateur acteur et metteur en scène allemand né le 31 mai 1945 à Bad Wörishofen (Bavière). Il est l’un des représentants majeurs du Nouveau cinéma allemand des années 1960-1970.\r\n\r\nDu sang sur le cou du chat (Blut am Hals der Katze) a été montée en 1971 par Fassbinder et Peer Raben, à l\'Antiteater aux Städtischen Bühnen Nürnberg.\r\n\r\nNous travaillons cette pièce dans le cadre des ateliers données les dimanches des week-ends artistiques par le metteur en scène Pascal Francfort.','2011-03-01','2012-01-01',0),(4,'Dormez, je le veux!','Georges Feydeau, né à Paris le 8 décembre 1862 et mort à Rueil-Malmaison le 5 juin 1921, est un auteur dramatique français, connu pour ses très nombreux vaudevilles.\r\n\r\nDormez, je le veux! est une comédie en un acte de Feydeau, montée en 1897.\r\n\r\nNous travaillons cette pièce dans le cadre des ateliers données les dimanches des week-ends artistiques par le metteur en scène Pascal Francfort.','2011-07-01','2011-09-01',0),(5,'Week-ends','Un samedi par mois, les Piétons de la Scène se retrouvent pour faire le point sur les différents projets en cours.\r\nDe plus, des activités théâtrales ou des petites conférences sont amenées à titre pédagogique. Chacun est donc invité à créer et à partager.\r\nLe soir, un délicieux repas nous est proposé.','2011-01-01','2030-01-01',1),(6,'Les Piétons de la Scène','Projet créé pour des raison pratique (blog).','2010-10-20','2035-10-20',1),(7,'Court-métrage de Septembre','Court-métrage qui va être conçu, tourné et monté en un mois, en attendant la rentrée universitaire.\r\nLe but du projet est de mêler le court-métrage avec la performance théâtrale. Pour ce faire, les acteurs vont jouer dans des lieux totalement insolites et vont être filmé sous différents angle avec toujours un travail sur la qualité de l\'image.','2011-08-23','2011-09-20',0),(8,'Camps','Camps de théâtre au Planemard à Château-d\'Oex','2011-01-01','2035-01-01',1);

--
-- Table structure for table `project_participation`
--

CREATE TABLE `project_participation` (
  `members_id` int(11) unsigned NOT NULL,
  `project_id` int(11) unsigned NOT NULL,
  `responsable` tinyint(1) NOT NULL,
  KEY `members_id` (`members_id`),
  KEY `project_id` (`project_id`),
  CONSTRAINT `project_participation_ibfk_1` FOREIGN KEY (`members_id`) REFERENCES `members` (`id`) ON DELETE CASCADE ON UPDATE CASCADE,
  CONSTRAINT `project_participation_ibfk_2` FOREIGN KEY (`project_id`) REFERENCES `projects` (`id`) ON DELETE CASCADE ON UPDATE CASCADE
) ENGINE=InnoDB DEFAULT CHARSET=utf8;

--
-- Dumping data for table `project_participation`
--

INSERT INTO `project_participation` VALUES (3,1,1),(7,1,1),(16,1,1),(12,2,1),(18,2,1),(29,5,1),(18,5,1),(21,5,1),(25,5,1),(26,5,1),(31,5,1),(31,1,0),(23,2,0),(29,1,0),(15,1,0),(17,3,0),(17,4,0),(18,6,1),(21,6,1),(25,6,1),(29,6,1),(31,6,1),(29,7,1),(29,8,1),(15,7,0);

--
-- Table structure for table `realisations`
--

CREATE TABLE `realisations` (
  `id` int(11) NOT NULL AUTO_INCREMENT,
  `titre` text CHARACTER SET utf8 NOT NULL,
  `description` text CHARACTER SET utf8 NOT NULL,
  `short_description` text CHARACTER SET utf8 NOT NULL,
  `duree` text NOT NULL,
  `date` date NOT NULL,
  `occasion` text NOT NULL,
  `credits` text NOT NULL,
  `visible` tinyint(1) NOT NULL,
  PRIMARY KEY (`id`),
  UNIQUE KEY `id` (`id`)
) ENGINE=MyISAM AUTO_INCREMENT=13 DEFAULT CHARSET=latin1;

--
-- Dumping data for table `realisations`
--

INSERT INTO `realisations` VALUES (1,'Recto-verso','Quand XX rencontre XY, mêlant images, musique et poésie.','Quand XX rencontre XY, mêlant images, musique et poésie.','9:09','2010-10-08','Camp de théâtre d\'automne 2010','<tr>\r\n			<td>Acteurs</td>\r\n			<td>Océane, Xavier, Sonia, Johanna, Evelyne</td>\r\n		</tr>\r\n		<tr>\r\n			<td>Caméra</td>\r\n			<td>Sacha</td>\r\n		</tr>\r\n		<tr>\r\n			<td>Costumes</td>\r\n			<td>Cassandre, Laura, Emile</td>\r\n		</tr>\r\n		<tr>\r\n			<td>Texte</td>\r\n			<td>Darius</td>\r\n		</tr>\r\n		<tr>\r\n			<td>Musique</td>\r\n			<td>Emile, Sacha</td>\r\n		</tr>\r\n		<tr>\r\n			<td>Remerciements</td>\r\n			<td>A tous les participants du camp<br/>A Léo pour son soutien matériel et spirituel.<br/>A Donatienne pour la scène romantique.</td>\r\n		</tr>',1),(2,'Cornemuse des Alizées','In hac habitasse platea dictumst. Nam congue mattis bibendum. Morbi suscipit faucibus tortor, sit amet tempor neque pharetra vitae. Praesent rutrum dapibus dui, ut varius dui sollicitudin quis. Proin euismod nulla id tortor viverra non rhoncus metus viverra. Suspendisse potenti. Morbi urna nibh, tempor sed malesuada quis, convallis at est. Ut et elit sit amet nulla posuere gravida. Etiam pellentesque dapibus ligula, sit amet blandit arcu aliquam non. Vivamus sed velit eu eros dignissim imperdiet. Donec nisl sapien, varius quis sodales at, egestas sit amet lorem. Aliquam tincidunt velit eget ante facilisis lacinia pulvinar mauris placerat. Quisque condimentum luctus mauris, vel accumsan diam porta sed. Vestibulum sit amet eros tellus. ','Comment sauver un son défectueux ?<br>Mini-courts métrages.','01:30','2010-10-07','Camp de théâtre d\'automne 2010','<tr>\r\n			<td>Acteurs</td>\r\n			<td>Poneyane, Poneyvier, Poneynia, Ponehanna, Poneyvline</td>\r\n		</tr>\r\n		<tr>\r\n			<td>Caméra</td>\r\n			<td>Poneybron</td>\r\n		</tr>\r\n		<tr>\r\n			<td>Costumes</td>\r\n			<td>Poneyssandre, Poneyra, Poneymile</td>\r\n		</tr>\r\n		<tr>\r\n			<td>Texte</td>\r\n			<td>Poneyrus</td>\r\n		</tr>\r\n		<tr>\r\n			<td>Musique</td>\r\n			<td>Poneymile, Poneybron</td>\r\n		</tr>',1),(3,'Le pari','','Mini-courts métrages.','2:20','2009-08-12','Camp de théâtre août 2009','',1),(4,'Musique','','','04:01','2010-08-12','Camp d\'août 2010','',1),(5,'L\'atelier','','Mini-courts métrages.','02:01','2009-08-12','Camp de théâtre d\'août 2009','',1),(6,'07h01','','Chaque matin le réveil démarre la rengaine quotidienne...jusqu\'à quand ?','19:07','2010-10-10','Camp de théâtre d\'octobre 2010','',1),(7,'La Venoge','','','13:23','2010-10-12','Camp de théâtre d\'octobre 2010','',1),(8,'Musique','','','03:16','2009-08-12','Camp d\'août 2009','',1),(9,'Bouton','','','09:19','2010-10-01','Camp de théâtre d\'octobre 2010','',1),(10,'I\'m too sexy','','','13:28','2009-10-01','Camp de théâtre d\'octobre 2009','',1),(11,'PlastiK','','','20:41','2010-08-01','Camp de théâtre d\'août 2010.','',1),(12,'Bobébé Bobo','','','03:47','2006-08-01','Camp de théâtre d\'août 2006','',1);

--
-- Table structure for table `services`
--

CREATE TABLE `services` (
  `id` int(10) unsigned NOT NULL AUTO_INCREMENT,
  `username` varchar(100) NOT NULL,
  `service` varchar(100) NOT NULL,
  `member_id` int(11) unsigned NOT NULL,
  PRIMARY KEY (`id`),
  KEY `member_id` (`member_id`),
  CONSTRAINT `services_ibfk_1` FOREIGN KEY (`member_id`) REFERENCES `members` (`id`) ON DELETE CASCADE ON UPDATE CASCADE
) ENGINE=InnoDB DEFAULT CHARSET=utf8;

--
-- Dumping data for table `services`
--


--
-- Table structure for table `transactions`
--

CREATE TABLE `transactions` (
  `id` int(11) NOT NULL AUTO_INCREMENT,
  `reference` varchar(100) CHARACTER SET utf8 COLLATE utf8_bin NOT NULL,
  `montant` double NOT NULL,
  `type` int(11) NOT NULL,
  `date-paiement` int(11) NOT NULL,
  `date-credit` int(11) NOT NULL,
  `date-traitement` int(11) NOT NULL,
  `frais` int(11) NOT NULL,
  `donnees` varchar(150) CHARACTER SET utf8 COLLATE utf8_bin NOT NULL,
  `fileid` varchar(255) CHARACTER SET utf8 COLLATE utf8_bin NOT NULL,
  PRIMARY KEY (`id`)
) ENGINE=MyISAM DEFAULT CHARSET=utf8;

--
-- Dumping data for table `transactions`
--



