--
-- Host: mysql51-34.perso    Database: pietonsdata
-- ------------------------------------------------------


--
-- Table structure for table `blog`
--

CREATE TABLE `blog` (
  `id` int(10) unsigned NOT NULL AUTO_INCREMENT,
  `project_id` int(11) unsigned NOT NULL,
  `author_id` int(11) unsigned NOT NULL,
  `title` varchar(200) NOT NULL,
  `content` text NOT NULL,
  `date` datetime NOT NULL,
  PRIMARY KEY (`id`),
  KEY `project_id` (`project_id`),
  KEY `author_id` (`author_id`),
  CONSTRAINT `blog_ibfk_1` FOREIGN KEY (`project_id`) REFERENCES `projects` (`id`) ON DELETE NO ACTION ON UPDATE CASCADE,
  CONSTRAINT `blog_ibfk_2` FOREIGN KEY (`author_id`) REFERENCES `members` (`id`) ON DELETE NO ACTION ON UPDATE CASCADE
) ENGINE=InnoDB AUTO_INCREMENT=2 DEFAULT CHARSET=utf8;

--
-- Dumping data for table `blog`
--

INSERT INTO `blog` VALUES (1,6,29,'Ouverture des news','Bonjour à tous,\r\nC\'est avec joie que nous ouvrons le système de news du site!\r\nÀ partir de maintenant, toutes les personnes qui sont responsables de projet pourront poster des articles depuis leur page de projet. Les articles seront directement publiés sur leur page de projet ainsi que sur la page \"News\" (accessible depuis le menu).\r\nL\'équipe de développement du site web va encore améliorer cette section et ajouter quelques fonctionnalités.\r\nEncore une fois, si vous trouvez des bugs, des problèmes, ou si vous avez des idées sympathiques, contactez-nous!','2011-08-07 15:25:43');

--
-- Table structure for table `comments`
--

CREATE TABLE `comments` (
  `id` int(10) unsigned NOT NULL AUTO_INCREMENT,
  `article_id` int(11) unsigned NOT NULL,
  `author_id` int(11) unsigned NOT NULL,
  `content` text NOT NULL,
  `date` datetime NOT NULL,
  `in_reply_to` int(11) unsigned NOT NULL,
  PRIMARY KEY (`id`),
  KEY `article_id` (`article_id`,`author_id`,`in_reply_to`),
  KEY `author_id` (`author_id`),
  CONSTRAINT `comments_ibfk_1` FOREIGN KEY (`article_id`) REFERENCES `blog` (`id`) ON DELETE CASCADE ON UPDATE CASCADE,
  CONSTRAINT `comments_ibfk_2` FOREIGN KEY (`author_id`) REFERENCES `members` (`id`) ON DELETE CASCADE ON UPDATE CASCADE
) ENGINE=InnoDB DEFAULT CHARSET=utf8;

--
-- Dumping data for table `comments`
--


--
-- Table structure for table `events`
--

CREATE TABLE `events` (
  `id` int(10) unsigned NOT NULL AUTO_INCREMENT,
  `projets_id` int(10) unsigned NOT NULL,
  `title` varchar(100) NOT NULL,
  `description` text NOT NULL,
  `beginning` datetime NOT NULL,
  `end` datetime NOT NULL,
  `place` text NOT NULL,
  `obligatoire` tinyint(1) NOT NULL,
  `cost` float NOT NULL,
  `public` tinyint(1) NOT NULL,
  PRIMARY KEY (`id`),
  KEY `projets_id` (`projets_id`),
  CONSTRAINT `events_ibfk_1` FOREIGN KEY (`projets_id`) REFERENCES `projects` (`id`) ON DELETE CASCADE ON UPDATE CASCADE
) ENGINE=InnoDB AUTO_INCREMENT=11 DEFAULT CHARSET=utf8;

--
-- Dumping data for table `events`
--

INSERT INTO `events` VALUES (1,6,'Cotisation 2011','Cotisation 2011','2011-01-01 00:00:00','2011-01-01 00:00:00','',1,30,0),(2,5,'Rendez-vous du samedi','Rendez-vous des membres de l\'association.\r\n13h30: Accueil des nouveaux membres.\r\n14h00: Arrivée pour les membres qui sont déjà venus.\r\n14h15: Présentation des Projets de Victor et de Sacha/Corentin\r\n15h00: Improvisation (échauffement, impro moyen format: 15-30 min)\r\n17h00: Réunion (Retour sur le camp, Infos importantes, Retour sur le projets en cours, Projets de Pascal)\r\n18h30: Repas\r\n19h30: Soirée courts-métrages (sélectionnés avec soins par le comité).','2011-09-03 14:00:00','2011-09-03 22:00:00','Espace Mont-Blanc, Lausanne',1,10,1),(3,5,'Repas','Souper délicieusement concocté par Nicole.','2011-09-03 18:30:00','2011-09-03 19:30:00','Espace Mont-Blanc, Lausanne',0,5,0),(4,5,'Rendez-vous du samedi','Rendez-vous des membres de l\'association.\r\nProgramme à venir.','2011-10-01 14:00:00','2011-10-01 22:00:00','Espace Mont-Blanc, Lausanne',1,10,1),(5,5,'Repas','Souper délicieusement concocté par Nicole.','2011-10-01 18:30:00','2011-10-01 19:30:00','Espace Mont-Blanc, Lausanne',0,5,0),(6,5,'Rendez-vous du samedi','Rendez-vous des membres de l\'association.\r\nProgramme à venir.','2011-11-19 14:00:00','2011-11-19 22:00:00','Espace Mont-Blanc, Lausanne',1,10,1),(7,5,'Repas','Souper délicieusement concocté par Nicole.','2011-11-19 18:30:00','2011-11-19 19:30:00','Espace Mont-Blanc, Lausanne',0,5,0),(9,8,'Camp d\'automne 2011','Camp de théâtre pour les 14-16 ans.\r\nAu programme: le festival de la canne de la Venoge s\'invite pour nous guider dans l\'art du cinéma et des courts-métrages.','2011-10-17 10:00:00','2011-10-23 17:00:00','Planemard, Château-d\'Oex',1,0,1),(10,7,'Conception et idées','Début de brainstorming sur le projet','2011-08-24 11:00:00','2011-08-24 18:00:00','EPFL - Esplanade',0,0,0);

--
-- Table structure for table `event_presence`
--

CREATE TABLE `event_presence` (
  `members_id` int(11) unsigned NOT NULL,
  `event_id` int(11) unsigned NOT NULL,
  KEY `members_id` (`members_id`),
  KEY `calendar_id` (`event_id`),
  CONSTRAINT `event_presence_ibfk_1` FOREIGN KEY (`members_id`) REFERENCES `members` (`id`) ON DELETE CASCADE ON UPDATE CASCADE,
  CONSTRAINT `event_presence_ibfk_2` FOREIGN KEY (`event_id`) REFERENCES `events` (`id`) ON DELETE CASCADE ON UPDATE CASCADE
) ENGINE=InnoDB DEFAULT CHARSET=utf8;

--
-- Dumping data for table `event_presence`
--

INSERT INTO `event_presence` VALUES (23,9),(21,9),(50,1),(2,1),(3,1),(5,1),(7,1),(11,1),(12,1),(14,1),(15,1),(16,1),(17,1),(18,1),(19,1),(21,1),(22,1),(23,1),(25,1),(27,1),(28,1),(29,1),(31,1),(41,1),(42,1),(43,1),(44,1),(47,1),(48,1),(49,1),(52,3),(3,2),(3,3),(15,2),(15,3),(7,2),(7,3),(14,2),(14,3),(16,2),(16,3),(21,2),(21,3),(18,2),(18,3),(22,2),(22,3),(23,2),(23,3),(28,2),(28,3),(29,2),(29,3),(50,3),(31,2),(31,3);

--
-- Table structure for table `projects`
--

CREATE TABLE `projects` (
  `id` int(10) unsigned NOT NULL AUTO_INCREMENT,
  `name` varchar(200) NOT NULL,
  `description` text NOT NULL,
  `beginning` date NOT NULL,
  `end` date NOT NULL,
  `progress` int(11) NOT NULL COMMENT '0 = en projet / 1 = en cours / 2 = terminé / 3 = suspendu / 4 = abandonné',
  PRIMARY KEY (`id`)
) ENGINE=InnoDB AUTO_INCREMENT=9 DEFAULT CHARSET=utf8;

--
-- Dumping data for table `projects`
--

INSERT INTO `projects` VALUES (1,'The Feeling','Tournage d\'un clip vidéo pour le titre The Feeling du groupe Cromer.\r\n\r\nCromer est un trio de rock expérimental lausannois, formé en 2009 par les frères Schaffner, qui allie une recherche sonore instinctive avec un songwriting mêlant le traditionnel à l\'inattendu.\r\n\r\nLeur titre The Feeling est mis en image et se présente sous la forme d\'un court-métrage: on suit les pensées d\'une jeune fille qui va tenter d\'exprimer son doute profond sur l\'authenticité de sa vie à travers la peinture, une échappatoire qui va se révéler défectueuse...\r\n\r\nAinsi, ce clip tente de restituer ce type de nostalgie vaine, puissante et doucereuse.','2011-01-01','2011-08-01',1),(2,'Poursuites à travers Lausanne','Ce projet a pour but premier d\'apprendre les techniques cinématographiques de bases: le cadrage, faire en sorte qu\'une image soit équilibrée, les plongées/contre-plongées, etc.\r\nPour ce faire, nous avons décidé de créer un court-métrage laissant la possibilité a différents aspects d\'être testé: les dialogues, poursuites, plans-larges; en mettant en scène les acteurs dans une poursuite à travers Lausanne.\r\nDes membres ayant déjà fait des stages de cinéma et ayant de l’expérience sont là pour nous enseigner cet art.','2011-01-01','2011-11-01',3),(3,'Du sang sur le cou du chat','Rainer Werner Fassbinder, l\'auteur de cette pièce, est un réalisateur acteur et metteur en scène allemand né le 31 mai 1945 à Bad Wörishofen (Bavière). Il est l’un des représentants majeurs du Nouveau cinéma allemand des années 1960-1970.\r\n\r\nDu sang sur le cou du chat (Blut am Hals der Katze) a été montée en 1971 par Fassbinder et Peer Raben, à l\'Antiteater aux Städtischen Bühnen Nürnberg.\r\n\r\nNous travaillons cette pièce dans le cadre des ateliers données les dimanches des week-ends artistiques par le metteur en scène Pascal Francfort.','2011-03-01','2012-01-01',0),(4,'Dormez, je le veux!','Georges Feydeau, né à Paris le 8 décembre 1862 et mort à Rueil-Malmaison le 5 juin 1921, est un auteur dramatique français, connu pour ses très nombreux vaudevilles.\r\n\r\nDormez, je le veux! est une comédie en un acte de Feydeau, montée en 1897.\r\n\r\nNous travaillons cette pièce dans le cadre des ateliers données les dimanches des week-ends artistiques par le metteur en scène Pascal Francfort.','2011-07-01','2011-09-01',0),(5,'Week-ends','Un samedi par mois, les Piétons de la Scène se retrouvent pour faire le point sur les différents projets en cours.\r\nDe plus, des activités théâtrales ou des petites conférences sont amenées à titre pédagogique. Chacun est donc invité à créer et à partager.\r\nLe soir, un délicieux repas nous est proposé.','2011-01-01','2030-01-01',1),(6,'Les Piétons de la Scène','Projet créé pour des raison pratique (blog).','2010-10-20','2035-10-20',1),(7,'Du théâtre ailleurs','Court-métrage qui va être conçu, tourné et monté en un mois, en attendant la rentrée universitaire.\r\nLe but du projet est de mêler le court-métrage avec la performance théâtrale. Pour ce faire, les acteurs vont jouer dans des lieux totalement insolites et vont être filmé sous différents angle avec toujours un travail sur la qualité de l\'image.','2011-08-23','2011-09-20',0),(8,'Camps','Camps de théâtre au Planemard à Château-d\'Oex','2011-01-01','2035-01-01',1);

--
-- Table structure for table `project_participation`
--

CREATE TABLE `project_participation` (
  `members_id` int(11) unsigned NOT NULL,
  `project_id` int(11) unsigned NOT NULL,
  `responsable` tinyint(1) NOT NULL,
  KEY `members_id` (`members_id`),
  KEY `project_id` (`project_id`),
  CONSTRAINT `project_participation_ibfk_1` FOREIGN KEY (`members_id`) REFERENCES `members` (`id`) ON DELETE CASCADE ON UPDATE CASCADE,
  CONSTRAINT `project_participation_ibfk_2` FOREIGN KEY (`project_id`) REFERENCES `projects` (`id`) ON DELETE CASCADE ON UPDATE CASCADE
) ENGINE=InnoDB DEFAULT CHARSET=utf8;

--
-- Dumping data for table `project_participation`
--

INSERT INTO `project_participation` VALUES (3,1,1),(7,1,1),(16,1,1),(12,2,1),(18,2,1),(29,5,1),(18,5,1),(21,5,1),(25,5,1),(31,5,1),(31,1,0),(23,2,0),(29,1,0),(15,1,0),(17,3,0),(17,4,0),(18,6,1),(21,6,1),(25,6,1),(29,6,1),(31,6,1),(29,7,1),(29,8,1),(15,7,1);

--
-- Table structure for table `realisations`
--

CREATE TABLE `realisations` (
  `id` int(11) NOT NULL AUTO_INCREMENT,
  `titre` text CHARACTER SET utf8 NOT NULL,
  `description` text CHARACTER SET utf8 NOT NULL,
  `short_description` text CHARACTER SET utf8 NOT NULL,
  `duree` text NOT NULL,
  `date` date NOT NULL,
  `occasion` text NOT NULL,
  `credits` text NOT NULL,
  `visible` tinyint(1) NOT NULL,
  UNIQUE KEY `id` (`id`)
) ENGINE=MyISAM AUTO_INCREMENT=13 DEFAULT CHARSET=latin1;

--
-- Dumping data for table `realisations`
--

INSERT INTO `realisations` VALUES (1,'Recto-verso','Quand XX rencontre XY, mêlant images, musique et poésie.','Quand XX rencontre XY, mêlant images, musique et poésie.','9:09','2010-10-08','Camp de théâtre d\'automne 2010','<tr>\r\n			<td>Acteurs</td>\r\n			<td>Océane, Xavier, Sonia, Johanna, Evelyne</td>\r\n		</tr>\r\n		<tr>\r\n			<td>Caméra</td>\r\n			<td>Sacha</td>\r\n		</tr>\r\n		<tr>\r\n			<td>Costumes</td>\r\n			<td>Cassandre, Laura, Emile</td>\r\n		</tr>\r\n		<tr>\r\n			<td>Texte</td>\r\n			<td>Darius</td>\r\n		</tr>\r\n		<tr>\r\n			<td>Musique</td>\r\n			<td>Emile, Sacha</td>\r\n		</tr>\r\n		<tr>\r\n			<td>Montage</td>\r\n			<td>Sacha, Emile</td>\r\n		</tr>\r\n		<tr>\r\n			<td>Remerciements</td>\r\n			<td>A tous les participants du camp<br/>A Léo pour son soutien matériel et spirituel.<br/>A Donatienne pour la scène romantique.</td>\r\n		</tr>',1),(2,'Cornemuse des Alizées','In hac habitasse platea dictumst. Nam congue mattis bibendum. Morbi suscipit faucibus tortor, sit amet tempor neque pharetra vitae. Praesent rutrum dapibus dui, ut varius dui sollicitudin quis. Proin euismod nulla id tortor viverra non rhoncus metus viverra. Suspendisse potenti. Morbi urna nibh, tempor sed malesuada quis, convallis at est. Ut et elit sit amet nulla posuere gravida. Etiam pellentesque dapibus ligula, sit amet blandit arcu aliquam non. Vivamus sed velit eu eros dignissim imperdiet. Donec nisl sapien, varius quis sodales at, egestas sit amet lorem. Aliquam tincidunt velit eget ante facilisis lacinia pulvinar mauris placerat. Quisque condimentum luctus mauris, vel accumsan diam porta sed. Vestibulum sit amet eros tellus. ','Comment sauver un son défectueux ?<br>Mini-courts métrages.','01:30','2010-10-07','Camp de théâtre d\'automne 2010','<tr>\r\n			<td>Acteurs</td>\r\n			<td>Poneyane, Poneyvier, Poneynia, Ponehanna, Poneyvline</td>\r\n		</tr>\r\n		<tr>\r\n			<td>Caméra</td>\r\n			<td>Poneybron</td>\r\n		</tr>\r\n		<tr>\r\n			<td>Costumes</td>\r\n			<td>Poneyssandre, Poneyra, Poneymile</td>\r\n		</tr>\r\n		<tr>\r\n			<td>Texte</td>\r\n			<td>Poneyrus</td>\r\n		</tr>\r\n		<tr>\r\n			<td>Musique</td>\r\n			<td>Poneymile, Poneybron</td>\r\n		</tr>',1),(3,'Le pari','','Mini-courts métrages.','2:20','2009-08-12','Camp de théâtre août 2009','',1),(4,'Musique','','','04:01','2010-08-12','Camp d\'août 2010','',1),(5,'L\'atelier','','Mini-courts métrages.','02:01','2009-08-12','Camp de théâtre d\'août 2009','',1),(6,'07h01','','Chaque matin le réveil démarre la rengaine quotidienne...jusqu\'à quand ?','19:07','2010-10-10','Camp de théâtre d\'octobre 2010','',1),(7,'La Venoge','','','13:23','2010-10-12','Camp de théâtre d\'octobre 2010','',1),(8,'Musique','','','03:16','2009-08-12','Camp d\'août 2009','',1),(9,'Bouton','','','09:19','2010-10-01','Camp de théâtre d\'octobre 2010','',1),(10,'I\'m too sexy','','','13:28','2009-10-01','Camp de théâtre d\'octobre 2009','',1),(11,'PlastiK','','','20:41','2010-08-01','Camp de théâtre d\'août 2010.','',1),(12,'Bobébé Bobo','','','03:47','2006-08-01','Camp de théâtre d\'août 2006','',1);

--
-- Table structure for table `services`
--

CREATE TABLE `services` (
  `id` int(10) unsigned NOT NULL AUTO_INCREMENT,
  `username` varchar(100) NOT NULL,
  `service` varchar(100) NOT NULL,
  `member_id` int(11) unsigned NOT NULL,
  PRIMARY KEY (`id`),
  KEY `member_id` (`member_id`),
  CONSTRAINT `services_ibfk_1` FOREIGN KEY (`member_id`) REFERENCES `members` (`id`) ON DELETE CASCADE ON UPDATE CASCADE
) ENGINE=InnoDB DEFAULT CHARSET=utf8;

--
-- Dumping data for table `services`
--


--
-- Table structure for table `transactions`
--

CREATE TABLE `transactions` (
  `id` int(11) NOT NULL AUTO_INCREMENT,
  `reference` varchar(100) CHARACTER SET utf8 COLLATE utf8_bin NOT NULL,
  `montant` double NOT NULL,
  `type` int(11) NOT NULL,
  `date-paiement` int(11) NOT NULL,
  `date-credit` int(11) NOT NULL,
  `date-traitement` int(11) NOT NULL,
  `frais` int(11) NOT NULL,
  `donnees` varchar(150) CHARACTER SET utf8 COLLATE utf8_bin NOT NULL,
  `fileid` varchar(255) CHARACTER SET utf8 COLLATE utf8_bin NOT NULL,
  `comment` text NOT NULL,
  PRIMARY KEY (`id`)
) ENGINE=MyISAM AUTO_INCREMENT=25 DEFAULT CHARSET=utf8;

--
-- Dumping data for table `transactions`
--

INSERT INTO `transactions` VALUES (1,'000000000000152',10,2,1314655200,1314741600,1314655200,0,'00201080911200000000000011121000000015200000010000008  000011083011083011083100613754600000000000000                          \r\n','304394915',''),(2,'000000000000319',15,10,1315041431,1315041431,1315041431,0,'','',''),(3,'000000000000026',30,10,1315092087,1315092087,1315092087,0,'','','Cotisation 2011'),(4,'000000000000058',30,10,1315092250,1315092250,1315092250,0,'','','Cotisation 2011'),(5,'000000000000079',30,10,1315092402,1315092402,1315092402,0,'','','Cotisation 2011'),(6,'000000000000144',30,10,1315092414,1315092414,1315092414,0,'','','Cotisation 2011'),(7,'000000000000168',30,10,1315092425,1315092425,1315092425,0,'','','Cotisation 2011'),(8,'000000000000218',30,10,1315092435,1315092435,1315092435,0,'','','Cotisation 2011'),(9,'000000000000189',30,10,1315092449,1315092449,1315092449,0,'','','Cotisation 2011'),(10,'000000000000223',30,10,1315092462,1315092462,1315092462,0,'','','Cotisation 2011'),(11,'000000000000239',30,10,1315092474,1315092474,1315092474,0,'','','Cotisation 2011'),(12,'000000000000294',30,10,1315092483,1315092483,1315092483,0,'','','Cotisation 2011'),(13,'000000000000319',30,10,1315092504,1315092504,1315092504,0,'','','Cotisation 2011'),(14,'000000000000522',5,10,1315095742,1315095742,1315095742,0,'','',''),(15,'000000000000034',15,10,1315095742,1315095742,1315095742,0,'','',''),(16,'000000000000079',15,10,1315095742,1315095742,1315095742,0,'','',''),(17,'000000000000168',15,10,1315095742,1315095742,1315095742,0,'','',''),(18,'000000000000218',20,10,1315095742,1315095742,1315095742,0,'','',''),(19,'000000000000189',15,10,1315095742,1315095742,1315095742,0,'','',''),(20,'000000000000239',15,10,1315095742,1315095742,1315095742,0,'','',''),(21,'000000000000286',15,10,1315095742,1315095742,1315095742,0,'','',''),(22,'000000000000294',15,10,1315095742,1315095742,1315095742,0,'','',''),(23,'000000000000506',5,10,1315095742,1315095742,1315095742,0,'','',''),(24,'000000000000319',15,10,1315095742,1315095742,1315095742,0,'','','');


