--
-- Host: mysql51-34.perso    Database: pietonsdata
-- ------------------------------------------------------


--
-- Table structure for table `blog`
--

CREATE TABLE `blog` (
  `id` int(10) unsigned NOT NULL AUTO_INCREMENT,
  `project_id` int(11) unsigned NOT NULL,
  `author_id` int(11) unsigned NOT NULL,
  `title` varchar(200) NOT NULL,
  `content` text NOT NULL,
  `date` datetime NOT NULL,
  PRIMARY KEY (`id`),
  KEY `project_id` (`project_id`),
  KEY `author_id` (`author_id`),
  CONSTRAINT `blog_ibfk_1` FOREIGN KEY (`project_id`) REFERENCES `projects` (`id`) ON DELETE NO ACTION ON UPDATE CASCADE,
  CONSTRAINT `blog_ibfk_2` FOREIGN KEY (`author_id`) REFERENCES `members` (`id`) ON DELETE NO ACTION ON UPDATE CASCADE
) ENGINE=InnoDB AUTO_INCREMENT=6 DEFAULT CHARSET=utf8;

--
-- Dumping data for table `blog`
--

INSERT INTO `blog` VALUES (1,6,29,'Ouverture des news','Bonjour à tous,\r\nC\'est avec joie que nous ouvrons le système de news du site!\r\nÀ partir de maintenant, toutes les personnes qui sont responsables de projet pourront poster des articles depuis leur page de projet. Les articles seront directement publiés sur leur page de projet ainsi que sur la page \"News\" (accessible depuis le menu).\r\nL\'équipe de développement du site web va encore améliorer cette section et ajouter quelques fonctionnalités.\r\nEncore une fois, si vous trouvez des bugs, des problèmes, ou si vous avez des idées sympathiques, contactez-nous!','2011-08-07 15:25:43'),(2,7,29,'Montage et clôture du projet','Voilà quelques nouvelles du projet.\r\nTout d\'abord, les tournages se sont plutôt bien passé, nous avons pu expérimenter le nouvel éclairage et nous avons tourné au crépuscule sur deux soirées.\r\nSacha a déjà fait un prémontage des trois dernière scènes de l\'Ours.\r\nNous aurions dû tourner plus de plans contenant uniquement des objets du lieux, des paysages ou des bâtiments pour mieux appuyer le côté insolite du lieu. De plus, cela nous aurait éviter quelques faux-raccords flagrants.\r\nLe projet étant plutôt expérimental, nous avons choisi de le clore. Toutefois, nous prévoyons de le relancer sous une forme quelque peu différente.\r\nLe fait de faire du théâtre au milieu de certaine place est très intéressant. Nous avons quelques intéressés malgré la répétition des actions dues au côté plus cinématographique de la chose.','2011-11-21 21:13:13'),(3,2,18,'Fin du projet poursuite à Lausanne','Les participants du projet \"Poursuite à Lausanne\" ont décidé d\'abandonné le projet, car les objectifs que nous nous étions fixé (apprendre des techniques cinématographique) était suffisamment atteint à notre goût.\r\nBien sûr, un court-métrage comme résultat final aurait été préférable, mais ils nous manque trop de scènes clés sans lesquels l\'histoire n\'est pas possible. La possibilité de jouer ces dernières scènes a été envisagée, mais nous ne considérons pas notre projet assez ambitieux pour être mené à bout.\r\nToutefois, nos captures sont toujours stockées bien au chaud sur nos ordinateurs et il est possible que nous faisions quand même un montage avec voix-off explicative.','2011-11-22 21:49:39'),(4,1,7,'Avant-première // Mise en ligne The Feeling','Vendredi passé, dans une salle de l\'Ouest lausannois, a été projeté en avant-première le clip The Feeling aux membres de l\'association et aux autres invités de la soirée, qui ont profité par la même occasion d\'un concert de Cromer.\r\n\r\nLa soirée s\'est déroulée dans le plus grand ordre et avec un public agréable, au plus grand bonheur de tout le monde. Léo, Sacha, Corentin et Victor, pour ne nommer que ceux qui ont été désignés officiellement, ont respectivement filmé, capté l\'audio et pris des photos de l\'évènement, qui seront sans doute regroupées et visionnables pour votre plaisir audio-visuel dans un avenir proche.\r\n\r\nLe clip a été mis sur Youtube dans la soirée, et vous pouvez librement le visionner à l\'adresse suivante : http://www.youtube.com/watch?v=egASe8h_7XQ\r\n\r\nMerci mille fois pour votre soutien et votre participation,\r\n\r\nEmile','2011-11-27 18:54:29'),(5,12,21,'Dates des répétitions','Michel Sauser m\'a envoyé les dates des répétitons:\r\n\r\n\r\n\r\nQuatuor No1 \"Funambules\" & Une nuit, Barcelone\"\r\n\r\nIls répètent au 2.21 dès le lundi 12 décembre. On pourrait les rencontrer le samedi 17 décembre (Soirée FEUVERT) si ils bossent ce jour-là. J\'ai le numéro pour les contacter.\r\n\r\n\r\n\r\nEtat des lieux\r\n\r\nIls répètent aussi au 2.21 dès le lundi 12 décembre, et au Mont-Blanc les deux semaines avant. J\'ai aussi le numéro pour les contacter.\r\n\r\n\r\nAu travail!','2011-11-30 13:15:18');

--
-- Table structure for table `comments`
--

CREATE TABLE `comments` (
  `id` int(10) unsigned NOT NULL AUTO_INCREMENT,
  `article_id` int(11) unsigned NOT NULL,
  `author_id` int(11) unsigned NOT NULL,
  `content` text NOT NULL,
  `date` datetime NOT NULL,
  `in_reply_to` int(11) unsigned NOT NULL,
  PRIMARY KEY (`id`),
  KEY `article_id` (`article_id`,`author_id`,`in_reply_to`),
  KEY `author_id` (`author_id`),
  CONSTRAINT `comments_ibfk_1` FOREIGN KEY (`article_id`) REFERENCES `blog` (`id`) ON DELETE CASCADE ON UPDATE CASCADE,
  CONSTRAINT `comments_ibfk_2` FOREIGN KEY (`author_id`) REFERENCES `members` (`id`) ON DELETE CASCADE ON UPDATE CASCADE
) ENGINE=InnoDB AUTO_INCREMENT=2 DEFAULT CHARSET=utf8;

--
-- Dumping data for table `comments`
--


--
-- Table structure for table `events`
--

CREATE TABLE `events` (
  `id` int(10) unsigned NOT NULL AUTO_INCREMENT,
  `projets_id` int(10) unsigned NOT NULL,
  `title` varchar(100) NOT NULL,
  `description` text NOT NULL,
  `beginning` datetime NOT NULL,
  `end` datetime NOT NULL,
  `place` text NOT NULL,
  `obligatoire` tinyint(1) NOT NULL,
  `cost` float NOT NULL,
  `public` tinyint(1) NOT NULL,
  PRIMARY KEY (`id`),
  KEY `projets_id` (`projets_id`),
  CONSTRAINT `events_ibfk_1` FOREIGN KEY (`projets_id`) REFERENCES `projects` (`id`) ON DELETE CASCADE ON UPDATE CASCADE
) ENGINE=InnoDB AUTO_INCREMENT=23 DEFAULT CHARSET=utf8;

--
-- Dumping data for table `events`
--

INSERT INTO `events` VALUES (1,6,'Cotisation 2011','Cotisation 2011','2011-01-01 00:00:00','2011-01-01 00:00:00','',1,30,0),(2,5,'Rendez-vous du samedi','Rendez-vous des membres de l\'association.\r\n13h30: Accueil des nouveaux membres.\r\n14h00: Arrivée pour les membres qui sont déjà venus.\r\n14h15: Présentation des Projets de Victor et de Sacha/Corentin\r\n15h00: Improvisation (échauffement, impro moyen format: 15-30 min)\r\n17h00: Réunion (Retour sur le camp, Infos importantes, Retour sur le projets en cours, Projets de Pascal)\r\n18h30: Repas\r\n19h30: Soirée courts-métrages (sélectionnés avec soins par le comité).','2011-09-03 14:00:00','2011-09-03 22:00:00','Espace Mont-Blanc, Lausanne',1,10,1),(3,5,'Repas','Souper délicieusement concocté par Nicole.','2011-09-03 18:30:00','2011-09-03 19:30:00','Espace Mont-Blanc, Lausanne',0,5,0),(4,5,'Rendez-vous du samedi','Rendez-vous des membres de l\'association.\r\n\r\nProgramme:\r\n14h00: Rendez-vous puis impro jusqu\'au repas afin de mieux se connaitre entre les nouveaux et les plus anciens.\r\n17h00: Pascal va terminer l\'organisation du camp.\r\n18h00: Repas des membres de l\'association par Nicole.\r\n\r\nAprès le repas vers 20h00 Visionnage d\'un film amenant à une réflexion culturelle.','2011-10-01 14:00:00','2011-10-01 22:00:00','Espace Mont-Blanc, Lausanne',1,10,1),(5,5,'Repas','Souper délicieusement concocté par Nicole.','2011-10-01 18:30:00','2011-10-01 19:30:00','Espace Mont-Blanc, Lausanne',0,5,0),(6,5,'Rendez-vous du samedi','Rendez-vous des membres de l\'association.\r\nAu programme:\r\nRendez-vous 14h au Mont-blanc (si y a personne attendez 5min) pour faire de l\'impro jusqu\'à 17h00 où on rigolera.\r\nPuis, à 17h00, rendez-vous officiel où vous êtes tenus de venir pour parler de la vie associative (projet, etc...).\r\nEnsuite, vers 18h30, les piétons iront voir un chef-d’œuvre au théâtre 2.21 (dont je ne me rappelle plus du titre d\'ailleurs)!! \r\nFinalement retour au Mont-blanc pour un souper convivial, suivi de discussions à propos du 17 décembre, date de la présentation de l\'assoc. à la ville de Lausanne en une soirée court-métrage + fantaisies.','2011-11-19 14:00:00','2011-11-19 22:00:00','Espace Mont-Blanc, Lausanne',1,10,1),(7,5,'Repas','Souper délicieusement concocté par Nicole.','2011-11-19 18:30:00','2011-11-19 19:30:00','Espace Mont-Blanc, Lausanne',0,5,0),(9,8,'Camp d\'automne 2011','Camp de théâtre pour les 14-16 ans.\r\nAu programme: le festival de la canne de la Venoge s\'invite pour nous guider dans l\'art du cinéma et des courts-métrages.','2011-10-17 10:00:00','2011-10-23 17:00:00','Planemard, Château-d\'Oex',1,0,1),(10,7,'Conception et idées','Début de brainstorming sur le projet','2011-08-24 11:00:00','2011-08-24 18:00:00','EPFL - Esplanade',0,0,0),(11,7,'Discussions','Premières discussions, lecture de la pièce...','2011-09-10 14:00:00','2011-09-10 18:00:00','Lausanne',1,0,0),(12,7,'Tournage','Tournage des trois dernières scène de l\'Ours.','2011-09-13 17:30:00','2011-09-13 20:30:00','Cathédrale de Lausanne',1,0,0),(13,5,'Rendez-vous du dimanche','Feydeau','2011-10-02 14:00:00','2011-10-02 18:00:00','Espace Mont-blanc',1,10,1),(14,6,'Feu vert aux Piétons','Voir la page http://www.pietonsdelascene.ch/feuvert pour les informations au public.\r\n\r\nFormule de la soirée:\r\n\r\n1. Introduction sur l’association « les Piétons de la Scène » qui nous sommes, activités, buts, etc.\r\nPréparation et prononciation du discours: le président soutenu du comité.\r\n\r\n2. Ouverture du festival, présentation par Pascal.\r\n\r\n3. Présentation des courts-métrages par groupe. Au programme les 4 courts-métrages du camp d’octobre 2011 (environ 1h30 de projection):\r\n• L’échappée\r\n• GEN\r\n• À portée de main\r\n• Les petites choses\r\n• 7:01\r\n• Recto-Verso\r\n• The Feeling\r\n\r\nLe tout sera entrecoupé d\'interlude artistico-délirante:\r\n• Musique 1: Emile, Léopold\r\n• Sketch: Henri, Sacha M.\r\n• Musique 2: Sacha M., Sacha B., Luca et Léo\r\n• Poème et musique: Emile, Henri\r\n• Numéro de magie: Léo, Sacha\r\n• Dormez-je le veux: Johanna, Louis, Emile, Melissa, Romaine, François, Louise.\r\n\r\n(sous réserve de modification)','2011-12-17 20:00:00','2011-12-17 23:00:00','Théâtre du 2.21 - Salle 2',1,0,1),(15,1,'Vernissage de The Feeling','CROMER est heureux de présenter à l\'occasion de cette soirée :\r\n\r\n∴ Le clip \"The Feeling\" réalisé par l\'association Les Piétons de la Scène, en avant-première, avant la mise en ligne sur Youtube.\r\n\r\n∴ Un set de compositions touchantes et puissantes :D\r\n\r\n∴ Un apéro salé / sucré\r\n\r\n∴ Un plan secret (suspeeeeense !) vous sera divulgué le soir même…\r\n\r\nNotre musique en ligne : http://soundcloud.com/cromer-1/sets\r\nNotre facebook : https://www.facebook.com/cromer.music','2011-11-25 19:00:00','2011-11-25 22:00:00','Foyer de l\'église de Sévelin, av. de Tivoli 74',1,0,1),(16,11,'J\'ai un théâtre dans mon quartier','Journée portes ouvertes sur le 2.21.\r\nA l’initiative et sous la houlette de deux étudiantes en animation socio-culturelle, actuellement en stage au 2.21, le Théâtre offre une journée particulière destinée avant tout à la population du quartier du Vallon, mais naturellement ouverte à l’ensemble de son public.\r\nIl invite ainsi voisins et curieux de tous bords à franchir ses portes, leur propose de goûter et de prendre part aux multiples facettes du monde du spectacle.\r\nÀ cette occasion, il sera possible aussi bien d’assister à de courtes séquences scéniques que de participer à diverses activités, grâce à la présence interactive de professionnels des arts vivants. Leur intervention permettra de pénétrer dans les univers de la magie, du théâtre, de la musique, des coulisses et de la création d’un spectacle, tout en explorant les nombreux recoins du 2.21.\r\n\r\nL’occasion également de s’essayer à la sérigraphie, au jeu de l’écriture et de partager un moment d’échange autour d’un repas chaud.\r\n\r\nProgramme de la journée:\r\n- 13h30: Accueil\r\n- 14h00: Magie avec Pierric Tenthorey\r\n- 15h00: Visite animée du théâtre 2.21 avec des improvisateurs et Les piétons de la scène\r\n- 16h00: Préparation sous la voûte d’un repas chaud avec l’association Kabak\r\n- 17h00: Extrait d’un spectacle de la Cie Monsieur Bovary et présence interactive des artistes pour découvrir notamment la technique autour des lumières\r\n- 18h15: Petit spectacle de théâtre présenté par les élèves de l’Espace Mont-Blanc\r\n- 19h00: Concert\r\n\r\nMais il y aura aussi...\r\n- L’atelier de sérigraphie de l’Atelier obscur permettant à chacun de personnaliser un T-Shirt\r\n- Un atelier d’écriture pour ceux qui souhaitent jouer avec les mots\r\n- Une galette des rois offerte par le Centre d’Animation de la Cité durant l’après-midi\r\n- Une exposition de photographie retraçant l’histoire des anciens magasins de la Ville et du quartier du Vallon\r\n\r\n(Texte tiré de http://www.theatre221.ch)\r\n\r\nPour les membres qui veulent donner un coup de main, venez vers 11h00.','2012-01-08 13:30:00','2012-01-08 19:00:00','Théâtre du 2.21',1,0,1),(17,8,'Camp d\'été 2012','Camp artistique pour les 12-14 ans.','2012-08-05 18:00:00','2012-08-12 17:00:00','Planemard, Château-d\'Oex',1,0,1),(18,8,'Camp d\'octobre 2012','Camp artistique pour les 14-16 ans.','2012-10-14 17:00:00','2012-10-21 18:00:00','Planemard, Château-d\'Oex',1,0,1),(19,11,'Séance d\'organisation','Dégrossissement de l\'organisation de la journée du 8 janvier.\r\nRendez-vous avec Michel Sauser, Laurent Baier, Marie-Laure, Annie, et d\'autres.','2011-11-28 19:00:00','2011-11-28 22:00:00','2.21',0,0,0),(20,11,'Réunion avec Laurent Baier','Nous allons nous réunir avec les autres personnes de l\'animation pour discuter de la direction qu\'on va prendre pour animer au mieux cette journée. Le rendez-vous est à la Clef à 20h.','2011-12-05 20:00:00','2011-12-05 21:00:00','La Clef',0,0,0),(21,6,'Répétition pour Feuvert','Répétition pour la soirée Feuvert du 17 décembre.','2011-12-15 21:30:00','2011-12-15 23:55:00','Espace Mont-Blanc, Lausanne',1,0,0),(22,6,'Répétition pour Feuvert','Répétition pour la soirée Feuvert du 17 décembre.','2011-12-16 20:00:00','2011-12-16 23:55:00','Espace Mont-Blanc, Lausanne',1,0,0);

--
-- Table structure for table `event_presence`
--

CREATE TABLE `event_presence` (
  `members_id` int(11) unsigned NOT NULL,
  `event_id` int(11) unsigned NOT NULL,
  KEY `members_id` (`members_id`),
  KEY `calendar_id` (`event_id`),
  CONSTRAINT `event_presence_ibfk_1` FOREIGN KEY (`members_id`) REFERENCES `members` (`id`) ON DELETE CASCADE ON UPDATE CASCADE,
  CONSTRAINT `event_presence_ibfk_2` FOREIGN KEY (`event_id`) REFERENCES `events` (`id`) ON DELETE CASCADE ON UPDATE CASCADE
) ENGINE=InnoDB DEFAULT CHARSET=utf8;

--
-- Dumping data for table `event_presence`
--

INSERT INTO `event_presence` VALUES (23,9),(21,9),(2,1),(3,1),(5,1),(7,1),(11,1),(12,1),(14,1),(15,1),(16,1),(17,1),(18,1),(19,1),(21,1),(22,1),(23,1),(25,1),(27,1),(28,1),(29,1),(31,1),(47,1),(52,3),(3,2),(3,3),(15,2),(15,3),(7,2),(7,3),(14,2),(14,3),(16,2),(16,3),(21,2),(21,3),(18,2),(18,3),(22,2),(22,3),(23,2),(23,3),(28,2),(28,3),(29,2),(29,3),(50,3),(31,2),(31,3),(15,9),(17,9),(29,12),(31,9),(37,1),(15,4),(15,5),(15,13),(7,5),(7,13),(44,4),(44,13),(12,4),(12,5),(41,4),(41,5),(41,13),(16,5),(18,4),(18,5),(18,13),(23,4),(23,5),(23,13),(27,4),(27,5),(27,13),(28,4),(37,4),(37,5),(37,13),(31,4),(31,5),(31,13),(23,6),(23,7),(27,6),(27,7),(31,6),(31,7),(41,6),(15,6),(15,7),(21,6),(21,7),(18,6),(2,7),(2,6),(53,6),(53,7),(52,6),(52,7),(44,6),(29,7),(22,6),(28,6),(25,7),(25,6),(29,14),(7,15),(29,15),(21,15),(23,14),(21,14),(29,16),(17,14),(17,16),(23,16),(29,17),(21,16),(21,17),(21,18),(23,17),(18,16),(18,14),(18,15),(22,16),(15,14),(31,15),(31,14),(27,15),(27,16),(37,16),(5,16),(17,17),(16,16),(3,16),(47,15),(47,14),(15,15),(57,14),(41,14),(53,14),(44,14),(15,17),(29,19),(21,20),(31,17),(28,14),(28,17),(29,21),(29,22),(14,14),(17,22),(15,21),(15,22),(23,22),(47,21),(47,22),(7,22),(21,21),(21,22),(31,22),(18,22),(7,14),(25,14),(57,22);

--
-- Table structure for table `members`
--

CREATE TABLE `members` (
  `id` int(10) unsigned NOT NULL AUTO_INCREMENT,
  `admin` tinyint(1) NOT NULL,
  `firstname` varchar(100) NOT NULL,
  `lastname` varchar(100) NOT NULL,
  `shortname` varchar(100) NOT NULL,
  `status` int(11) NOT NULL,
  `male` tinyint(1) NOT NULL,
  `birthdate` date NOT NULL,
  `email` varchar(200) NOT NULL,
  `address` varchar(400) NOT NULL,
  `telephone` varchar(20) NOT NULL,
  `mobile` varchar(20) NOT NULL,
  `website` varchar(200) NOT NULL,
  `password` varchar(40) NOT NULL COMMENT 'SHA-1',
  `image` tinyint(1) NOT NULL,
  `date-inscription` datetime NOT NULL,
  `balance` double NOT NULL,
  `last-login` datetime NOT NULL,
  `bvrref` int(11) NOT NULL,
  `facebookid` varchar(255) NOT NULL,
  PRIMARY KEY (`id`),
  UNIQUE KEY `shortname` (`shortname`)
) ENGINE=InnoDB AUTO_INCREMENT=61 DEFAULT CHARSET=utf8;

--
-- Dumping data for table `members`
--

INSERT INTO `members` VALUES (1,0,'David','Angéloz','davidan',0,1,'0000-00-00','goldhawk1@hotmail.com','','','','','',1,'0000-00-00 00:00:00',0,'0000-00-00 00:00:00',11,'the.truc'),(2,0,'Aïda','Khelifa','aidakh',3,0,'1991-05-10','a-khelifa@hotmail.com','Chemin des Allières 9, 1012 Lausanne','0216525640','0797303816','','efc61c2b269b0b0d9e078a3a3fd9a0fe4392d68c',1,'2011-07-31 22:07:00',-15,'2011-11-10 08:41:02',26,'683212371'),(3,0,'Cassandre','Lejosne','cassandrele',3,0,'1994-10-16','cassandrelejosne@gmail.com','Parc de Valency 3, 1004 Lausanne','0216470320','0788507803','','dbdf84bc13951e1a81c38d0939ff560a2bd225b1',1,'2011-06-13 17:12:25',0,'2011-11-24 19:25:06',34,'1526648967'),(4,0,'Clyde','Philippoz','clydeph',0,1,'0000-00-00','mowgli@romandie.ch','','','','','',1,'0000-00-00 00:00:00',0,'0000-00-00 00:00:00',42,'clyde.philipps'),(5,0,'Donatienne','Amann','donatienneam',3,0,'1994-05-17','donamann@hotmail.com','Boulevard de Grancy 10, 1006 Lausanne','0216018260','0796128590','','66e37f2250d97559c2df541aae5733a666c86818',1,'2011-06-22 20:46:36',0,'2011-11-27 23:06:52',58,'1454653340'),(6,0,'Eleanor','Philippoz','eleanorph',0,0,'0000-00-00','love_angels96@hotmail.com','','','','','',1,'0000-00-00 00:00:00',0,'0000-00-00 00:00:00',63,'eleanor.philippoz'),(7,0,'Emile','Schaffner','emilesc',3,1,'1993-06-10','emile.schaffner@gmail.com','Chemin des Clos 6, 1020 Renens','0216340709','0788686897','','a405e394f512da24d5dc0e7e7a79596257c9a30b',1,'2011-06-12 09:02:27',0,'2011-12-16 10:02:26',79,'emile.schaffner'),(8,0,'Frédéric','Pythoud','fredericpy',0,1,'0000-00-00','pythoudf@hotmail.com','','','','','',1,'0000-00-00 00:00:00',0,'0000-00-00 00:00:00',87,'100001017402371'),(9,0,'Giulia','Peroud','giuliape',0,0,'0000-00-00','','','','','','',1,'0000-00-00 00:00:00',0,'0000-00-00 00:00:00',95,'1029812361'),(10,0,'Géraldine','Gigon','geraldinegi',0,0,'0000-00-00','ggigon1004@gmail.com','','','','','',1,'0000-00-00 00:00:00',0,'0000-00-00 00:00:00',105,'rironne'),(11,0,'Jennifer','Maurer','jenniferma',3,0,'1991-07-04','aurelie_0422@hotmail.com','ch. des Eterpeys 22\r\n1010 Lausanne','021/653.64.93','079/523.24.04','','604ff080adb09358fc77a5b82ab46dbd20f695ad',1,'2011-07-29 23:32:17',-30,'2011-08-09 10:07:59',110,'691906284'),(12,0,'Jeremy','Schellhammer','jeremysc',0,1,'0000-00-00','','','','','','',1,'0000-00-00 00:00:00',-30,'0000-00-00 00:00:00',121,'718503108'),(13,0,'John','Polit','johnpo',0,1,'0000-00-00','dark.wolf-one@hotmail.com','','','','','',1,'0000-00-00 00:00:00',0,'0000-00-00 00:00:00',136,'1621630426'),(14,0,'Kirill','Khaludrov','kirillkh',3,1,'1994-11-13','kirill.naruto@rambler.ru','Chemin de la Gravière 6,1007','0216249769','0796042127','','d3e30a77ea819beebd05fe46d2abc4454f1a57c8',1,'2011-06-20 11:04:07',-15,'2011-12-11 22:51:39',144,'100000119510151'),(15,1,'Corentin','Perret','corentinpe',3,1,'1991-03-16','corentin-p@sunrise.ch','Case Postale 109\r\n1000 Lausanne 21','0216574757','0762339339','corentinpe','5719000e40e6ffa21e9147d41567393a2e5c7d7d',1,'2011-06-10 21:14:35',0,'2011-12-25 00:07:53',152,'1030395046'),(16,0,'Laura','Angeles','lauraan',3,0,'1994-04-30','nafafn@hotmail.fr','Chemin des Aubépines 12, 1004 Lausanne','0216469070','0774628274','','2a3a68d25af535aa55c02c6eeb749c83e1fa441c',1,'2011-06-16 12:07:28',0,'2011-12-13 14:42:18',168,'1384835828'),(17,0,'Louis','Bonard','louisbo',3,1,'1996-02-10','louisbonard@hotmail.com','Av. F-Recordon 42, 1004 Lausanne','0216247325','0799108389','','a7db85cc88ae9388366971eb3ee26150b75f27e1',1,'2011-06-12 10:43:00',0,'2011-12-24 23:40:30',173,'louis.bonard'),(18,1,'Luca','Bron','lucabr',3,1,'1994-01-01','lachainone@gmail.com','Rue du Simplon 3B, 1006 Lausanne','0216168559','0797566255','','59c0e98b1212b1cf5f0fa33f20240914c3d4d82f',1,'2011-06-12 19:59:40',-10,'2011-12-14 17:45:18',189,'luca.bron'),(19,0,'Lucien','Rahm','lucienra',3,1,'1995-12-02','lucien@phillipperahm.com','Av. de morges 31, 1004 \r\nLausanne ','0216245076','0798529383','','6da9bd6c01d858a9138a6f4660eaee9f4d6f59ad',1,'2011-06-29 19:59:40',-30,'2011-06-29 20:00:08',197,'rahmlucien'),(20,0,'Léa','Schweizer','leasc',0,0,'0000-00-00','','','','','','',1,'0000-00-00 00:00:00',0,'0000-00-00 00:00:00',202,'1763799601'),(21,1,'Léo','Piccirelli','piccileo',3,1,'1992-02-28','leopiccirelli@gmail.com','Route Saint-Germain 12\r\n1042 Assens','0218821222','0787515011','http://pietonsdelascene.ch','6e09f794ed4ba5ee7c13e5cc0d01f88b8ccbd0fc',1,'2011-06-12 01:20:40',-10,'2011-12-20 16:39:22',218,'636333755'),(22,0,'Marco','Hollinger','marcoho',3,1,'1994-08-10','delbicoco@hotmail.com','Chemin de Primerose 47, 1007 Lausanne','0216167281','0796741252','','419ef673e274f4f059d45206484359741a429299',1,'2011-06-16 11:28:48',-25,'2011-11-23 17:35:21',223,'100001077699144'),(23,0,'Melissa','Privet','melissapr',3,0,'1996-09-18','ssissa@bluewin.ch','Route du Châtelard 30B, 1018 Lausanne','0213124040','0794507713','','2f7e3f3fa67217702f7e145c2723bdefd485792f',1,'2011-06-12 09:46:32',-15,'2011-12-24 09:14:51',239,'melissa.privet'),(24,0,'Michel','Moulin','michelmo',0,1,'0000-00-00','michel.moulin@bluewin.ch','','','','','',1,'0000-00-00 00:00:00',0,'0000-00-00 00:00:00',247,'michel.moulin'),(25,1,'Nadine','Samson','nadinesa',3,0,'1983-01-23','enidan23@hotmail.com','Rue de la Tour 26, 1867 Ollon','','0793963425','','bac085ea12627b6cbf4524f31c302ab4e92c9d48',1,'2011-06-29 19:15:17',-15,'2011-12-19 20:03:29',255,'807570911'),(27,0,'Océane','Maréchal','oceanema',3,0,'1996-08-22','oceane.marechal@hotmail.com','Avenue st paul 3, 1004 Lausanne','0216243313','0786852324','','a5fdfc66043e6838db607465ba48459da211ae8d',1,'2011-06-13 15:59:35',-55,'2011-12-16 17:48:41',271,'Oceane.Anastasia.Marechal'),(28,0,'Romaine','Favre','romainefa',3,0,'1996-11-28','romaine_1018@hotmail.com','Avenue Druey 12, 1018 Lausanne','0216486687','0787283589','','2b447feae5d59ecc88bb5c66b4e0ac2e2bff3205',1,'2011-06-11 21:56:47',-10,'2011-12-12 21:52:24',286,'100001152673711'),(29,1,'Sacha','Bron','sachabr',3,1,'1992-04-22','sacha.bron@copperflake.com','Rue du Simplon 3B, 1006 Lausanne','0216168559','0793170266','http://www.copperflake.com','2910e479870dc033d84482939982cb71fce50979',1,'2011-06-10 23:34:09',50,'2011-12-23 15:44:21',294,'sacha.bron'),(30,0,'Taís','Rodrigues','taisro',0,0,'0000-00-00','loliita.suicide@hotmail.com','','','','','',1,'0000-00-00 00:00:00',0,'0000-00-00 00:00:00',303,'1590115639'),(31,1,'Victor','Hunziker','victorhu',3,1,'1992-06-24','victor.hunziker@gmail.com','Avenue de Cour 78, 1007 Lausanne','0216173239','0774173273','picasaweb.google.com/victor.hunziker','bce7648a7d474fe1d4d15b334e59e8182a44c80c',1,'2011-06-12 01:08:41',-15,'2011-12-23 18:53:27',319,'victor.hunziker'),(37,0,'Sacha','Maffli','sachama',3,1,'1993-05-01','sacha.maffli@citycable.ch','ch.des fleurettes 28 bis','0215446341','-','-','6d827d846f44a4cc2e15eaae991f233f27a91326',1,'2011-10-02 19:09:20',-40,'2011-11-29 11:36:42',374,''),(39,0,'Nathalie','Amacker','nathalieam',0,0,'0000-00-00','','','','','','',0,'0000-00-00 00:00:00',0,'0000-00-00 00:00:00',398,''),(40,0,'Marc','Leroy','marcle',0,1,'0000-00-00','mleroycalatayud@gmail.com','','','','','',1,'0000-00-00 00:00:00',0,'0000-00-00 00:00:00',407,'marc.leroy'),(41,0,'Johanna','Pleinevaux','johannapl',3,0,'1996-08-29','jpleinevaux@yahoo.fr','Chemin de chandieu 17, 1006 Lausanne','0216013202','0798880662','','e9b97815d65a483bd90b51d4ee7eb304b8ddcf2a',1,'2011-07-31 17:31:55',-10,'2011-12-24 16:13:30',415,'100002890023413'),(42,0,'Anouchka','Roman','anouchkaro',2,0,'1967-05-08','anouchka_roman@swi.salvationarmy.org','chemin du Frêne 4, 1004 Lausanne','0216468746','0797070400','','c0417a9761881fcca29229dae856c007903e5ea6',0,'2011-07-31 17:52:35',0,'0000-00-00 00:00:00',420,''),(43,0,'Adam','Nanje','adamna',2,1,'1998-06-08','Adaamo-Crazyy@hotmail.com','Avenue de Gratta-Paille 18, 1018 Lausanne','0215446166','0762140010','','51a283d90ca3521dd23cca015552c9f7eeeceb11',1,'2011-08-01 22:26:44',0,'0000-00-00 00:00:00',431,'1245313093'),(44,0,'François','Monteverde','francoismo',3,1,'1997-01-06','francesco44@hotmail.ch','Chemin de la planche-aux-Oies 11D 1000 Lausanne 26','0217844117','0798387389','','39042a8283f9ee61766a46fa2770022694787949',1,'2011-08-03 15:44:52',-10,'2011-11-28 17:12:07',446,'100001383392185'),(47,1,'Pascal','Francfort','pascalfr',3,1,'1968-04-30','selenites@bluewin.ch','Châlet La Forêt - CP9\r\n1862 Les Mosses','0244911645','0792929839','','5ad179e3fa83095c0fc856e8ec20f50ca627a131',0,'2011-08-04 21:20:22',0,'2011-12-24 13:09:24',478,''),(48,0,'Arthur','Gassner','arthurga',2,1,'1997-07-25','artgass2112@gmail.com','Chemin du Furet 8,1018 Lausanne','0216475561','0799540769','','519e4cb184386fd55f2dadcf0d790cab6c67d597',1,'2011-08-05 12:11:45',0,'0000-00-00 00:00:00',483,'1029049178'),(49,0,'Thomas','Dardano','thomasda',3,1,'0000-00-00','thomasdardano@hotmail.ch','','','','','',0,'0000-00-00 00:00:00',0,'0000-00-00 00:00:00',0,''),(50,0,'Valérie','Maillard','valeriema',3,0,'1994-07-22','valerie@inecsys.ch','Chemin de la côte 7, 1032 Romanel/Lausanne','0216480401','0774149865','','fab314a467ac066cec64a2535d74eff803662565',1,'2011-08-29 00:26:39',0,'2011-12-03 02:36:28',506,'1030009253'),(51,0,'Nicole','Mages','nicolema',3,0,'1965-12-24','nicole.mages@bluewin.ch','Route de Chailly 44\r\n1814 La Tour-de-Peilz','0219441852','0795606691','http: // pietonsdelascene.ch','618caddeeeb0b0c02c15bcd1436b6173363eb052',1,'2011-08-31 17:42:06',0,'2011-09-27 19:47:51',514,'nicole.mages'),(52,0,'Laura','Schläpfer','laurasc',3,0,'1994-01-06','laura.schlapfer@gmail.com','Rte de Coppoz 5, 1052 Le Mont-sur-Lausanne','0216528915','0786261398','','0d6683111db734944d2aff9e74ec829294e9b6fd',0,'2011-09-29 15:42:11',-15,'2011-12-16 19:56:51',0,''),(53,0,'Louise','Dardano','louiseda',3,0,'1999-03-25','louisedardano@hotmail.com','ch. du frêne 4 1004 lausanne','0216468746','0792684443','','39bd0ced41e7d48ffc468fc057171e0b721c94a8',0,'2011-10-23 17:14:03',-15,'2011-12-24 18:30:46',0,''),(54,0,'Léopold','Tschanz','leopoldts',3,1,'1997-06-24','leo_tschanz@hotmail.fr','Ch.de la Grangette 78 1010 lausanne','0216530108','0797371759','','d9dbc42f5136585ae69c6ffe623ba62c9b3ab2a1',1,'2011-10-27 21:12:10',0,'0000-00-00 00:00:00',0,'100001241065265'),(57,0,'Henri','Mayer','henrima',3,1,'1991-02-05','henrimayer@hotmail.com','Route de Roman 6, 1027 Lonay','0218021915','0797551807','','9461ead30b97a6f7c7c5de4e2ff567f6fef123fd',0,'2011-11-21 13:04:04',0,'2011-12-16 22:04:17',0,''),(58,0,'Henry','Dupont','henrydu',2,1,'1984-04-04','tom75.dutoit@hotmail.fr','Chemin de l\'usine 40, 1008 Lausanne','0211031010','0791031010','','1c54c9d711c2140d86ad41e099d844abfd147b5b',0,'2011-12-03 02:28:43',0,'0000-00-00 00:00:00',0,''),(59,0,'gerald','perera','geraldpe',2,1,'1960-01-29','geraldperera@yahoo.fr','rue du tunnel5\r\n1005 Lausanne','0213110538','0788999312','','722886418fd07360a62db374cdaf71878e2f4124',0,'2011-12-15 14:52:38',0,'0000-00-00 00:00:00',0,''),(60,0,'Nicola','Piccirelli','nicolapi',3,1,'1964-08-23','nicola.piccirelli@gmail.com','Vuichardaz 11, 1030 Bussigny','0217025359','0763259025','','d516f7551ced5438db254549c5805d06626022d5',0,'2011-12-18 06:14:12',0,'2011-12-21 09:05:11',0,'');

--
-- Table structure for table `participants_camps`
--

CREATE TABLE `participants_camps` (
  `firstname` varchar(100) CHARACTER SET utf8 NOT NULL,
  `lastname` varchar(100) CHARACTER SET utf8 NOT NULL,
  `password` varchar(40) CHARACTER SET utf8 NOT NULL,
  `email` varchar(255) CHARACTER SET utf8 NOT NULL,
  `last_connection` datetime NOT NULL,
  `nb_connnections` int(10) NOT NULL
) ENGINE=MyISAM DEFAULT CHARSET=latin1;

--
-- Dumping data for table `participants_camps`
--

INSERT INTO `participants_camps` VALUES ('Johanna','Pleinevaux','maduqu','','0000-00-00 00:00:00',0),('Julie','Drame','julie','tennis.14@hotmail.fr','2011-08-08 10:36:34',1),('Jua','Mujynya','tynyne','','0000-00-00 00:00:00',0),('Maryline','Carbeti','utebyp','','0000-00-00 00:00:00',0),('Alexia','Papaioannon','vysaqe','gorgio@romandie.com','2011-08-08 15:05:56',9),('Joana','Correira da rocha','zydysu','','2011-08-09 18:02:33',13),('Matilda','Iacobelli','parahe','matilda@citycable.ch','2011-09-19 11:15:37',5),('Louise','Dardano','ubazyg','','0000-00-00 00:00:00',0),('Furaha','Mujynya','ubytaj','','0000-00-00 00:00:00',0),('Celia','Benoni-Tali','asuzaq','','0000-00-00 00:00:00',0),('Nikolas','Kraft de Carvalho','hyvehe','','0000-00-00 00:00:00',0),('François','Monteverde','edamap','francesco44@hotmail.ch','2011-09-12 16:02:33',21),('Leopold','Tschanz','juduhy','leo_tschanz@hotmail.fr','2011-08-21 15:19:48',6),('Arthur','Gassner','yvypag','artgass2112@gmail.com','2011-08-04 14:14:54',6),('Vladimir','Meylan','yrydaz','vlad.meylan@hotmail.com','2011-08-09 18:33:54',1),('Thomas','Dardano','bejume','thomasdardano@hotmail.ch','2011-08-04 09:12:48',2),('Aweys','Haji Fowsi','matuty','aweysfowsi@hotmail.fr','2011-09-21 15:16:08',14),('Adam','Nanje','rezada','Sadaftd@msn.com','2011-08-07 13:34:18',4),('Derry','Jaquier','ydysam','','0000-00-00 00:00:00',0);

--
-- Table structure for table `projects`
--

CREATE TABLE `projects` (
  `id` int(10) unsigned NOT NULL AUTO_INCREMENT,
  `name` varchar(200) NOT NULL,
  `description` text NOT NULL,
  `beginning` date NOT NULL,
  `end` date NOT NULL,
  `progress` int(11) NOT NULL COMMENT '0 = en projet / 1 = en cours / 2 = terminé / 3 = suspendu / 4 = abandonné',
  PRIMARY KEY (`id`)
) ENGINE=InnoDB AUTO_INCREMENT=13 DEFAULT CHARSET=utf8;

--
-- Dumping data for table `projects`
--

INSERT INTO `projects` VALUES (1,'The Feeling','Tournage d\'un clip vidéo pour le titre The Feeling du groupe Cromer.\r\n\r\nCromer est un trio de rock expérimental lausannois, formé en 2009 par les frères Schaffner, qui allie une recherche sonore instinctive avec un songwriting mêlant le traditionnel à l\'inattendu.\r\n\r\nLeur titre The Feeling est mis en image et se présente sous la forme d\'un court-métrage: on suit les pensées d\'une jeune fille qui va tenter d\'exprimer son doute profond sur l\'authenticité de sa vie à travers la peinture, une échappatoire qui va se révéler défectueuse...\r\n\r\nAinsi, ce clip tente de restituer ce type de nostalgie vaine, puissante et doucereuse.','2011-01-01','2011-08-01',2),(2,'Poursuites à travers Lausanne','Ce projet a pour but premier d\'apprendre les techniques cinématographiques de bases: le cadrage, faire en sorte qu\'une image soit équilibrée, les plongées/contre-plongées, etc.\r\nPour ce faire, nous avons décidé de créer un court-métrage laissant la possibilité a différents aspects d\'être testé: les dialogues, poursuites, plans-larges; en mettant en scène les acteurs dans une poursuite à travers Lausanne.\r\nDes membres ayant déjà fait des stages de cinéma et ayant de l’expérience sont là pour nous enseigner cet art.','2011-01-01','2011-11-20',4),(3,'Du sang sur le cou du chat','Rainer Werner Fassbinder, l\'auteur de cette pièce, est un réalisateur acteur et metteur en scène allemand né le 31 mai 1945 à Bad Wörishofen (Bavière). Il est l’un des représentants majeurs du Nouveau cinéma allemand des années 1960-1970.\r\n\r\nDu sang sur le cou du chat (Blut am Hals der Katze) a été montée en 1971 par Fassbinder et Peer Raben, à l\'Antiteater aux Städtischen Bühnen Nürnberg.\r\n\r\nNous travaillons cette pièce dans le cadre des ateliers données les dimanches des week-ends artistiques par le metteur en scène Pascal Francfort.','2011-03-01','2012-01-01',0),(4,'Dormez, je le veux!','Georges Feydeau, né à Paris le 8 décembre 1862 et mort à Rueil-Malmaison le 5 juin 1921, est un auteur dramatique français, connu pour ses très nombreux vaudevilles.\r\n\r\nDormez, je le veux! est une comédie en un acte de Feydeau, montée en 1897.\r\n\r\nNous travaillons cette pièce dans le cadre des ateliers données les dimanches des week-ends artistiques par le metteur en scène Pascal Francfort.','2011-07-01','2011-09-01',0),(5,'Week-ends','Un samedi par mois, les Piétons de la Scène se retrouvent pour faire le point sur les différents projets en cours.\r\nDe plus, des activités théâtrales ou des petites conférences sont amenées à titre pédagogique. Chacun est donc invité à créer et à partager.\r\nLe soir, un délicieux repas nous est proposé.','2011-01-01','2030-01-01',1),(6,'Les Piétons de la Scène','Ce projet a été créer pour tous les événements et tous les billets du blog en rapport avec l\'ensemble de l\'association.','2011-10-20','2030-10-20',1),(7,'Du théâtre ailleurs','Le but du projet est de mêler le court-métrage avec la performance théâtrale. Pour se faire, les acteurs vont jouer dans des lieux totalement insolites et vont être filmé sous différents angles avec toujours un travail sur la qualité de l\'image.\r\nLa pièce qui a été retenue est «l\'Ours» d\'Anton Tchekhov.','2011-08-23','2011-11-20',2),(8,'Camps','Camps de théâtre au Planemard à Château-d\'Oex','2011-01-01','2035-01-01',1),(9,'Atelier Photo','Le premier projet lancé dans le cadre de cet atelier photo est une BD photo, courte (max 20 images).\r\nLe but est de travailler l\'esthétique de l\'image et la lisibilité de celle-ci.\r\nLe résultat de ce premier projet sera présenté au camp d\'octobre.','2011-09-03','2011-10-14',0),(10,'Moyen métrage','L\'objectif de se projet est de réaliser un moyen métrage, le plus professionnellement possible afin de le présenter, au nom de l\'association, dans différents festivals. Nous allons constituer une équipe de scénaristes, une équipe de tournage et une équipe de montage. Nous ne sommes pas pressé, nous allons donc prendre de temps qu\'il faut pour la réalisation de ce projet. C\'est l\'occasion pour tous de connaître les conditions de travail d\'une réalisation conséquente.\r\n\r\nPour commencer, toute les personnes intéressées à l’écriture du scénario, à l\'écriture des dialogues et aux dessins du storyboard. \r\n\r\nContact: leo.piccirelli@pietonsdelascene.ch\r\n\r\nAu plaisir! Léo','2011-11-19','2013-01-01',0),(11,'J\'ai un théâtre dans mon quartier','Ce projet, lancé par le 2.21, est destiné à soutenir et à faire connaitre le théâtre auprès de son quartier.\r\nLes Piétons de la Scène ont été convié à animer les différents lieux historiques où se trouve désormais le 2.21.','2011-11-20','2012-01-08',0),(12,'Teasers pour le 2.21','Michel Sauser nous propose une autre collaboration avec le Théâtre 2.21.\r\n\r\n\r\n\r\nIl s\'agit de réaliser deux teasers vidéo d\'environs une à deux minutes pour les pièces suivantes:\r\n\r\n-Quatuor No1 \"Funambules\" & Une nuit, Barcelone\"\r\nhttp://theatre221.ch/index.php?option=com_content&view=article&id=222:macbeth-laime-du-peuple&catid=:creations-theatre\r\n\r\n-État des lieux\r\nhttp://theatre221.ch/index.php?option=com_content&view=article&id=223:macbeth-laime-du-peuple&catid=:creations-theatre\r\n\r\n\r\nPour se faire il nous faudra rencontrer les comédiens, voir et filmer les répétitions, filmer divers autres choses. Faire un beau montage, rendre tous ça à Michel le 8 janvier 2012.\r\n\r\n\r\nInscrivez-vous vite que l\'on puisse commencer à travailler. Le délai est court!\r\n\r\n\r\n\r\nPiétons, piétonnes salutation!\r\n\r\n-Léo','2011-11-30','2012-01-08',0);

--
-- Table structure for table `project_participation`
--

CREATE TABLE `project_participation` (
  `members_id` int(11) unsigned NOT NULL,
  `project_id` int(11) unsigned NOT NULL,
  `responsable` tinyint(1) NOT NULL,
  KEY `members_id` (`members_id`),
  KEY `project_id` (`project_id`),
  CONSTRAINT `project_participation_ibfk_1` FOREIGN KEY (`members_id`) REFERENCES `members` (`id`) ON DELETE CASCADE ON UPDATE CASCADE,
  CONSTRAINT `project_participation_ibfk_2` FOREIGN KEY (`project_id`) REFERENCES `projects` (`id`) ON DELETE CASCADE ON UPDATE CASCADE
) ENGINE=InnoDB DEFAULT CHARSET=utf8;

--
-- Dumping data for table `project_participation`
--

INSERT INTO `project_participation` VALUES (3,1,1),(7,1,1),(16,1,1),(12,2,1),(18,2,1),(29,5,1),(18,5,1),(21,5,1),(25,5,1),(31,5,1),(31,1,0),(23,2,0),(29,1,0),(15,1,0),(17,3,0),(17,4,0),(18,6,1),(21,6,1),(25,6,1),(29,6,1),(31,6,1),(29,7,1),(29,8,1),(15,7,1),(31,9,1),(44,4,0),(22,7,0),(17,7,0),(21,10,1),(22,10,0),(17,10,0),(15,10,0),(23,10,0),(21,4,0),(29,11,0),(21,11,1),(17,11,0),(23,11,0),(18,11,1),(22,11,0),(37,11,0),(27,11,0),(5,11,0),(16,11,0),(3,11,1),(21,12,1),(31,12,1),(18,12,0),(29,12,0),(7,11,0),(7,12,1),(17,12,0),(15,12,0),(23,12,0),(27,12,0);

--
-- Table structure for table `realisations`
--

CREATE TABLE `realisations` (
  `id` int(11) NOT NULL AUTO_INCREMENT,
  `titre` text CHARACTER SET utf8 NOT NULL,
  `description` text CHARACTER SET utf8 NOT NULL,
  `short_description` text CHARACTER SET utf8 NOT NULL,
  `duree` text NOT NULL,
  `date` date NOT NULL,
  `occasion` text NOT NULL,
  `credits` text NOT NULL,
  `visible` tinyint(1) NOT NULL,
  UNIQUE KEY `id` (`id`)
) ENGINE=MyISAM AUTO_INCREMENT=13 DEFAULT CHARSET=latin1;

--
-- Dumping data for table `realisations`
--

INSERT INTO `realisations` VALUES (1,'Recto-verso','Quand XX rencontre XY, mêlant images, musique et poésie.','Quand XX rencontre XY, mêlant images, musique et poésie.','9:09','2010-10-08','Camp de théâtre d\'automne 2010','<tr>\r\n			<td>Acteurs</td>\r\n			<td>Océane, Xavier, Sonia, Johanna, Evelyne</td>\r\n		</tr>\r\n		<tr>\r\n			<td>Caméra</td>\r\n			<td>Sacha</td>\r\n		</tr>\r\n		<tr>\r\n			<td>Costumes</td>\r\n			<td>Cassandre, Laura, Emile</td>\r\n		</tr>\r\n		<tr>\r\n			<td>Texte</td>\r\n			<td>Darius</td>\r\n		</tr>\r\n		<tr>\r\n			<td>Musique</td>\r\n			<td>Emile, Sacha</td>\r\n		</tr>\r\n		<tr>\r\n			<td>Montage</td>\r\n			<td>Sacha, Emile</td>\r\n		</tr>\r\n		<tr>\r\n			<td>Remerciements</td>\r\n			<td>A tous les participants du camp<br/>A Léo pour son soutien matériel et spirituel.<br/>A Donatienne pour la scène romantique.</td>\r\n		</tr>',1),(2,'Cornemuse des Alizées','In hac habitasse platea dictumst. Nam congue mattis bibendum. Morbi suscipit faucibus tortor, sit amet tempor neque pharetra vitae. Praesent rutrum dapibus dui, ut varius dui sollicitudin quis. Proin euismod nulla id tortor viverra non rhoncus metus viverra. Suspendisse potenti. Morbi urna nibh, tempor sed malesuada quis, convallis at est. Ut et elit sit amet nulla posuere gravida. Etiam pellentesque dapibus ligula, sit amet blandit arcu aliquam non. Vivamus sed velit eu eros dignissim imperdiet. Donec nisl sapien, varius quis sodales at, egestas sit amet lorem. Aliquam tincidunt velit eget ante facilisis lacinia pulvinar mauris placerat. Quisque condimentum luctus mauris, vel accumsan diam porta sed. Vestibulum sit amet eros tellus. ','Comment sauver un son défectueux ?\r\nMini-courts métrages.','01:30','2010-10-07','Camp de théâtre d\'automne 2010','<tr>\r\n			<td>Acteurs</td>\r\n			<td>Poneyane, Poneyvier, Poneynia, Ponehanna, Poneyvline</td>\r\n		</tr>\r\n		<tr>\r\n			<td>Caméra</td>\r\n			<td>Poneybron</td>\r\n		</tr>\r\n		<tr>\r\n			<td>Costumes</td>\r\n			<td>Poneyssandre, Poneyra, Poneymile</td>\r\n		</tr>\r\n		<tr>\r\n			<td>Texte</td>\r\n			<td>Poneyrus</td>\r\n		</tr>\r\n		<tr>\r\n			<td>Musique</td>\r\n			<td>Poneymile, Poneybron</td>\r\n		</tr>',1),(3,'Le pari','','Mini-courts métrages.','2:20','2009-08-12','Camp de théâtre août 2009','',1),(4,'Musique','','','04:01','2010-08-12','Camp d\'août 2010','',1),(5,'L\'atelier','','Mini-courts métrages.','02:01','2009-08-12','Camp de théâtre d\'août 2009','',1),(6,'07h01','','Chaque matin le réveil démarre la rengaine quotidienne...jusqu\'à quand ?','19:07','2010-10-10','Camp de théâtre d\'octobre 2010','',1),(7,'La Venoge','','','13:23','2010-10-12','Camp de théâtre d\'octobre 2010','',1),(8,'Musique','','','03:16','2009-08-12','Camp d\'août 2009','',1),(9,'Bouton','','','09:19','2010-10-01','Camp de théâtre d\'octobre 2010','',1),(10,'I\'m too sexy','','','13:28','2009-10-01','Camp de théâtre d\'octobre 2009','',1),(11,'PlastiK','','','20:41','2010-08-01','Camp de théâtre d\'août 2010.','',1),(12,'Bobébé Bobo','','','03:47','2006-08-01','Camp de théâtre d\'août 2006','',1);

--
-- Table structure for table `services`
--

CREATE TABLE `services` (
  `id` int(10) unsigned NOT NULL AUTO_INCREMENT,
  `username` varchar(100) NOT NULL,
  `service` varchar(100) NOT NULL,
  `member_id` int(11) unsigned NOT NULL,
  PRIMARY KEY (`id`),
  KEY `member_id` (`member_id`),
  CONSTRAINT `services_ibfk_1` FOREIGN KEY (`member_id`) REFERENCES `members` (`id`) ON DELETE CASCADE ON UPDATE CASCADE
) ENGINE=InnoDB DEFAULT CHARSET=utf8;

--
-- Dumping data for table `services`
--


--
-- Table structure for table `transactions`
--

CREATE TABLE `transactions` (
  `id` int(11) NOT NULL AUTO_INCREMENT,
  `reference` int(11) NOT NULL,
  `montant` double NOT NULL,
  `type` int(11) NOT NULL,
  `date-paiement` int(11) NOT NULL,
  `date-credit` int(11) NOT NULL,
  `date-traitement` int(11) NOT NULL,
  `frais` int(11) NOT NULL,
  `donnees` varchar(150) CHARACTER SET utf8 COLLATE utf8_bin NOT NULL,
  `fileid` varchar(255) CHARACTER SET utf8 COLLATE utf8_bin NOT NULL,
  `comment` text NOT NULL,
  PRIMARY KEY (`id`)
) ENGINE=MyISAM AUTO_INCREMENT=45 DEFAULT CHARSET=utf8;

--
-- Dumping data for table `transactions`
--

INSERT INTO `transactions` VALUES (1,152,10,2,1314655200,1314741600,1314655200,0,'00201080911200000000000011121000000015200000010000008  000011083011083011083100613754600000000000000                          \r\n','304394915',''),(26,34,30,10,1318154878,1318154878,1318154878,0,'','','Cotisation 2011'),(3,26,30,10,1315092087,1315092087,1315092087,0,'','','Cotisation 2011'),(4,58,30,10,1315092250,1315092250,1315092250,0,'','','Cotisation 2011'),(5,79,30,10,1315092402,1315092402,1315092402,0,'','','Cotisation 2011'),(6,144,30,10,1315092414,1315092414,1315092414,0,'','','Cotisation 2011'),(7,168,30,10,1315092425,1315092425,1315092425,0,'','','Cotisation 2011'),(8,218,30,10,1315092435,1315092435,1315092435,0,'','','Cotisation 2011'),(9,189,30,10,1315092449,1315092449,1315092449,0,'','','Cotisation 2011'),(10,223,30,10,1315092462,1315092462,1315092462,0,'','','Cotisation 2011'),(11,239,30,10,1315092474,1315092474,1315092474,0,'','','Cotisation 2011'),(12,294,30,10,1315092483,1315092483,1315092483,0,'','','Cotisation 2011'),(13,319,30,10,1315092504,1315092504,1315092504,0,'','','Cotisation 2011'),(14,522,5,10,1315095742,1315095742,1315095742,0,'','',''),(15,34,15,10,1315095742,1315095742,1315095742,0,'','',''),(16,79,15,10,1315095742,1315095742,1315095742,0,'','',''),(17,168,15,10,1315095742,1315095742,1315095742,0,'','',''),(18,218,20,10,1315095742,1315095742,1315095742,0,'','',''),(19,189,15,10,1315095742,1315095742,1315095742,0,'','',''),(20,239,15,10,1315095742,1315095742,1315095742,0,'','',''),(21,286,15,10,1315095742,1315095742,1315095742,0,'','',''),(22,294,15,10,1315095742,1315095742,1315095742,0,'','',''),(23,506,5,10,1315095742,1315095742,1315095742,0,'','',''),(24,319,15,10,1315095742,1315095742,1315095742,0,'','',''),(25,152,35,2,1315173600,1315260000,1315173600,0,'00201080911200000000000000000000000015200000035000008  000011090511090511090600758484900000000000000                          \r\n','b7dc95f449f88334706d5df893656f6effd584ae',''),(27,173,30,10,1318155319,1318155319,1318155319,0,'','','Cotisation 2011'),(28,255,30,10,1318155427,1318155427,1318155427,0,'','','Cotisation 2011'),(29,478,30,10,1318155446,1318155446,1318155446,0,'','','Cotisation 2011'),(30,286,30,10,1318155472,1318155472,1318155472,0,'','','Cotisation 2011'),(31,152,25,2,1318197600,1318284000,1318197600,0,'00201080911200000000000000000000000015200000025000008  000011101011101011101100593516900000000000000                          \r\n','6f91abe0a09d6a03ff0fef08489cc14c2e393af4',''),(32,79,15,10,1318666730,1318666730,1318666730,0,'','',''),(33,446,20,10,1318666730,1318666730,1318666730,0,'','',''),(34,121,15,10,1318666730,1318666730,1318666730,0,'','',''),(35,415,25,10,1318666730,1318666730,1318666730,0,'','',''),(36,168,5,10,1318666730,1318666730,1318666730,0,'','',''),(37,189,25,10,1318666731,1318666731,1318666731,0,'','',''),(38,239,25,10,1318666731,1318666731,1318666731,0,'','',''),(39,271,15,10,1318666731,1318666731,1318666731,0,'','',''),(40,286,10,10,1318666731,1318666731,1318666731,0,'','',''),(41,374,15,10,1318666731,1318666731,1318666731,0,'','',''),(42,319,25,10,1318666731,1318666731,1318666731,0,'','',''),(43,294,55,2,1323644400,1323730800,1323644400,0,'00201080911200000000000000000000000029400000055000040  040011121211121211121300922000200000000000000                          \r\n','3d25bc0f783e117fb45ad23d3d653054f5038de9',''),(44,152,15,2,1322434800,1322521200,1322434800,0,'00201080911200000000000000000000000015200000015000008  000011112811112811112900743962200000000000000                          \r\n','40bb10fef598ff7d736157e8b4280c30cfb1437f','');


