--
-- Host: mysql51-34.perso    Database: pietonsdata
-- ------------------------------------------------------


--
-- Table structure for table `blog`
--

CREATE TABLE `blog` (
  `id` int(10) unsigned NOT NULL AUTO_INCREMENT,
  `project_id` int(11) unsigned NOT NULL,
  `author_id` int(11) unsigned NOT NULL,
  `title` varchar(200) NOT NULL,
  `content` text NOT NULL,
  `date` datetime NOT NULL,
  PRIMARY KEY (`id`),
  KEY `project_id` (`project_id`),
  KEY `author_id` (`author_id`),
  CONSTRAINT `blog_ibfk_1` FOREIGN KEY (`project_id`) REFERENCES `projects` (`id`) ON DELETE NO ACTION ON UPDATE CASCADE,
  CONSTRAINT `blog_ibfk_2` FOREIGN KEY (`author_id`) REFERENCES `members` (`id`) ON DELETE NO ACTION ON UPDATE CASCADE
) ENGINE=InnoDB AUTO_INCREMENT=17 DEFAULT CHARSET=utf8;

--
-- Dumping data for table `blog`
--

INSERT INTO `blog` VALUES (1,6,29,'Ouverture des news','Bonjour à tous,\r\nC\'est avec joie que nous ouvrons le système de news du site!\r\nÀ partir de maintenant, toutes les personnes qui sont responsables de projet pourront poster des articles depuis leur page de projet. Les articles seront directement publiés sur leur page de projet ainsi que sur la page \"News\" (accessible depuis le menu).\r\nL\'équipe de développement du site web va encore améliorer cette section et ajouter quelques fonctionnalités.\r\nEncore une fois, si vous trouvez des bugs, des problèmes, ou si vous avez des idées sympathiques, contactez-nous!','2011-08-07 15:25:43'),(2,7,29,'Montage et clôture du projet','Voilà quelques nouvelles du projet.\r\nTout d\'abord, les tournages se sont plutôt bien passé, nous avons pu expérimenter le nouvel éclairage et nous avons tourné au crépuscule sur deux soirées.\r\nSacha a déjà fait un prémontage des trois dernière scènes de l\'Ours.\r\nNous aurions dû tourner plus de plans contenant uniquement des objets du lieux, des paysages ou des bâtiments pour mieux appuyer le côté insolite du lieu. De plus, cela nous aurait éviter quelques faux-raccords flagrants.\r\nLe projet étant plutôt expérimental, nous avons choisi de le clore. Toutefois, nous prévoyons de le relancer sous une forme quelque peu différente.\r\nLe fait de faire du théâtre au milieu de certaine place est très intéressant. Nous avons quelques intéressés malgré la répétition des actions dues au côté plus cinématographique de la chose.','2011-11-21 21:13:13'),(3,2,18,'Fin du projet poursuite à Lausanne','Les participants du projet \"Poursuite à Lausanne\" ont décidé d\'abandonné le projet, car les objectifs que nous nous étions fixé (apprendre des techniques cinématographique) était suffisamment atteint à notre goût.\r\nBien sûr, un court-métrage comme résultat final aurait été préférable, mais ils nous manque trop de scènes clés sans lesquels l\'histoire n\'est pas possible. La possibilité de jouer ces dernières scènes a été envisagée, mais nous ne considérons pas notre projet assez ambitieux pour être mené à bout.\r\nToutefois, nos captures sont toujours stockées bien au chaud sur nos ordinateurs et il est possible que nous faisions quand même un montage avec voix-off explicative.','2011-11-22 21:49:39'),(4,1,7,'Avant-première // Mise en ligne The Feeling','Vendredi passé, dans une salle de l\'Ouest lausannois, a été projeté en avant-première le clip The Feeling aux membres de l\'association et aux autres invités de la soirée, qui ont profité par la même occasion d\'un concert de Cromer.\r\n\r\nLa soirée s\'est déroulée dans le plus grand ordre et avec un public agréable, au plus grand bonheur de tout le monde. Léo, Sacha, Corentin et Victor, pour ne nommer que ceux qui ont été désignés officiellement, ont respectivement filmé, capté l\'audio et pris des photos de l\'évènement, qui seront sans doute regroupées et visionnables pour votre plaisir audio-visuel dans un avenir proche.\r\n\r\nLe clip a été mis sur Youtube dans la soirée, et vous pouvez librement le visionner à l\'adresse suivante : http://www.youtube.com/watch?v=egASe8h_7XQ\r\n\r\nMerci mille fois pour votre soutien et votre participation,\r\n\r\nEmile','2011-11-27 18:54:29'),(6,11,18,'Journée portes ouvertes du théâtre 2.21','La journée intitulée \"J\'ai un théâtre dans mon quartier\" était une journée événement organisée par le théâtre 2.21 afin de permettre aux habitants du quartier et d\'une manière plus générale de Lausanne de découvrir les coulisses du théâtre.\r\n\r\nLes Piétons de la scène ont été chargé de proposer une visite guidée aux visiteurs en revenant sur les différentes activités qui se déroulaient dans les bâtiments du théâtre un siècle plus tôt. C\'est donc en forgeron, inspecteur de police et poudrier que les participants à cette activité ont joué des scènes de la vie ( pas si) quotidiennes guidés par deux comédiens professionnels qui dirigeaient la visite.\r\n\r\nLes retours sur notre prestation ont été très positif. Les organisateurs ainsi que le public composé de famille et de riverains nous ont félicité pour notre travail et notre énergie.\r\n\r\nRetour de la journée sur le site 24heures.ch \r\nhttp://www.24heures.ch/vaud-regions/lausanne-region/Le-Thetre-221-renoue-avec-le-quartier-du-Vallon/story/28242972','2012-01-09 17:49:44'),(7,6,18,'Assemblée générale','L\'assemblée générale des piétons de la scène a été agendée au 17 mars à 14h00.','2012-02-14 17:23:47'),(8,6,29,'Le Collectif Division passe à la télé','La troupe de théâtre pour laquelle nous avions déjà fait un teaser (bande-annonce) visible sur la page \"Réalisations\": http://pietonsdelascene.ch/realisations/ , continue sa tournée. En effet, après son passage au théâtre du 2.21, elle s\'attaque au public valaisan, à Sion.\r\n\r\nEt comme Canal9 a interviewé le Collectif Division, la chaîne de télévision régionale en a profité pour diffuser des images de notre captation.\r\n\r\nPour les voir, cliquez sur ce lien, puis sur \"La culture\"\r\nhttp://www.canal9.ch/television-valaisanne/emissions/led/28-02-2012/l-e-d-du-mardi-28-fevrier.html','2012-02-29 20:00:54'),(9,6,21,'Compte rendu de la séance avec Tanguy Ausloos du 2 mars 2012','Nous avons présenté le dossier, préparé auparavant par le comité, au délégué de la jeunesse, Tanguy Ausloos.\r\n\r\nLe but de ce dossier est la demande officiel d\'un lieu.\r\n\r\nAprès un entretient convivial d\'une demi-heure, il en est sorti que la ville de Lausanne n\'a pas les moyens de nous fournir un lieu réservé exclusivement aux Piétons de la Scène, mais peut nous mettre à disposition un lieu de stockage de matérielle et/ou un lieu de répétition.\r\n\r\nEn revanche, le \"fond de soutient à des projets d\'adolescents et de jeunes adultes\" nous incite à demander de l\'argent car eux-même cherche à soutenir des projets. C\'est pourquoi le comité va formuler les demandes requises et visiter les lieux proposés par Tanguy Ausloos. \r\n\r\nPour l\'instant, nous pensons adopter les locaux de stockage situé à la Borde (après une petite visite pour y jeter un coup d\'oeil) et demander à la ville de Lausanne d\'amortir les frais de l\'espace Mont-Blanc.\r\n\r\nTanguy Ausloos est tout à fait de notre côté car notre projet est solide et qu\'il rentre parfaitement dans les conditions de financement (à savoir un projet conduit par des jeunes lausannois de moins de 25 ans). De plus, il est influant sur le plan municipal comme sur le plan cantonal, ce qui est un avantage pour obtenir de l\'aide.\r\n\r\nNotre objectif pour le futur est de trouver des fonds privés assez conséquent pour pouvoir louer, mensuellement, un local adéquat.\r\n\r\n\r\nSi vous désirez visionner le dossier, demandez à Léo : leo.piccirelli@pietonsdelascene.ch, il vous le transmettra par mail.\r\n\r\nÀ bonne entendeur, Salut!','2012-03-04 21:07:27'),(10,6,29,'Vidéo de présentation : Space Apps Challenge - Fragile Oasis','Il y a 2 semaines, la Nasa a organisé un week-end international de programmation. Le but de ce week-end était de rencontrer des gens, former des équipes, choisir un problème complexe en rapport avec l\'espace ou la Terre, puis de ce lancer par groupe dans la résolution de ces challenges.\r\nParmi les 2\'000 participants  travers le monde, Sacha Bron (notre président) et ses co-équipiers (Frederic Jacobs et Michele Catasta) ont gagné le concours à Lausanne, devenant alors finaliste mondial.\r\n\r\nQuel rapport avec Les Piétons de la Scène, me direz-vous.\r\nEt bien une fois finaliste, le jury international a demandé à chaque équipe de créer une vidéo de 2 minutes présentant ladite équipe ainsi que ledit projet. C\'est alors que Les Piétons de la Scène interviennent matériellement et humainement.\r\nUn de nos membre (Léo Piccirelli), s\'est proposé pour venir filmer et monter la vidéo.\r\nCette vidéo va être partagée à travers le monde afin d\'obtenir un maximum de voix soutenant ce beau projet humanitaire.\r\n\r\nVisionnez la vidéo et soutenez le projet: (à venir le 7 mai)','2012-05-06 17:01:01'),(11,6,21,'Romradio','Les Piétons de la Scène, sont invités par Romradio, pour présenter leur association. C\'est une webradio, gratuite destinée à la Suisse romande, gérée par une équipe de passionnés bénévoles. Ils passeront le mercredi 16 mai 2012 à partir de 20h, dans l’émission, \"Comment ça!\".\r\n\r\nC\'est, Sacha Bron, Victor Hunziker et Léo Piccirelli qui seront à l\'antenne. Soyez nombreux à nous écouter!\r\n\r\n\r\n\r\nLe site : http://www.romradio.ch/\r\n\r\n\r\nÉcouter la webradio : http://romradio.ch/rom/pages/easyplayer/easyplayer.php\r\n','2012-05-15 08:52:10'),(12,4,21,'Feydeau à L\'EMS de Béthanie','Comme vous le savez peut-être, aujourd\'hui a eu lieu la représentation de la pièce, Dormez, je le veux!, de Georges Ffeydeau. Elle a eu lieu à 15h à l\'EMS de Béthanie. Les organisateurs ont été très satisfaits de la représentation et de son organisation. Quelques membres sont venus assister à la pièce. Expérience à renouveler dans d\'autres Établissements médicaux-sociaux! \r\n\r\n\r\nUn grand remerciement encore à Jean-Jacques Privet pour sa proposition et sa grande aide. Ainsi qu\'à toute l\'équipe!','2012-05-26 19:34:52'),(13,6,18,'Assemblée générale','L\'assemblée générale des piétons de la scène aura lieu le 16 mars 2013 à 14h à l\'espace Mont-Blanc.\r\nVenez nombreux!','2013-03-10 13:45:52'),(14,6,18,'Assemblée générale','Le 16 mars dernier s\'est déroulée l\'assemblé générale des piétons de la scène. Aucune prise de décision renversante n\'est à noter mis à part le renouvellement du comité.\r\nC\'est ainsi que: Luca est devenu trésorier à la place de Victor qui a quitté le comité.\r\nCorentin à pris le poste de secrétaire de Luca.\r\nEmile est devenu communicateur à la place de Corentin.\r\nMelissa est devenue suppléante à la place de Léo qui a quitté ce poste. \r\nSacha est resté notre bien aimé président.\r\n\r\nA l\'année prochaine pour de nouvelles infos à ce sujet!\r\n','2013-03-18 17:58:48'),(15,6,29,'Les Piétons du Lac','Chers Piétons,\r\n\r\nLe comité des Piétons de la Scène est heureux de vous annoncer qu’il vient de faire l\'acquisition d’un voilier!\r\n\r\nMême si cette chose peut sembler un petit peu étrange pour une association socio-culturelle, elle est tout à fait justifiée.\r\n\r\nEn effet, Gilles Coissac, le graphiste du 2.21 a acheté un nouveau bateau de plaisance et cherchait une solution pour se débarrasser de son ancien (qui navigue encore très bien). C’est alors que Michel nous a contacté pour nous le vendre. Chose qu’on a accepté vu qu’il ne coûtait que 7’200.- CHF (le prix à neuf étant de 36’000.- CHF)!\r\n\r\nJe sais pas si vous vous rendez bien compte mais pour un bateau de cette taille (3 places en cabines) c’est un prix imbattable! On a donc sauté sur l’occasion et on l’a acheté. Nous avons aussi résérvé une place au port de Vidy qui nous coûtera un peu, mais cela reste gérable. En attendant, le bateau repose sous l’arche du 2.21.\r\n\r\nBien sûr, le coût dudit bateau a été ajouté à la demande de fond ainsi qu’au nouveau budget 2013.\r\nReste à savoir ce qu’on fera avec ce bateau, chose que l’on discutera lors des prochains week-ends artistiques.\r\n\r\nJ’espère que vous avez sauté de joie à cette nouvelle autant que nous!\r\n\r\nÀ bientôt,\r\nLe comité des Piétons du Lac\r\n\r\nPhotos du bateau:\r\nhttp://pietonsdelascene.ch/data/001-bateau\r\nhttp://pietonsdelascene.ch/data/002-bateau\r\nhttp://pietonsdelascene.ch/data/003-bateau\r\n\r\nEdit: Il s\'agissait d\'un poisson d\'avril. Le bateau avait été utilisé pour le festival de la Cité il y a quelques années.\r\nhttp://theatre221.ch/images-sons/album-voir?album=le-bateau','2013-04-01 21:28:41'),(16,20,23,'Droit dans le mur!','Les 18 et 19 mai a eu lieu le spectacle \"Droit dans le mur!\" au \"Théâtre du Vide-poche\" à Lausanne. \r\n\r\nSketchs, art conceptuel, musique, séries de photographies et dessin sur sable: une diversité artistique caractéristique de notre association. Tout s\'est très bien déroulé, la salle fut (à peu de places près) complète lors des deux représentations.\r\n\r\nNous remercions de tout coeur le public présent à notre spectacle, famille, amis ou simples curieux!\r\nNous remercions également le \"Théâtre du Vide-poche\" de nous avoir permis de nous y produire!\r\n\r\nIl ne nous reste plus qu\'à faire germer de nouvelles idées pour un futur spectacle...\r\n\r\n\r\n','2013-06-23 19:46:55');

--
-- Table structure for table `comments`
--

CREATE TABLE `comments` (
  `id` int(10) unsigned NOT NULL AUTO_INCREMENT,
  `article_id` int(11) unsigned NOT NULL,
  `author_id` int(11) unsigned NOT NULL,
  `content` text NOT NULL,
  `date` datetime NOT NULL,
  `in_reply_to` int(11) unsigned NOT NULL,
  PRIMARY KEY (`id`),
  KEY `article_id` (`article_id`,`author_id`,`in_reply_to`),
  KEY `author_id` (`author_id`),
  CONSTRAINT `comments_ibfk_1` FOREIGN KEY (`article_id`) REFERENCES `blog` (`id`) ON DELETE CASCADE ON UPDATE CASCADE,
  CONSTRAINT `comments_ibfk_2` FOREIGN KEY (`author_id`) REFERENCES `members` (`id`) ON DELETE CASCADE ON UPDATE CASCADE
) ENGINE=InnoDB AUTO_INCREMENT=12 DEFAULT CHARSET=utf8;

--
-- Dumping data for table `comments`
--

INSERT INTO `comments` VALUES (2,6,29,'J\'ajouterai un grand merci et un grand bravo à Annie et Marie-Laure pour leur organisation et leur motivation!','2012-01-11 01:44:23',0),(4,12,23,'Et un grand merci aux familles, amis et autres qui sont venus y assister! ','2012-05-27 18:53:48',0),(5,12,29,'Bravo à tous!\r\nJai suivi le projet de loin mais j\'aivais raison de vous faire confiance. =D\r\nQue l\'aventure continue!','2012-05-27 21:05:24',0),(8,12,18,'On a d\'ailleurs reçu une lettre de remerciement de l\'EMS de Béthanie.','2012-06-09 12:18:35',0),(9,12,29,'Ouais, je pourrais la mettre sur le site un de ces quatre.','2012-07-17 22:48:02',8),(10,15,65,'Poisson d\'avril !!! ^^','2013-04-02 21:03:20',0),(11,15,29,'Tout juste!','2013-04-03 22:26:37',10);

--
-- Table structure for table `events`
--

CREATE TABLE `events` (
  `id` int(10) unsigned NOT NULL AUTO_INCREMENT,
  `projets_id` int(10) unsigned NOT NULL,
  `title` varchar(100) NOT NULL,
  `description` text NOT NULL,
  `beginning` datetime NOT NULL,
  `end` datetime NOT NULL,
  `place` text NOT NULL,
  `obligatoire` tinyint(1) NOT NULL,
  `cost` text NOT NULL,
  `public` tinyint(1) NOT NULL,
  PRIMARY KEY (`id`),
  KEY `projets_id` (`projets_id`),
  CONSTRAINT `events_ibfk_1` FOREIGN KEY (`projets_id`) REFERENCES `projects` (`id`) ON DELETE CASCADE ON UPDATE CASCADE
) ENGINE=InnoDB AUTO_INCREMENT=85 DEFAULT CHARSET=utf8;

--
-- Dumping data for table `events`
--

INSERT INTO `events` VALUES (1,6,'Cotisation 2011','Cotisation 2011','2011-01-01 00:00:00','2011-01-01 00:00:00','',1,'30',0),(2,5,'Rendez-vous du samedi','Rendez-vous des membres de l\'association.\r\n13h30: Accueil des nouveaux membres.\r\n14h00: Arrivée pour les membres qui sont déjà venus.\r\n14h15: Présentation des Projets de Victor et de Sacha/Corentin\r\n15h00: Improvisation (échauffement, impro moyen format: 15-30 min)\r\n17h00: Réunion (Retour sur le camp, Infos importantes, Retour sur le projets en cours, Projets de Pascal)\r\n18h30: Repas\r\n19h30: Soirée courts-métrages (sélectionnés avec soins par le comité).','2011-09-03 14:00:00','2011-09-03 22:00:00','Espace Mont-Blanc, Lausanne',1,'10',1),(3,5,'Repas','Souper délicieusement concocté par Nicole.','2011-09-03 18:30:00','2011-09-03 19:30:00','Espace Mont-Blanc, Lausanne',0,'5',0),(4,5,'Rendez-vous du samedi','Rendez-vous des membres de l\'association.\r\n\r\nProgramme:\r\n14h00: Rendez-vous puis impro jusqu\'au repas afin de mieux se connaitre entre les nouveaux et les plus anciens.\r\n17h00: Pascal va terminer l\'organisation du camp.\r\n18h00: Repas des membres de l\'association par Nicole.\r\n\r\nAprès le repas vers 20h00 Visionnage d\'un film amenant à une réflexion culturelle.','2011-10-01 14:00:00','2011-10-01 22:00:00','Espace Mont-Blanc, Lausanne',1,'10',1),(5,5,'Repas','Souper délicieusement concocté par Nicole.','2011-10-01 18:30:00','2011-10-01 19:30:00','Espace Mont-Blanc, Lausanne',0,'5',0),(6,5,'Rendez-vous du samedi','Rendez-vous des membres de l\'association.\r\nAu programme:\r\nRendez-vous 14h au Mont-blanc (si y a personne attendez 5min) pour faire de l\'impro jusqu\'à 17h00 où on rigolera.\r\nPuis, à 17h00, rendez-vous officiel où vous êtes tenus de venir pour parler de la vie associative (projet, etc...).\r\nEnsuite, vers 18h30, les piétons iront voir un chef-d’œuvre au théâtre 2.21 (dont je ne me rappelle plus du titre d\'ailleurs)!! \r\nFinalement retour au Mont-blanc pour un souper convivial, suivi de discussions à propos du 17 décembre, date de la présentation de l\'assoc. à la ville de Lausanne en une soirée court-métrage + fantaisies.','2011-11-19 14:00:00','2011-11-19 22:00:00','Espace Mont-Blanc, Lausanne',1,'10',1),(7,5,'Repas','Souper délicieusement concocté par Nicole.','2011-11-19 18:30:00','2011-11-19 19:30:00','Espace Mont-Blanc, Lausanne',0,'5',0),(9,8,'Camp d\'automne 2011','Camp de théâtre pour les 14-16 ans.\r\nAu programme: le festival de la canne de la Venoge s\'invite pour nous guider dans l\'art du cinéma et des courts-métrages.','2011-10-17 10:00:00','2011-10-23 17:00:00','Planemard, Château-d\'Oex',1,'0',1),(10,7,'Conception et idées','Début de brainstorming sur le projet','2011-08-24 11:00:00','2011-08-24 18:00:00','EPFL - Esplanade',0,'0',0),(11,7,'Discussions','Premières discussions, lecture de la pièce...','2011-09-10 14:00:00','2011-09-10 18:00:00','Lausanne',1,'0',0),(12,7,'Tournage','Tournage des trois dernières scène de l\'Ours.','2011-09-13 17:30:00','2011-09-13 20:30:00','Cathédrale de Lausanne',1,'0',0),(13,5,'Rendez-vous du dimanche','Feydeau','2011-10-02 14:00:00','2011-10-02 18:00:00','Espace Mont-blanc',1,'10',1),(14,6,'Feu vert aux Piétons','Voir la page http://www.pietonsdelascene.ch/feuvert pour les informations au public.\r\n\r\nFormule de la soirée:\r\n\r\n1. Introduction sur l’association « les Piétons de la Scène » qui nous sommes, activités, buts, etc.\r\nPréparation et prononciation du discours: le président soutenu du comité.\r\n\r\n2. Ouverture du festival, présentation par Pascal.\r\n\r\n3. Présentation des courts-métrages par groupe. Au programme les 4 courts-métrages du camp d’octobre 2011 (environ 1h30 de projection):\r\n• L’échappée\r\n• GEN\r\n• À portée de main\r\n• Les petites choses\r\n• 7:01\r\n• Recto-Verso\r\n• The Feeling\r\n\r\nLe tout sera entrecoupé d\'interlude artistico-délirante:\r\n• Musique 1: Emile, Léopold\r\n• Sketch: Henri, Sacha M.\r\n• Musique 2: Sacha M., Sacha B., Luca et Léo\r\n• Poème et musique: Emile, Henri\r\n• Numéro de magie: Léo, Sacha\r\n• Dormez-je le veux: Johanna, Louis, Emile, Melissa, Romaine, François, Louise.\r\n\r\n(sous réserve de modification)','2011-12-17 20:00:00','2011-12-17 23:00:00','Théâtre du 2.21 - Salle 2',1,'0',1),(15,1,'Vernissage de The Feeling','CROMER est heureux de présenter à l\'occasion de cette soirée :\r\n\r\n∴ Le clip \"The Feeling\" réalisé par l\'association Les Piétons de la Scène, en avant-première, avant la mise en ligne sur Youtube.\r\n\r\n∴ Un set de compositions touchantes et puissantes :D\r\n\r\n∴ Un apéro salé / sucré\r\n\r\n∴ Un plan secret (suspeeeeense !) vous sera divulgué le soir même…\r\n\r\nNotre musique en ligne : http://soundcloud.com/cromer-1/sets\r\nNotre facebook : https://www.facebook.com/cromer.music','2011-11-25 19:00:00','2011-11-25 22:00:00','Foyer de l\'église de Sévelin, av. de Tivoli 74',1,'0',1),(16,11,'J\'ai un théâtre dans mon quartier','Journée portes ouvertes sur le 2.21.\r\nA l’initiative et sous la houlette de deux étudiantes en animation socio-culturelle, actuellement en stage au 2.21, le Théâtre offre une journée particulière destinée avant tout à la population du quartier du Vallon, mais naturellement ouverte à l’ensemble de son public.\r\nIl invite ainsi voisins et curieux de tous bords à franchir ses portes, leur propose de goûter et de prendre part aux multiples facettes du monde du spectacle.\r\nÀ cette occasion, il sera possible aussi bien d’assister à de courtes séquences scéniques que de participer à diverses activités, grâce à la présence interactive de professionnels des arts vivants. Leur intervention permettra de pénétrer dans les univers de la magie, du théâtre, de la musique, des coulisses et de la création d’un spectacle, tout en explorant les nombreux recoins du 2.21.\r\n\r\nL’occasion également de s’essayer à la sérigraphie, au jeu de l’écriture et de partager un moment d’échange autour d’un repas chaud.\r\n\r\nProgramme de la journée:\r\n- 13h30: Accueil\r\n- 14h00: Magie avec Pierric Tenthorey\r\n- 15h00: Visite animée du théâtre 2.21 avec des improvisateurs et Les piétons de la scène\r\n- 16h00: Préparation sous la voûte d’un repas chaud avec l’association Kabak\r\n- 17h00: Extrait d’un spectacle de la Cie Monsieur Bovary et présence interactive des artistes pour découvrir notamment la technique autour des lumières\r\n- 18h15: Petit spectacle de théâtre présenté par les élèves de l’Espace Mont-Blanc\r\n- 19h00: Concert\r\n\r\nMais il y aura aussi...\r\n- L’atelier de sérigraphie de l’Atelier obscur permettant à chacun de personnaliser un T-Shirt\r\n- Un atelier d’écriture pour ceux qui souhaitent jouer avec les mots\r\n- Une galette des rois offerte par le Centre d’Animation de la Cité durant l’après-midi\r\n- Une exposition de photographie retraçant l’histoire des anciens magasins de la Ville et du quartier du Vallon\r\n\r\n(Texte tiré de http://www.theatre221.ch)\r\n\r\nPour les membres qui veulent donner un coup de main, venez vers 11h00.','2012-01-08 13:30:00','2012-01-08 19:00:00','Théâtre du 2.21',1,'0',1),(17,8,'Semaine artistique d\'été 2012','Semaine artistique destinée à remplacer les camps.','2012-08-04 10:00:00','2012-08-12 17:00:00','Espace Mont-blanc, Lausanne',1,'100',1),(19,11,'Séance d\'organisation','Dégrossissement de l\'organisation de la journée du 8 janvier.\r\nRendez-vous avec Michel Sauser, Laurent Baier, Marie-Laure, Annie, et d\'autres.','2011-11-28 19:00:00','2011-11-28 22:00:00','2.21',0,'0',0),(20,11,'Réunion avec Laurent Baier','Nous allons nous réunir avec les autres personnes de l\'animation pour discuter de la direction qu\'on va prendre pour animer au mieux cette journée. Le rendez-vous est à la Clef à 20h.','2011-12-05 20:00:00','2011-12-05 21:00:00','La Clef',0,'0',0),(21,6,'Répétition pour Feuvert','Répétition pour la soirée Feuvert du 17 décembre.','2011-12-15 21:30:00','2011-12-15 23:55:00','Espace Mont-Blanc, Lausanne',1,'0',0),(22,6,'Répétition pour Feuvert','Répétition pour la soirée Feuvert du 17 décembre.','2011-12-16 20:00:00','2011-12-16 23:55:00','Espace Mont-Blanc, Lausanne',1,'0',0),(24,7,'test','ceci\r\nest un\r\ntest','2011-01-01 00:00:00','2011-01-01 00:05:00','ici',0,'0',0),(25,7,'test','ceci\r\nest\r\nun test.','2011-01-01 00:00:00','2011-01-01 00:10:00','ici',0,'0',0),(26,6,'Assemblée générale 2012','Assemblée générale annuelle de l\'association.\r\nElle sera ouverte au public mais seul les membres pourront voter.\r\n\r\nATTENTION: NE PAS S\'INSCRIRE SUR CETTE PAGE, MAIS SUR http://pietonsdelascene.ch/assemblee2012/ !!!','2012-03-17 14:00:00','2012-03-17 19:00:00','Espace Mont-Blanc',1,'0',1),(27,5,'Samedi artistique (Après-midi)','Rencontre mensuelle des piétons.\r\nL\'après midi sera animé par un atelier de création sur papier par Nadine et par un atelier d\'impro par Luca.','2012-01-14 14:00:00','2012-01-14 18:00:00','Espace Mont-Blanc',0,'10',0),(28,5,'Samedi artistique (Repas)','Votre présence au repas concocté par Nicole','2012-01-14 18:00:00','2012-01-14 20:00:00','Espace Mont-Blanc',0,'5',0),(29,5,'Samedi artistique (Soirée)','Soirée long-métrage à l\'espace Mont-blanc','2012-01-14 20:05:00','2012-01-14 22:35:00','Espace Mont-Blanc',0,'0',0),(32,5,'Dimanche Feydeaux','Atelier de création de la pièce \"Dormez, je le veux\" de Georges Feydeaux dirigé par Pascal','2012-01-15 13:30:00','2012-01-15 17:00:00','mont-blanc',0,'10',1),(33,5,'Samedi artistique (après-midi)','Rencontre mensuelle des Piétons. \r\n\r\nDétails à venir.','2012-02-11 14:00:00','2012-02-11 18:00:00','Espace Mont-Blanc',1,'10',1),(34,5,'Dimanche Feydeau','Atelier de création de la pièce \"Dormez, je le veux!\" de Georges Feydeau dirigé par Pascal','2012-02-12 13:30:00','2012-02-12 17:00:00','Espace Mont-Blanc',1,'10',1),(35,5,'Dimanche Feydeau','Atelier de création de la pièce \"Dormez, je le veux\" de Georges Feydeau dirigé par Pascal','2012-03-18 13:30:00','2012-03-18 17:00:00','Espace Mont-Blanc',1,'10',1),(36,4,'Réunion de lancement de projet','Réunion pour parler.','2012-02-26 14:00:00','2012-02-26 23:55:00','Café de Grancy',1,'0',0),(37,5,'Samedi artistique (après-midi)','Rencontre mensuelle des Piétons.\r\n\r\nDétails à venir.','2012-04-28 13:30:00','2012-04-28 18:00:00','Espace Mont-Blanc',1,'10',1),(38,5,'Samedi artistique (repas)','Votre présence au repas concocté par Nicole','2012-04-28 18:00:00','2012-04-28 20:00:00','Espace Mont-Blanc',0,'5',0),(39,5,'Samedi artistique (Soirée)','Détails à venir.','2012-04-28 20:00:00','2012-04-28 22:30:00','Espace Mont-Blanc',0,'0',0),(40,5,'Dimanche Feydeau','Atelier de création de la pièce \"Dormez, je le veux\" de Georges Feydeau dirigé par Pascal.','2012-04-29 13:30:00','2012-04-29 17:00:00','Espace Mont-Blanc',1,'10',1),(41,4,'Représentation \"Dormez, je le veux!\" à l\'EMS','La pièce \"Dormez, je le veux!\" jouée par une partie des Piétons de la Scène.','2012-05-26 15:00:00','2012-05-26 16:15:00','EMS de Béthanie',1,'0',1),(42,5,'Samedi artistique (après-midi)','Rendez-vous mensuel des Piétons de la Scène. Détails à venir.','2012-05-12 13:30:00','2012-05-12 18:00:00','Espace Mont-Blanc',1,'10',1),(43,5,'Samedi artistique (souper)','Souper délicieusement contacté par le comité (Nicole ne pouvant pas être là ce samedi)','2012-05-12 18:00:00','2012-05-12 20:00:00','Espace Mont-Blanc',0,'5',1),(44,5,'Samedi artistique (soirée)','Programme à venir (théâtre, projection, impros...à décider!)','2012-05-12 20:00:00','2012-05-12 23:00:00','Espace Mont-Blanc',0,'0',1),(45,5,'Dimanche artistique','Atelier théâtral animé par Pascal Francfort. Projet Feydeau, Cité...\r\n\r\nEspace Mont-Blanc ouvert sur demande pour les intéressés à répéter.','2012-05-13 13:30:00','2012-05-13 17:00:00','Espace Mont-Blanc',1,'10',1),(46,14,'Festival de la Cité','Frais, urbain, décalé!\r\nUne diversité artistique unique avec un goût prononcé pour la création et la mise sur pied de projets inédits!\r\nToutes les infos sur http://2012.festivalcite.ch/','2012-07-10 00:00:00','2012-07-15 00:00:00','Lausanne, Cité',1,'0',1),(47,5,'Samedi artistique (après-midi)','Dernier rendez-vous mensuel des Piétons de la Scène de la saison. \r\n\r\nPréparation du Festival de la Cité.\r\n\r\nBriefing par les organisateurs à 17h.','2012-06-09 14:00:00','2012-06-09 18:00:00','Espace Mont-Blanc',1,'10',1),(48,5,'Samedi artistique (souper)','Souper délicieusement contacté par le comité (Nicole ne pouvant pas être là ce samedi)','2012-06-09 18:00:00','2012-06-09 20:00:00','Espace Mont-Blanc',0,'5',1),(49,5,'Samedi artistique (soirée)','Programme à venir (théâtre, projection, impros...à décider!)','2012-06-09 20:00:00','2012-06-09 22:00:00','Espace Mont-Blanc',0,'0',0),(50,5,'Dimanche artistique','Atelier théâtral animé par Pascal Francfort. Projet Feydeau, Cité...\r\n\r\nEspace Mont-Blanc ouvert sur demande le matin pour les intéressés à répéter.','2012-06-10 13:30:00','2012-06-10 17:00:00','Espace Mont-Blanc',0,'10',1),(51,5,'Week-end artistique septembre (samedi après-midi)','13h30-17h: Discussions sur les projets pour cette saison/début de saison. Grand brainstorming et développement d\'idées nouvelles ou existantes.\r\n\r\n17h: Ouverture de la saison. Présentation des nouveaux membres (bienvenue!). Présentation des nouveauté puis des projets. Lancement des projets et création des groupes.','2012-09-15 13:30:00','2012-09-15 18:00:00','Espace Mont-Blanc',1,'0',1),(52,5,'Week-end artistique septembre (repas)','Repas. Si quelqu\'un est intéressé par sa préparation, qu\'il nous contacte dès que possible.','2012-09-15 18:00:00','2012-09-15 20:00:00','Espace Mont-Blanc',1,'5.00',1),(53,5,'Week-end artistique septembre (samedi soir - culture club)','Culture-club : Projection d\'un film.','2012-09-15 20:00:00','2012-09-15 22:00:00','Espace Mont-Blanc',1,'0',1),(54,5,'Week-end artistique septembre (dimanche)','Développement des premiers projets.','2012-09-16 13:30:00','2012-09-16 17:00:00','Espace Mont-Blanc',1,'0',1),(55,5,'Week-end artistique - samedi soir','Nous allons assister à la projection de The Big Leboski (filme culte hilarant des frères Cohen) à la Cinémathèque Suisse...\r\n\r\ndéguisés en les personnages du film!\r\n\r\nDétails à venir.','2012-10-27 21:00:00','2012-10-27 23:00:00','Cinémathèque Suisse',1,'8.00  (ou offert, à déterminer)',1),(56,5,'Week-end artistique - samedi repas','Repas concocté par François et Johanna.\r\n\r\nPuis départ à la Cinémathèque Suisse.','2012-10-27 18:00:00','2012-10-27 20:00:00','Espace Mont-Blanc',1,'5.00',1),(57,5,'Week-end artistique - samedi après-midi','Travail sur les projets et sur la soirée spéciale, création de nouveaux projets pour ceux qui n\'étaient pas là en septembre.\r\n\r\n17h: moment associatif.','2012-10-27 13:30:00','2012-10-28 18:00:00','Espace Mont-Blanc',1,'0.00',1),(58,5,'Week-end artistique - dimanche','Travail sur les projets','2012-10-28 13:30:00','2012-10-28 17:00:00','Espace Mont-Blanc',1,'0.00',1),(59,5,'Week-end artistique - samedi après-midi','-','2012-11-17 13:30:00','2012-11-17 17:00:00','Epace Mont-Blanc',1,'0.00',1),(60,5,'Week-end artistique - samedi repas','-','2012-11-17 18:00:00','2012-11-17 20:00:00','Espace Mont-Blanc',1,'5.00',1),(61,5,'Week-end artistique - samedi soir','Théâtre au 2.21 - San Isidro Futbal Club','2012-11-17 20:00:00','2012-11-17 22:00:00','Espace Mont-Blanc',1,'à déterminer (pas très cher)',1),(62,5,'Week-end artistique - dimanche','-','2012-11-18 13:00:00','2012-11-18 17:00:00','Espace Mont-Blanc',1,'0.00',1),(63,8,'Camp d\'août','Le camp se déroulera à la montagne.\r\nLe prix à payer risque d\'évoluer quelque peu (vers le haut ou vers le bas) selon les réponses à notre demande de fond.','2013-08-03 09:00:00','2013-08-11 00:00:00','Les Diablerets',0,'200',0),(64,5,'Samedi artistique (après-midi)',' ','2012-12-15 13:30:00','2012-12-15 17:00:00','Espace Mont-Blanc',1,'0',1),(65,5,'Samedi artistique (repas)','Qui veut cuisiner ? Annoncez-vous à nous.','2012-12-15 18:00:00','2012-12-15 18:05:00','Espace Mont-Blanc',1,'5.00',1),(66,5,'Samedi artistique (théâtre, Ne plus rien dire)','DE JOËL MAILLARD PAR SNAUT\r\n\r\nC’est l’histoire d’un homme qui se tait, progressivement et définitivement. Incapable de supporter, entre autres, la marchandisation des personnes et la personnification des marchés, inapte au suicide, il vit désormais dans un autre monde, dont il est le seul occupant, ermite au milieu de la foule, homme-île déserte. Quitter l’existence tout en restant dans son corps, sortir du grand jeu social, rien attendre, ne plus rien dire.\r\n\r\nDans le cinéma Eldorado, dépossédé de ses fauteuils, de son écran, de sa fonction, des chaises forment un cercle. Cet homme est là, dans le cercle, parmi les spectateurs. Il se tait.\r\n\r\nUne femme est là, qui le connaît d’avant le mutisme. Elle témoigne. Elle parle pour lui, mais aussi pour elle. D’ailleurs, elle était venue pour parler d’autre chose.\r\n\r\nspectacle co-programmé avec l\'Arsenic et la Grange de Dorigny\r\n\r\nDANS L\'ANCIEN CINEMA ELDORADO','2012-12-15 19:00:00','2012-12-15 20:30:00','Ancien cinéma l\'Eldorado',1,'10.00',1),(67,5,'Dimanche artistique',' ','2012-12-16 13:30:00','2012-12-16 17:00:00','Espace Mont-Blanc',1,'0',1),(68,5,'Week-end janvier (samedi après-midi)','Travail sur les projets','2013-01-19 13:30:00','2013-01-20 18:00:00','Espace Mont-Blanc',1,'0.00',1),(69,5,'Week-end janvier (repas)','Repas concocté par Emily.','2013-01-19 18:00:00','2013-01-19 20:00:00','Espace Mont-Blanc',1,'5.00',1),(70,5,'Week-end janvier (soirée)','Film à déterminer.','2013-01-19 20:00:00','2013-01-19 23:00:00','Espace Mont-Blanc',1,'0.00',1),(71,5,'Wek-end janvier (dimanche)','Travail sur les projets','2013-01-20 13:30:00','2013-01-20 17:00:00','Espace Mont-Blanc',1,'0.00',1),(72,5,'Week-ennd artistique (dimanche)','Préparation de la soirée spéciale, évt. travail sur les projets.','2013-02-10 13:30:00','2013-02-10 17:00:00','Espace Mont-Blanc',1,'0.00',1),(73,5,'Week-ennd artistique (samedi soir)','Théâtre, ciné, autre...à décider.','2013-02-09 20:00:00','2013-02-09 22:00:00','Espace Mont-Blanc',1,'0.00',1),(74,5,'Week-ennd artistique (samedi repas)','Repas concocté par...','2013-02-09 18:00:00','2013-02-09 20:00:00','Espace Mont-Blanc',1,'5.00',1),(75,5,'Week-end artistique (samedi après-midi)','Préparation de la soirée spéciale, évt. travail sur les projets.','2013-02-09 13:30:00','2013-02-09 18:00:00','Espace Mont-Blanc',1,'0',1),(76,5,'Assemblée générale','Assemblée générale 2013','2013-03-16 14:00:00','2013-03-16 18:00:00','Espace Mont-Blanc',1,'0.00',1),(77,5,'Souper post-assemblée','Mmmmm','2013-03-16 18:00:00','2013-03-16 19:00:00','Espace Mont-Blanc',1,'5.00',1),(78,5,'Soirée post-assemblée','A déterminer','2013-03-16 20:00:00','2013-03-16 22:00:00','?',1,'0.00',1),(79,5,'Dimanche artistique','Préparation de la soirée spéciale','2013-03-17 13:30:00','2013-03-17 17:00:00','Espace Mont-Blanc',1,'0.00',1),(80,6,'Festival de la cité','Festival de la cité','2013-07-09 14:00:00','2013-07-14 00:00:00','Cité de Lausanne',1,'0',1),(82,20,'Soirée \"Droit dans le mur!\"','Les Piétons de la Scène organisent une soirée spectaculaire composée de multiples projets spontanés, liés par un unique thème: \"Droit dans le mur!\".\r\n\r\nDu théâtre à la musique en passant par le court­-métrage, vous serez immergé dans un univers parfois familier, tantôt hors-du-commun, qui vous fera voyager selon les réalisations.\r\n\r\nCes projets sont le fruit d\'un travail développés par les membres de l’association en collaboration avec d\'autres jeunes souhaitant partager leurs idées et leur énergie.\r\n\r\nLa soirée sera publique, entrée libre, avec chapeau à la sortie.','2013-05-18 20:00:00','2013-05-18 22:30:00','Théâtre du Vide-Poche, Lausanne',1,'0',1),(83,20,'Répétitions','Du mardi au vendredi de 10h à 13h puis de 14h à 17h.','2013-04-09 10:00:00','2013-04-12 17:00:00','Théâtre de la Marotte, Rue Dr César-Roux',1,'0',0),(84,20,'Soirée \"Droit dans le mur!\"','Les Piétons de la Scène organisent une soirée spectaculaire composée de multiples projets spontanés, liés par un unique thème: \"Droit dans le mur!\".\r\n\r\nDu théâtre à la musique en passant par le court­-métrage, vous serez immergé dans un univers parfois familier, tantôt hors-du-commun, qui vous fera voyager selon les réalisations.\r\n\r\nCes projets sont le fruit d\'un travail développés par les membres de l’association en collaboration avec d\'autres jeunes souhaitant partager leurs idées et leur énergie.\r\n\r\nLa soirée sera publique, entrée libre, avec chapeau à la sortie.','2013-05-19 17:00:00','2013-05-19 19:00:00','Théâtre du Vide-Poche, Lausanne',1,'0',1);

--
-- Table structure for table `event_presence`
--

CREATE TABLE `event_presence` (
  `members_id` int(11) unsigned NOT NULL,
  `event_id` int(11) unsigned NOT NULL,
  KEY `members_id` (`members_id`),
  KEY `calendar_id` (`event_id`),
  CONSTRAINT `event_presence_ibfk_1` FOREIGN KEY (`members_id`) REFERENCES `members` (`id`) ON DELETE CASCADE ON UPDATE CASCADE,
  CONSTRAINT `event_presence_ibfk_2` FOREIGN KEY (`event_id`) REFERENCES `events` (`id`) ON DELETE CASCADE ON UPDATE CASCADE
) ENGINE=InnoDB DEFAULT CHARSET=utf8;

--
-- Dumping data for table `event_presence`
--

INSERT INTO `event_presence` VALUES (23,9),(21,9),(2,1),(3,1),(5,1),(7,1),(11,1),(12,1),(14,1),(15,1),(16,1),(17,1),(18,1),(19,1),(21,1),(22,1),(23,1),(25,1),(27,1),(28,1),(29,1),(31,1),(47,1),(52,3),(3,2),(3,3),(15,2),(15,3),(7,2),(7,3),(14,2),(14,3),(16,2),(16,3),(21,2),(21,3),(18,2),(18,3),(22,2),(22,3),(23,2),(23,3),(28,2),(28,3),(29,2),(29,3),(50,3),(31,2),(31,3),(15,9),(17,9),(29,12),(31,9),(37,1),(15,4),(15,5),(15,13),(7,5),(7,13),(44,4),(44,13),(12,4),(12,5),(41,4),(41,5),(41,13),(16,5),(18,4),(18,5),(18,13),(23,4),(23,5),(23,13),(27,4),(27,5),(27,13),(28,4),(37,4),(37,5),(37,13),(31,4),(31,5),(31,13),(23,6),(23,7),(27,6),(27,7),(31,6),(31,7),(41,6),(15,6),(15,7),(21,6),(21,7),(18,6),(2,7),(2,6),(53,6),(53,7),(52,6),(52,7),(44,6),(29,7),(22,6),(28,6),(25,7),(25,6),(29,14),(7,15),(29,15),(21,15),(23,14),(21,14),(29,16),(17,14),(17,16),(23,16),(21,16),(18,16),(18,14),(18,15),(22,16),(15,14),(31,15),(31,14),(27,15),(27,16),(37,16),(5,16),(16,16),(3,16),(47,15),(47,14),(15,15),(57,14),(41,14),(53,14),(44,14),(29,19),(21,20),(28,14),(29,21),(29,22),(14,14),(17,22),(15,21),(15,22),(23,22),(47,21),(47,22),(7,22),(21,21),(21,22),(31,22),(18,22),(7,14),(25,14),(57,22),(18,26),(29,26),(18,29),(18,27),(18,28),(2,27),(21,27),(15,26),(23,26),(23,27),(23,28),(23,29),(31,27),(31,28),(31,29),(31,26),(2,26),(47,26),(15,28),(15,29),(17,27),(17,28),(17,29),(17,26),(18,32),(17,32),(47,28),(47,32),(23,32),(7,28),(7,29),(7,32),(52,27),(52,28),(52,29),(29,28),(28,32),(53,27),(22,27),(22,28),(22,29),(22,32),(16,27),(48,27),(41,27),(48,28),(48,29),(16,28),(31,33),(15,33),(41,33),(23,33),(53,33),(15,34),(53,34),(23,34),(48,33),(31,34),(54,26),(47,35),(16,26),(23,36),(53,36),(28,36),(23,35),(31,35),(28,26),(53,26),(53,35),(15,37),(17,38),(31,37),(31,38),(31,39),(23,37),(23,38),(23,39),(23,40),(23,41),(7,41),(21,37),(21,38),(21,39),(21,41),(47,41),(53,41),(41,41),(57,37),(15,41),(15,39),(15,38),(18,37),(18,40),(18,38),(18,39),(28,41),(28,40),(14,41),(18,41),(29,37),(29,38),(29,39),(7,38),(7,39),(7,40),(41,37),(41,40),(41,38),(44,37),(22,37),(22,38),(22,39),(22,40),(41,39),(53,37),(23,42),(23,44),(23,43),(29,44),(15,44),(15,43),(15,42),(23,45),(21,42),(21,45),(21,43),(21,44),(41,42),(41,43),(41,44),(41,45),(7,45),(7,44),(7,43),(31,44),(31,43),(31,42),(53,45),(53,42),(22,42),(47,42),(47,43),(54,43),(54,42),(54,44),(48,44),(48,42),(48,43),(29,42),(29,43),(23,46),(47,46),(15,17),(15,46),(23,17),(31,17),(47,47),(47,48),(47,50),(29,17),(31,50),(31,47),(31,48),(31,49),(22,17),(23,47),(23,48),(23,50),(52,17),(18,17),(17,17),(15,48),(15,47),(31,46),(7,17),(41,17),(41,47),(41,48),(41,49),(41,50),(21,47),(21,48),(21,49),(21,50),(21,46),(21,17),(57,47),(57,48),(53,47),(53,50),(7,49),(7,50),(29,47),(29,48),(29,49),(15,49),(54,47),(54,48),(54,49),(54,46),(54,17),(64,47),(18,47),(18,46),(18,48),(18,49),(16,47),(48,47),(41,46),(48,46),(15,51),(15,52),(15,53),(15,54),(31,51),(31,52),(31,53),(23,51),(23,52),(23,53),(23,54),(65,51),(65,52),(65,53),(65,54),(7,52),(7,53),(64,51),(18,51),(28,51),(66,51),(66,54),(44,51),(41,51),(41,52),(41,53),(41,54),(29,51),(29,52),(29,53),(29,54),(21,52),(21,51),(21,53),(18,52),(18,53),(15,57),(15,56),(15,55),(23,57),(23,56),(23,58),(23,55),(15,58),(65,57),(65,56),(65,55),(65,58),(54,57),(54,56),(54,55),(54,58),(66,57),(66,58),(29,57),(29,58),(29,56),(29,55),(31,57),(31,56),(31,55),(31,58),(52,56),(21,57),(21,56),(21,55),(21,58),(18,57),(18,56),(18,55),(18,58),(41,57),(41,55),(41,56),(41,58),(28,58),(44,57),(44,58),(48,57),(48,58),(65,59),(65,60),(65,61),(65,62),(21,59),(21,62),(15,59),(15,60),(15,61),(15,62),(18,59),(18,60),(18,62),(23,60),(23,61),(66,59),(66,60),(66,62),(7,62),(31,59),(31,60),(31,61),(31,62),(29,63),(29,62),(29,59),(29,60),(29,61),(15,63),(23,63),(31,63),(65,63),(21,63),(15,64),(15,65),(15,66),(15,67),(65,64),(65,65),(65,66),(65,67),(29,64),(29,65),(29,66),(18,64),(18,65),(18,66),(18,67),(41,64),(41,65),(41,66),(41,67),(21,64),(21,65),(21,66),(23,65),(23,67),(23,64),(23,66),(54,64),(54,65),(54,66),(54,67),(28,64),(28,65),(28,63),(31,67),(23,69),(21,68),(21,69),(21,70),(21,71),(67,68),(67,69),(67,70),(67,71),(65,68),(65,69),(65,70),(65,71),(23,68),(23,70),(23,71),(41,68),(41,69),(41,70),(41,71),(54,68),(54,69),(54,70),(54,71),(44,68),(18,68),(18,70),(18,71),(7,69),(44,69),(31,68),(31,69),(31,70),(31,71),(15,75),(15,74),(15,73),(15,72),(23,75),(23,74),(23,73),(23,72),(65,75),(65,74),(65,73),(65,72),(31,75),(31,74),(31,73),(31,72),(29,74),(29,75),(29,73),(29,72),(21,75),(21,74),(21,73),(28,75),(18,75),(18,74),(18,73),(18,72),(41,75),(41,74),(41,73),(41,72),(54,63),(15,76),(15,77),(15,78),(15,79),(23,76),(23,77),(23,78),(23,79),(65,79),(65,77),(65,76),(65,78),(31,76),(31,77),(31,78),(53,76),(47,76),(47,77),(18,78),(18,77),(18,76),(18,63),(21,76),(41,78),(41,79),(22,76),(41,76),(41,77),(65,80),(31,82),(29,82),(23,82),(31,83),(18,83),(21,83),(15,82),(65,82),(23,83),(54,83),(54,82),(54,80),(23,80),(31,84),(23,84),(65,83),(65,84),(21,84),(54,84),(21,82),(15,84),(31,80),(41,84),(15,80),(52,80);

--
-- Table structure for table `members`
--

CREATE TABLE `members` (
  `id` int(10) unsigned NOT NULL AUTO_INCREMENT,
  `admin` tinyint(1) NOT NULL,
  `firstname` varchar(100) NOT NULL,
  `lastname` varchar(100) NOT NULL,
  `shortname` varchar(100) NOT NULL,
  `status` int(11) NOT NULL,
  `male` tinyint(1) NOT NULL,
  `birthdate` date NOT NULL,
  `email` varchar(200) NOT NULL,
  `address` text NOT NULL,
  `telephone` varchar(20) NOT NULL,
  `mobile` varchar(20) NOT NULL,
  `website` varchar(200) NOT NULL,
  `password` varchar(40) NOT NULL COMMENT 'SHA-1',
  `image` tinyint(1) NOT NULL,
  `date-inscription` datetime NOT NULL,
  `balance` double NOT NULL,
  `last-login` datetime NOT NULL,
  `bvrref` int(11) NOT NULL,
  `facebookid` varchar(255) NOT NULL,
  PRIMARY KEY (`id`),
  UNIQUE KEY `shortname` (`shortname`)
) ENGINE=InnoDB AUTO_INCREMENT=72 DEFAULT CHARSET=utf8;

--
-- Dumping data for table `members`
--

INSERT INTO `members` VALUES (1,0,'David','Angéloz','davidan',0,1,'0000-00-00','goldhawk1@hotmail.com','','','','','',1,'0000-00-00 00:00:00',0,'0000-00-00 00:00:00',11,'the.truc'),(2,0,'Aïda','Khelifa','aidakh',3,0,'1991-05-10','a-khelifa@hotmail.com','Chemin des Allières 9\r\n1012 Lausanne','0216525640','0797303816','','efc61c2b269b0b0d9e078a3a3fd9a0fe4392d68c',1,'2011-07-31 22:07:00',-25,'2012-03-25 12:26:06',26,'683212371'),(3,0,'Cassandre','Lejosne','cassandrele',3,0,'1994-10-16','cassandrelejosne@gmail.com','Parc de Valency 3\r\n1004 Lausanne','0216470320','0788507803','','dbdf84bc13951e1a81c38d0939ff560a2bd225b1',1,'2011-06-13 17:12:25',0,'2012-07-23 09:00:01',34,'1526648967'),(4,0,'Clyde','Philippoz','clydeph',0,1,'0000-00-00','mowgli@romandie.ch','','','','','',1,'0000-00-00 00:00:00',0,'0000-00-00 00:00:00',42,'clyde.philipps'),(5,0,'Donatienne','Amann','donatienneam',3,0,'1994-05-17','donamann@hotmail.com','Boulevard de Grancy 10\r\n1006 Lausanne','0216018260','0796128590','','66e37f2250d97559c2df541aae5733a666c86818',1,'2011-06-22 20:46:36',0,'2012-08-18 18:46:56',58,'1454653340'),(6,0,'Eleanor','Philippoz','eleanorph',0,0,'0000-00-00','love_angels96@hotmail.com','','','','','',1,'0000-00-00 00:00:00',0,'0000-00-00 00:00:00',63,'eleanor.philippoz'),(7,1,'Emile','Schaffner','emilesc',3,1,'1993-06-10','emile.schaffner@gmail.com','Chemin des Clos 6\r\n1020 Renens','0216340709','0788686897','','a405e394f512da24d5dc0e7e7a79596257c9a30b',1,'2011-06-12 09:02:27',-55,'2013-06-26 20:01:47',79,'emile.schaffner'),(8,0,'Frédéric','Pythoud','fredericpy',0,1,'0000-00-00','pythoudf@hotmail.com','','','','','',1,'0000-00-00 00:00:00',0,'0000-00-00 00:00:00',87,'100001017402371'),(9,0,'Giulia','Peroud','giuliape',0,0,'0000-00-00','','','','','','',1,'0000-00-00 00:00:00',0,'0000-00-00 00:00:00',95,'1029812361'),(10,0,'Géraldine','Gigon','geraldinegi',0,0,'0000-00-00','','','','','','',1,'0000-00-00 00:00:00',0,'0000-00-00 00:00:00',105,'rironne'),(11,0,'Jennifer','Maurer','jenniferma',3,0,'1991-07-04','aurelie_0422@hotmail.com','ch. des Eterpeys 22\r\n1010 Lausanne','021/653.64.93','079/523.24.04','','604ff080adb09358fc77a5b82ab46dbd20f695ad',1,'2011-07-29 23:32:17',-30,'2013-05-23 16:38:23',110,'691906284'),(12,0,'Jeremy','Schellhammer','jeremysc',0,1,'0000-00-00','','','','','','',1,'0000-00-00 00:00:00',-30,'0000-00-00 00:00:00',121,'718503108'),(13,0,'John','Polit','johnpo',0,1,'0000-00-00','dark.wolf-one@hotmail.com','','','','','',1,'0000-00-00 00:00:00',0,'0000-00-00 00:00:00',136,'1621630426'),(14,0,'Kirill','Khaludrov','kirillkh',3,1,'1994-11-13','nagato1994@hotmail.fr','Chemin de la Gravière 6\r\n1007 Lausanne','0216249769','0796042127','','d3e30a77ea819beebd05fe46d2abc4454f1a57c8',1,'2011-06-20 11:04:07',-15,'2012-10-08 14:48:41',144,'100000119510151'),(15,1,'Corentin','Perret','corentinpe',3,1,'1991-03-16','corentin-p@sunrise.ch','Case Postale 109\r\n1000 Lausanne 21','0216574757','0762339339','corentinpe','3d2727b14905ac42aa583fd2ea4e5bb70b3f2cab',1,'2011-06-10 21:14:35',-50,'2013-07-09 09:52:51',152,'1030395046'),(16,0,'Laura','Angeles','lauraan',3,0,'1994-04-30','nafafn@hotmail.fr','Chemin des Aubépines 12\r\n1004 Lausanne','0216469070','0774628274','','2a3a68d25af535aa55c02c6eeb749c83e1fa441c',1,'2011-06-16 12:07:28',-15,'2012-06-09 11:30:37',168,'1384835828'),(17,0,'Louis','Bonard','louisbo',3,1,'1996-02-10','louisbonard@hotmail.com','Av. F-Recordon 42\r\n1004 Lausanne','0216247325','0799108389','','a7db85cc88ae9388366971eb3ee26150b75f27e1',1,'2011-06-12 10:43:00',-30,'2013-05-20 13:52:56',173,'louis.bonard'),(18,1,'Luca','Bron','lucabr',3,1,'1994-01-01','lachainone@gmail.com','Rue du Simplon 3B\r\n1006 Lausanne','0216168559','0797566255','','59c0e98b1212b1cf5f0fa33f20240914c3d4d82f',1,'2011-06-12 19:59:40',-75,'2013-06-29 17:19:19',189,'luca.bron'),(19,0,'Lucien','Rahm','lucienra',3,1,'1995-12-02','l.moutarlier@gmail.com','Av. de morges 31\r\n1004 Lausanne ','0216245076','0798529383','','6da9bd6c01d858a9138a6f4660eaee9f4d6f59ad',0,'2011-06-29 19:59:40',-30,'2011-06-29 20:00:08',197,''),(20,0,'Léa','Schweizer','leasc',0,0,'0000-00-00','','','','','','',1,'0000-00-00 00:00:00',0,'0000-00-00 00:00:00',202,'1763799601'),(21,1,'Léo','Piccirelli','piccileo',3,1,'1992-02-28','leopiccirelli@gmail.com','Avenue Marc-Dufour 19, 1007 Lausanne','0218821222','0787515011','http://pietonsdelascene.ch','6e09f794ed4ba5ee7c13e5cc0d01f88b8ccbd0fc',1,'2011-06-12 01:20:40',-85,'2013-06-16 17:25:58',218,'636333755'),(22,0,'Marco','Hollinger','marcoho',3,1,'1994-08-10','marco.hollinger@gmail.com','Chemin de Primerose 47\r\n1007 Lausanne','0216167281','0796741252','','419ef673e274f4f059d45206484359741a429299',1,'2011-06-16 11:28:48',-85,'2013-03-12 18:12:03',223,'100001077699144'),(23,1,'Melissa','Privet','melissapr',3,0,'1996-09-18','ssissa@bluewin.ch','Route du Châtelard 30B\r\n1018 Lausanne','0213124040','0794507713','','2f7e3f3fa67217702f7e145c2723bdefd485792f',1,'2011-06-12 09:46:32',-145,'2013-07-02 09:38:53',239,'melissa.privet'),(24,0,'Michel','Moulin','michelmo',0,1,'0000-00-00','michel.moulin@bluewin.ch','','','','','',1,'0000-00-00 00:00:00',0,'0000-00-00 00:00:00',247,'michel.moulin'),(25,0,'Nadine','Samson','nadinesa',3,0,'1983-01-23','enidan23@hotmail.com','Rue de la Tour 26\r\n1867 Ollon','','0793963425','','bac085ea12627b6cbf4524f31c302ab4e92c9d48',1,'2011-06-29 19:15:17',-15,'2013-03-13 13:45:10',255,'807570911'),(27,0,'Océane','Maréchal','oceanema',3,0,'1996-08-22','oceane.marechal@hotmail.com','Avenue st paul 3\r\n1004 Lausanne','0216243313','0786852324','','a5fdfc66043e6838db607465ba48459da211ae8d',1,'2011-06-13 15:59:35',-55,'2012-04-09 22:38:30',271,'1077841037'),(28,0,'Romaine','Favre','romainefa',3,0,'1996-11-28','romaine_1018@hotmail.com','Avenue Druey 12\r\n1018 Lausanne','0216486687','0787283589','','2b447feae5d59ecc88bb5c66b4e0ac2e2bff3205',1,'2011-06-11 21:56:47',-30,'2013-03-03 09:37:11',286,'100001152673711'),(29,1,'Sacha','Bron','sachabr',3,1,'1992-04-22','sacha.bron@copperflake.com','Rue du Simplon 3B\r\n1006 Lausanne','0216168559','0793170266','http://www.copperflake.com','2910e479870dc033d84482939982cb71fce50979',1,'2011-06-10 23:34:09',0,'2013-07-07 23:54:14',294,'sacha.bron'),(31,0,'Victor','Hunziker','victorhu',3,1,'1992-06-24','victor.hunziker@gmail.com','Avenue de Cour 78\r\n1007 Lausanne','0216173239','0774173273','http://www.vhunziker.com','bce7648a7d474fe1d4d15b334e59e8182a44c80c',1,'2011-06-12 01:08:41',-115,'2013-07-09 10:38:05',319,'victor.hunziker'),(37,0,'Sacha','Maffli','sachama',3,1,'1993-05-01','sacha.maffli@citycable.ch','ch.des fleurettes 28 bis\r\n1007 Lausanne','0215446341','-','-','6d827d846f44a4cc2e15eaae991f233f27a91326',1,'2011-10-02 19:09:20',-40,'2012-04-29 20:17:26',374,''),(40,0,'Marc','Leroy','marcle',0,1,'0000-00-00','mleroycalatayud@gmail.com','','','','','',1,'0000-00-00 00:00:00',0,'0000-00-00 00:00:00',407,'marc.leroy'),(41,0,'Johanna','Pleinevaux','johannapl',3,0,'1996-08-29','jpleinevaux@yahoo.fr','Chemin de chandieu 17\r\n1006 Lausanne','0216013202','0798880662','','e9b97815d65a483bd90b51d4ee7eb304b8ddcf2a',1,'2011-07-31 17:31:55',-105,'2013-05-25 19:57:25',415,'100002890023413'),(42,0,'Anouchka','Roman','anouchkaro',2,0,'1967-05-08','anouchka_roman@swi.salvationarmy.org','chemin du Frêne 4\r\n1004 Lausanne','0216468746','0797070400','','c0417a9761881fcca29229dae856c007903e5ea6',0,'2011-07-31 17:52:35',0,'0000-00-00 00:00:00',420,''),(44,0,'François','Monteverde','francoismo',3,1,'1997-01-06','fran.monteverde@bluewin.ch','Chemin de la planche-aux-Oies 11D\r\n1000 Lausanne 26','0217844117','0798387389','','39042a8283f9ee61766a46fa2770022694787949',1,'2011-08-03 15:44:52',-20,'2013-05-14 21:08:37',446,'100001383392185'),(47,0,'Pascal','Francfort','pascalfr',3,1,'1968-04-30','selenites@bluewin.ch','Châlet La Forêt - CP9\r\n1862 Les Mosses','0244911645','0792929839','','b38dd5db61c22c50a1fe6031f10cca3a2195cd54',1,'2011-08-04 21:20:22',-65,'2013-03-11 20:05:23',478,'100003263343478'),(48,0,'Arthur','Gassner','arthurga',3,1,'1997-07-25','artgass2112@gmail.com','Chemin du Furet 8\r\n1018 Lausanne','0216475561','0799540769','','519e4cb184386fd55f2dadcf0d790cab6c67d597',1,'2011-08-05 12:11:45',-40,'2013-01-18 18:33:39',483,'1029049178'),(49,0,'Thomas','Dardano','thomasda',3,1,'0000-00-00','thomasdardano@hotmail.ch','','','','','',0,'0000-00-00 00:00:00',0,'0000-00-00 00:00:00',0,''),(50,0,'Valérie','Maillard','valeriema',0,0,'0000-00-00','','','','','','',1,'2011-08-29 00:26:39',0,'2013-03-17 17:12:57',0,''),(51,0,'Nicole','Mages','nicolema',3,0,'1965-12-24','nicole.mages@bluewin.ch','Route de Chailly 44\r\n1814 La Tour-de-Peilz','0219441852','0795606691','http: // pietonsdelascene.ch','618caddeeeb0b0c02c15bcd1436b6173363eb052',1,'2011-08-31 17:42:06',0,'2012-03-16 20:06:48',514,'nicole.mages'),(52,0,'Laura','Schläpfer','laurasc',3,0,'1994-01-06','laura.schlapfer@gmail.com','Rte de Coppoz 5\r\n1052 Le Mont-sur-Lausanne','0216528915','0786261398','','0d6683111db734944d2aff9e74ec829294e9b6fd',1,'2011-09-29 15:42:11',-30,'2013-06-16 21:16:54',0,'laura.schlapfer.7'),(53,0,'Louise','Dardano','louiseda',3,0,'1999-03-25','dardanolouise@gmail.com','ch. du Frêne 4\r\n1004 lausanne','0216468746','0792684443','','9c7efc34305acb51cacb88ee76a6c7204221e4d4',1,'2011-10-23 17:14:03',-105,'2013-05-19 18:09:10',0,'100003259824094'),(54,0,'Léopold','Tschanz','leopoldts',3,1,'1997-06-24','leo_tschanz@hotmail.fr','Ch.de la Grangette 78\r\n1010 lausanne','0216530108','0797371759','','d22a61861fdfb7a36d82064e4a09c19e63d0c6be',1,'2011-10-27 21:12:10',-30,'2013-05-26 21:01:03',0,'100001241065265'),(57,0,'Henri','Mayer','henrima',3,1,'1991-02-05','henrimayer@hotmail.com','Place du Port 2 \r\n1110 Morges','0218020142','0797551807','','9461ead30b97a6f7c7c5de4e2ff567f6fef123fd',0,'2011-11-21 13:04:04',-25,'2012-08-13 23:55:20',0,''),(59,0,'gerald','perera','geraldpe',2,1,'1960-01-29','geraldperera@yahoo.fr','rue du Tunnel l5\r\n1005 Lausanne','0213110538','0788999312','','722886418fd07360a62db374cdaf71878e2f4124',0,'2011-12-15 14:52:38',0,'0000-00-00 00:00:00',0,''),(60,0,'Nicola','Piccirelli','nicolapi',3,1,'1964-08-23','nicola.piccirelli@gmail.com','Victor-Ruffy 33\r\n1012 Lausanne','0763259025','0763259025','','d516f7551ced5438db254549c5805d06626022d5',0,'2011-12-18 06:14:12',100,'2013-06-16 17:00:26',0,''),(61,0,'Selma','Rabet','selmara',2,0,'1995-11-11','selma_1195@hotmail.com','Avenue Davel 5\r\n1004 Lausanne','0216482962','0763249511','','dcbed3613785b82a09ecc0e7f1f0c2616e7df712',1,'2012-01-09 22:30:02',0,'0000-00-00 00:00:00',0,'1097013757'),(62,0,'Vladimir','Meylan','vladimirme',3,1,'1997-08-26','vyPiiR@hotmail.com','Avenue du Grey 1\r\n1004 Lausanne','0213115334','0792984928','','6a4826883b5ab974303cd9d0b63758c1d9068eb9',1,'2012-01-28 12:54:06',0,'0000-00-00 00:00:00',0,'vlad.meylan'),(64,0,'Mathilde','de Aragao','mathildede',3,0,'1997-05-19','mathilde.dearagao@bluewin.ch','Avenue Dapples 23, 1006 Lausanne','0216014050','0788476875','','16149a2d029f54c32fe09d5edbb5c58121768b54',1,'2012-05-06 18:18:51',-10,'2012-10-15 13:49:07',0,'100001093671760'),(65,0,'Chloé','Chaudet','chloech',3,0,'1996-01-05','chloe.chaudet@bluewin.ch','Route de Grandvaux 7C, 1096 Cully ','0217991323','0794071639','','a4b0a4ad7913c837d27a876ddabed608e3ea2729',0,'2012-06-13 10:26:37',0,'2013-06-28 18:56:11',0,''),(66,0,'Amalia','Rojas','amaliaro',3,0,'1996-03-20','Amalia.Rojas.Just@hotmail.com','Chemin des Bossons 61, 1018 Lausanne','0215447740','0762084949','','aa318b3b67e285f284e4bc5cb556f2bfc8f01c98',1,'2012-06-14 13:34:59',0,'2012-11-17 20:18:32',0,'1435143125'),(67,0,'Emily','Reid','emilyre',3,0,'1992-10-13','emily.reid@bluewin.ch','Chemin de Beau-Val, 1012 Lausanne','0217844208','0787418353','','42e845c3d3717c0690b9b57361974805923310a4',1,'2012-08-11 23:26:05',0,'2013-01-19 02:17:32',0,'EmilyForeverAlone'),(69,0,'Taís','Pochon Rodrigues','taispo',3,0,'1995-04-06','tais.pochon@gmail.com','Isabelle-de-Montolieu, 159','0216525730','0786255847','','324b02a45006ffcaf0aee3483e7487f07157966a',1,'2013-02-05 10:53:50',0,'2013-02-12 10:04:13',303,'1590115639'),(70,0,'Vincent','Marmier','vincentma',3,1,'1994-10-01','marmier.vincent@gmail.com','Chemin de la Millière 10, 1052 Le Mont-sur-Lausanne ','0216521050','0786042251','','b031f77e338a86f8ba8606f2af0b641dc20cb3e0',0,'2013-05-20 10:42:02',0,'2013-05-24 18:02:15',0,''),(71,0,'Jocelin','Lipp','jocelinli',2,1,'1996-11-09','jocelin.lipp@yahoo.fr','Biolleyre 2, 1066 Epalinges','0217843631','0798953107','','30b720f2701b9a83935c21ceff8f6fe336f72d9b',0,'2013-06-15 16:43:33',0,'0000-00-00 00:00:00',0,'');

--
-- Table structure for table `participants_camps`
--

CREATE TABLE `participants_camps` (
  `firstname` varchar(100) NOT NULL,
  `lastname` varchar(100) NOT NULL,
  `password` varchar(40) NOT NULL,
  `email` varchar(255) NOT NULL,
  `last_connection` datetime NOT NULL,
  `nb_connnections` int(10) NOT NULL
) ENGINE=InnoDB DEFAULT CHARSET=utf8;

--
-- Dumping data for table `participants_camps`
--

INSERT INTO `participants_camps` VALUES ('Johanna','Pleinevaux','maduqu','','0000-00-00 00:00:00',0),('Julie','Drame','julie','tennis.14@hotmail.fr','2011-08-08 10:36:34',1),('Jua','Mujynya','tynyne','','0000-00-00 00:00:00',0),('Maryline','Carbeti','utebyp','','0000-00-00 00:00:00',0),('Alexia','Papaioannon','vysaqe','gorgio@romandie.com','2011-08-08 15:05:56',9),('Joana','Correira da rocha','zydysu','','2011-08-09 18:02:33',13),('Matilda','Iacobelli','parahe','matilda@citycable.ch','2011-09-19 11:15:37',5),('Louise','Dardano','ubazyg','','0000-00-00 00:00:00',0),('Furaha','Mujynya','ubytaj','','0000-00-00 00:00:00',0),('Celia','Benoni-Tali','asuzaq','','0000-00-00 00:00:00',0),('Nikolas','Kraft de Carvalho','hyvehe','','0000-00-00 00:00:00',0),('François','Monteverde','edamap','francesco44@hotmail.ch','2012-04-03 16:20:53',22),('Leopold','Tschanz','juduhy','leo_tschanz@hotmail.fr','2011-08-21 15:19:48',6),('Arthur','Gassner','yvypag','artgass2112@gmail.com','2011-08-04 14:14:54',6),('Vladimir','Meylan','yrydaz','vlad.meylan@hotmail.com','2011-08-09 18:33:54',1),('Thomas','Dardano','bejume','thomasdardano@hotmail.ch','2011-08-04 09:12:48',2),('Aweys','Haji Fowsi','matuty','aweysfowsi@hotmail.fr','2011-09-21 15:16:08',14),('Adam','Nanje','rezada','Adaamo-Crazyy@hotmail.com','2012-09-17 15:28:45',5),('Derry','Jaquier','ydysam','','0000-00-00 00:00:00',0);

--
-- Table structure for table `projects`
--

CREATE TABLE `projects` (
  `id` int(10) unsigned NOT NULL AUTO_INCREMENT,
  `name` varchar(200) NOT NULL,
  `description` text NOT NULL,
  `beginning` date NOT NULL,
  `end` date NOT NULL,
  `progress` int(11) NOT NULL COMMENT '0 = en projet / 1 = en cours / 2 = terminé / 3 = suspendu / 4 = abandonné',
  PRIMARY KEY (`id`)
) ENGINE=InnoDB AUTO_INCREMENT=21 DEFAULT CHARSET=utf8;

--
-- Dumping data for table `projects`
--

INSERT INTO `projects` VALUES (1,'The Feeling','Tournage d\'un clip vidéo pour le titre The Feeling du groupe Cromer.\r\n\r\nCromer est un trio de rock expérimental lausannois, formé en 2009 par les frères Schaffner, qui allie une recherche sonore instinctive avec un songwriting mêlant le traditionnel à l\'inattendu.\r\n\r\nLeur titre The Feeling est mis en image et se présente sous la forme d\'un court-métrage: on suit les pensées d\'une jeune fille qui va tenter d\'exprimer son doute profond sur l\'authenticité de sa vie à travers la peinture, une échappatoire qui va se révéler défectueuse...\r\n\r\nAinsi, ce clip tente de restituer ce type de nostalgie vaine, puissante et doucereuse.','2011-01-01','2011-08-01',2),(2,'Poursuites à travers Lausanne','Ce projet a pour but premier d\'apprendre les techniques cinématographiques de bases: le cadrage, faire en sorte qu\'une image soit équilibrée, les plongées/contre-plongées, etc.\r\nPour ce faire, nous avons décidé de créer un court-métrage laissant la possibilité a différents aspects d\'être testé: les dialogues, poursuites, plans-larges; en mettant en scène les acteurs dans une poursuite à travers Lausanne.\r\nDes membres ayant déjà fait des stages de cinéma et ayant de l’expérience sont là pour nous enseigner cet art.','2011-01-01','2011-11-20',4),(3,'Du sang sur le cou du chat','Rainer Werner Fassbinder, l\'auteur de cette pièce, est un réalisateur acteur et metteur en scène allemand né le 31 mai 1945 à Bad Wörishofen (Bavière). Il est l’un des représentants majeurs du Nouveau cinéma allemand des années 1960-1970.\r\n\r\nDu sang sur le cou du chat (Blut am Hals der Katze) a été montée en 1971 par Fassbinder et Peer Raben, à l\'Antiteater aux Städtischen Bühnen Nürnberg.\r\n\r\nNous travaillons cette pièce dans le cadre des ateliers données les dimanches des week-ends artistiques par le metteur en scène Pascal Francfort.','2011-03-01','2012-01-01',0),(4,'Dormez, je le veux!','Georges Feydeau, né à Paris le 8 décembre 1862 et mort à Rueil-Malmaison le 5 juin 1921, est un auteur dramatique français, connu pour ses très nombreux vaudevilles.\r\n\r\nDormez, je le veux! est une comédie en un acte de Feydeau, montée en 1897.\r\n\r\nNous travaillons cette pièce dans le cadre des ateliers données les dimanches des week-ends artistiques par le metteur en scène Pascal Francfort.','2011-07-01','2011-09-01',0),(5,'Week-ends','Un samedi par mois, les Piétons de la Scène se retrouvent pour faire le point sur les différents projets en cours.\r\nDe plus, des activités théâtrales ou des petites conférences sont amenées à titre pédagogique. Chacun est donc invité à créer et à partager.\r\nLe soir, un délicieux repas nous est proposé.','2011-01-01','2030-01-01',1),(6,'Les Piétons de la Scène','Ce projet a été créer pour tous les événements et tous les billets du blog en rapport avec l\'ensemble de l\'association.','2011-10-20','2030-10-20',1),(7,'Du théâtre ailleurs','Le but du projet est de mêler le court-métrage avec la performance théâtrale. Pour se faire, les acteurs vont jouer dans des lieux totalement insolites et vont être filmé sous différents angles avec toujours un travail sur la qualité de l\'image.\r\nLa pièce qui a été retenue est «l\'Ours» d\'Anton Tchekhov.','2011-08-23','2011-11-20',2),(8,'Camps','Camps de théâtre au Planemard à Château-d\'Oex','2011-01-01','2035-01-01',1),(9,'Atelier Photo','Projet photo en vue de la soirée publique des piétons en février prochain.\r\nLe projet est composé de deux parties: une série de portraits des membres de l\'association et une série de mises en scène et de photos de lieux.\r\nLes images seront imprégnées d\'une ambiance sombre et inquiétante.','2012-09-15','2013-02-01',3),(10,'Moyen métrage','L\'objectif de se projet est de réaliser un moyen métrage, le plus professionnellement possible afin de le présenter, au nom de l\'association, dans différents festivals. Nous allons constituer une équipe de scénaristes, une équipe de tournage et une équipe de montage. Nous ne sommes pas pressé, nous allons donc prendre le temps qu\'il faudra. C\'est l\'occasion pour tous de connaître les conditions de travail d\'une réalisation conséquente.\r\n\r\nPour toutes les personnes intéressées à l’écriture du scénario, à l\'écriture des dialogues et aux dessins du storyboards, inscrivez-vous au projet.\r\n\r\n\r\nContact: leo.piccirelli@pietonsdelascene.ch\r\n\r\nAu plaisir! Léo','2011-11-19','2013-01-01',0),(11,'J\'ai un théâtre dans mon quartier','Ce projet, lancé par le 2.21, est destiné à soutenir et à faire connaitre le théâtre auprès de son quartier.\r\nLes Piétons de la Scène ont été convié à animer les différents lieux historiques où se trouve désormais le 2.21.','2011-11-20','2012-01-08',2),(12,'Teasers pour le 2.21','Michel Sauser nous propose une autre collaboration avec le Théâtre 2.21.\r\n\r\n\r\n\r\nIl s\'agit de réaliser deux teasers vidéo d\'environs une à deux minutes pour les pièces suivantes:\r\n\r\n-Quatuor No1 \"Funambules\" & Une nuit, Barcelone\"\r\nhttp://theatre221.ch/index.php?option=com_content&view=article&id=222:macbeth-laime-du-peuple&catid=:creations-theatre\r\n\r\n-État des lieux\r\nhttp://theatre221.ch/index.php?option=com_content&view=article&id=223:macbeth-laime-du-peuple&catid=:creations-theatre\r\n\r\n\r\nPour se faire il nous faudra rencontrer les comédiens, voir et filmer les répétitions, filmer divers autres choses. Faire un beau montage, rendre tous ça à Michel le 8 janvier 2012.\r\n\r\n\r\nInscrivez-vous vite que l\'on puisse commencer à travailler. Le délai est court!\r\n\r\n\r\n\r\nPiétons, piétonnes salutation!\r\n\r\n-Léo','2011-11-30','2012-01-08',0),(13,'Georges Feydeau à l\'EMS','Bonjour, peuple Piétons,\r\n\r\nLe titre a dû vous intriguer... Alors:\r\nLe projet est de jouer la pièce de Feydeau \"Dormez, je le veux!\" dans l\'EMS de Béthanie (Lausanne).\r\nD\'où m\'est venue cette idée saugrenue/géniale?? \r\nMon grand-père étant bénévole dans l\'établissement, il nous ouvre les portes pour pouvoir nous produire sur scène. Il a lui-même créé une troupe de théâtre plus jeune, et aime beaucoup le milieu artistique, étant aussi peintre et musicien. \r\n\r\nPar rapport au but du projet, l\'un des aspects de l\'association étant aussi d\'avoir un caractère social, divertir des \"p\'tits vieux\" qui passent leurs journées dans des lits me paraît tout à fait adapté. Et ils sont toujours ravis lorsqu\'il y a une animation, d\'autant plus lorsqu\'il s\'agit de jeunes gens (géniaux) comme nous.\r\n\r\nBien.\r\nAu revoir, peuple De Lascène.\r\n\r\n','2012-02-26','2012-05-26',1),(14,'Festival de la cité','L’association a été mandatée pour la 41ème édition du Festival de la cité qui s’est déroulée du 10 au 15 juillet 2012. Son rôle dans le festival était d’accueillir les festivaliers au stand d’information ou en déambulation dans les rues de la cité, en leur donnant les informations nécessaire et en vendant les journaux quotidiens.','2012-04-01','2012-07-15',2),(15,'Soirée \"Fenêtres ouvertes\"','En faite, avec l\'association &etc... nous allons faire une soirée spéciales fenêtres ouvertes le vendredi 11 mai dès 19h. Le principe, des gens diffusent du son, font de la zique ou encore un p\'tit pestacle qui ne dure pas plus de 10 min depuis les fenêtres d\'un immeuble dans le quartier de l\'industrie. (Possibilité de jouer avec plusieurs fenêtres)\r\nIl s\'avère que des locataires sont OK pour nous \"prêter\" des fenêtres et que nous cherchons des gens artistes et motivés pour faire une apparition. Ensuite, fiesta pour tout le monde dans un p\'tit caveau dans le même quartier.','2012-05-11','2012-05-11',0),(17,'Ces questions que je me pose...','_____\r\nUn évènement survenu dans la vie d\'une jeune femme provoque alors chez elle une réflexion sur son existence et celles des autres. Elle s\'interroge sur la vie, la mort, les gens, et sur des situations que nous rencontrons tous un jour dans notre vie. De multiples questions aux quelles elle essaie tant bien que mal de répondre.\r\n\r\n\" Pourquoi la différence est-elle considérée comme un mur entre les hommes ? N’est-elle pas la plus belle source de richesse que nous pouvons rencontrer au cours de notre vie ? Pourquoi ne pas apprendre des différents intérêts et des différentes valeurs des gens qui nous entourent ?\r\n\r\nQu’est-ce qu’une vie représente sur terre ? Si je meurs demain, qui pleurera pour moi ? Pour qui le fait que j’ai vécu aura changé quelque chose ? \r\n\r\nPourquoi exprimer ses sentiments est quelque chose que nous nous retenons souvent de faire ? Par honte, par peur, par pudeur ? Et pourtant, quoi de plus flatteur que de recevoir un compliment, ou d’apprendre que quelqu’un nous considère comme un exemple et nous admire ? \"\r\n_____\r\n\r\nJ\'aimerais réaliser ce projet sous forme de court-métrage, mais avant ça, le travail de groupe serait d\'abord de réfléchir aux questions ci-dessous afin d\'élaborer un scénario qui servira de base au projet.\r\n\r\n- Quel est l\'évènement déclencheur de ses réflexions ? (Evènement important ou pas)\r\n- Quels moyens va-t-elle employer afin d\'essayer de trouver des réponses à ses questions ? (Observer, interroger les gens, \r\n  essayer de leur faire voir la vie différemment) Va-t-elle rencontrer des gens qui vont l\'y aider? \r\n- Quelle conclusion va-t-elle tirer de ses réponses, quelle influence auront-elles sur sa vie ? \r\n\r\nConcernant la forme du court-métrage, on peut soit faire quelque chose incluant beaucoup de musique (quasi-muet/ou pas), mêlant ainsi sentiments et mélodie, soit quelque chose de très pesant virant au dramatique, soit un mélange des deux, soit une multitude de séquences illustrant ses interrogations, soit autre. À discuter ensemble, je suis ouverte à tout.\r\n\r\n\r\nDans l\'espérance que ça vous plaise,\r\nSalut.\r\n','2012-09-15','2013-02-15',0),(18,'Le monde d\'Abygaëlle','Un soir d\'automne, quatre amies sont invitées à une murder party en forêt. Arrivées à destination, personne n\'est là. La partie a dû déjà commencer...','2012-09-15','2013-02-15',0),(19,'Chambre 16','Un homme est contraint de passer sa vie enfermé. Il nous raconte sa vie, ses cauchemars.\r\n\r\nLe scénario étant déjà terminé, contactez-nous si le projet vous intéresse.','2012-09-15','2013-05-17',2),(20,'Droit dans le mur!','Nous organisons une soirée spectaculaire composée de projets spontanés sur un même thème. La soirée sera publique, entrée libre, avec chapeau à la sortie.\r\nToutes les disciplines qui se prêtent à la scène sont les bienvenues: théâtre, musique, court­métrages, etc. Le but est d’arriver à un tout cohérent qui sera être présenté comme un spectacle en soi autour du thème donné.\r\nCes projets seront développés par les membres de l’association ainsi que par tout jeune qui souhaite créer avec nous. L’association fournira un support matériel (organisation de la soirée, prêt de matériel) et technique pour ceux qui en auraient besoin.','2013-03-17','2013-05-18',2);

--
-- Table structure for table `project_participation`
--

CREATE TABLE `project_participation` (
  `members_id` int(11) unsigned NOT NULL,
  `project_id` int(11) unsigned NOT NULL,
  `responsable` tinyint(1) NOT NULL,
  KEY `members_id` (`members_id`),
  KEY `project_id` (`project_id`),
  CONSTRAINT `project_participation_ibfk_1` FOREIGN KEY (`members_id`) REFERENCES `members` (`id`) ON DELETE CASCADE ON UPDATE CASCADE,
  CONSTRAINT `project_participation_ibfk_2` FOREIGN KEY (`project_id`) REFERENCES `projects` (`id`) ON DELETE CASCADE ON UPDATE CASCADE
) ENGINE=InnoDB DEFAULT CHARSET=utf8;

--
-- Dumping data for table `project_participation`
--

INSERT INTO `project_participation` VALUES (3,1,1),(7,1,1),(16,1,1),(12,2,1),(18,2,1),(29,5,1),(18,5,1),(21,5,1),(25,5,1),(31,5,1),(31,1,0),(23,2,0),(29,1,0),(15,1,0),(17,3,0),(17,4,0),(18,6,1),(21,6,1),(25,6,1),(29,6,1),(31,6,1),(29,7,1),(29,8,1),(15,7,1),(31,9,1),(44,4,0),(22,7,0),(17,7,0),(21,10,1),(22,10,0),(17,10,0),(15,10,0),(23,10,0),(21,4,1),(29,11,0),(21,11,1),(17,11,0),(23,11,0),(18,11,1),(22,11,0),(37,11,0),(27,11,0),(5,11,0),(16,11,0),(3,11,1),(21,12,1),(31,12,1),(18,12,0),(29,12,0),(7,11,0),(7,12,1),(17,12,0),(15,12,0),(23,12,0),(27,12,0),(15,5,1),(23,4,1),(23,13,1),(47,13,0),(18,13,0),(7,13,0),(53,13,0),(41,13,0),(53,10,0),(28,13,0),(15,14,1),(29,14,1),(47,14,1),(23,14,0),(41,14,0),(47,4,1),(47,3,1),(7,4,0),(41,4,0),(53,4,0),(28,4,0),(2,4,0),(18,4,0),(27,4,0),(22,4,0),(3,14,0),(17,14,0),(22,14,0),(31,14,0),(21,14,0),(27,14,0),(57,14,0),(57,10,0),(28,14,0),(18,14,1),(54,14,0),(16,14,0),(15,15,0),(53,14,0),(65,14,0),(23,9,0),(23,17,1),(15,8,1),(23,18,1),(66,18,1),(28,18,0),(41,19,1),(44,19,0),(65,19,0),(66,10,0),(64,18,0),(29,18,0),(31,20,1),(29,20,1),(54,20,0),(23,5,1),(23,6,1),(5,7,1),(6,7,1),(23,20,1);

--
-- Table structure for table `realisations`
--

CREATE TABLE `realisations` (
  `id` int(11) NOT NULL AUTO_INCREMENT,
  `titre` text NOT NULL,
  `description` text NOT NULL,
  `short_description` text NOT NULL,
  `duree` text CHARACTER SET latin1 NOT NULL,
  `date` date NOT NULL,
  `occasion` text CHARACTER SET latin1 NOT NULL,
  `credits` text CHARACTER SET latin1 NOT NULL,
  `visible` tinyint(1) NOT NULL,
  UNIQUE KEY `id` (`id`)
) ENGINE=InnoDB AUTO_INCREMENT=13 DEFAULT CHARSET=utf8;

--
-- Dumping data for table `realisations`
--

INSERT INTO `realisations` VALUES (1,'Recto-verso','Quand XX rencontre XY, mêlant images, musique et poésie.','Quand XX rencontre XY, mêlant images, musique et poésie.','9:09','2010-10-08','Camp de théâtre d\'automne 2010','<tr>\r\n			<td>Acteurs</td>\r\n			<td>Océane, Xavier, Sonia, Johanna, Evelyne</td>\r\n		</tr>\r\n		<tr>\r\n			<td>Caméra</td>\r\n			<td>Sacha</td>\r\n		</tr>\r\n		<tr>\r\n			<td>Costumes</td>\r\n			<td>Cassandre, Laura, Emile</td>\r\n		</tr>\r\n		<tr>\r\n			<td>Texte</td>\r\n			<td>Darius</td>\r\n		</tr>\r\n		<tr>\r\n			<td>Musique</td>\r\n			<td>Emile, Sacha</td>\r\n		</tr>\r\n		<tr>\r\n			<td>Montage</td>\r\n			<td>Sacha, Emile</td>\r\n		</tr>\r\n		<tr>\r\n			<td>Remerciements</td>\r\n			<td>A tous les participants du camp<br/>A Léo pour son soutien matériel et spirituel.<br/>A Donatienne pour la scène romantique.</td>\r\n		</tr>',1),(2,'Cornemuse des Alizées','In hac habitasse platea dictumst. Nam congue mattis bibendum. Morbi suscipit faucibus tortor, sit amet tempor neque pharetra vitae. Praesent rutrum dapibus dui, ut varius dui sollicitudin quis. Proin euismod nulla id tortor viverra non rhoncus metus viverra. Suspendisse potenti. Morbi urna nibh, tempor sed malesuada quis, convallis at est. Ut et elit sit amet nulla posuere gravida. Etiam pellentesque dapibus ligula, sit amet blandit arcu aliquam non. Vivamus sed velit eu eros dignissim imperdiet. Donec nisl sapien, varius quis sodales at, egestas sit amet lorem. Aliquam tincidunt velit eget ante facilisis lacinia pulvinar mauris placerat. Quisque condimentum luctus mauris, vel accumsan diam porta sed. Vestibulum sit amet eros tellus. ','Comment sauver un son défectueux ?\r\nMini-courts métrages.','01:30','2010-10-07','Camp de théâtre d\'automne 2010','<tr>\r\n			<td>Acteurs</td>\r\n			<td>Poneyane, Poneyvier, Poneynia, Ponehanna, Poneyvline</td>\r\n		</tr>\r\n		<tr>\r\n			<td>Caméra</td>\r\n			<td>Poneybron</td>\r\n		</tr>\r\n		<tr>\r\n			<td>Costumes</td>\r\n			<td>Poneyssandre, Poneyra, Poneymile</td>\r\n		</tr>\r\n		<tr>\r\n			<td>Texte</td>\r\n			<td>Poneyrus</td>\r\n		</tr>\r\n		<tr>\r\n			<td>Musique</td>\r\n			<td>Poneymile, Poneybron</td>\r\n		</tr>',1),(3,'Le pari','','Mini-courts métrages.','2:20','2009-08-12','Camp de théâtre août 2009','',1),(4,'Musique','','','04:01','2010-08-12','Camp d\'août 2010','',1),(5,'L\'atelier','','Mini-courts métrages.','02:01','2009-08-12','Camp de théâtre d\'août 2009','',1),(6,'07h01','','Chaque matin le réveil démarre la rengaine quotidienne...jusqu\'à quand ?','19:07','2010-10-10','Camp de théâtre d\'octobre 2010','',1),(7,'La Venoge','','','13:23','2010-10-12','Camp de théâtre d\'octobre 2010','',1),(8,'Musique','','','03:16','2009-08-12','Camp d\'août 2009','',1),(9,'Bouton','','','09:19','2010-10-01','Camp de théâtre d\'octobre 2010','',1),(10,'I\'m too sexy','','','13:28','2009-10-01','Camp de théâtre d\'octobre 2009','',1),(11,'PlastiK','','','20:41','2010-08-01','Camp de théâtre d\'août 2010.','',1),(12,'Bobébé Bobo','','','03:47','2006-08-01','Camp de théâtre d\'août 2006','',1);

--
-- Table structure for table `services`
--

CREATE TABLE `services` (
  `member_id` int(10) unsigned NOT NULL,
  `facebook` varchar(50) CHARACTER SET latin1 NOT NULL,
  `twitter` varchar(50) CHARACTER SET latin1 NOT NULL,
  PRIMARY KEY (`member_id`),
  CONSTRAINT `services_ibfk_1` FOREIGN KEY (`member_id`) REFERENCES `members` (`id`) ON DELETE CASCADE ON UPDATE CASCADE
) ENGINE=InnoDB DEFAULT CHARSET=utf8;

--
-- Dumping data for table `services`
--

INSERT INTO `services` VALUES (15,'klaus.zwampfelkrot',''),(18,'luca.bron','lachainone'),(23,'',''),(29,'sacha.bron','Binary_Brain'),(31,'victor.hunziker',''),(65,'','');

--
-- Table structure for table `transactions`
--

CREATE TABLE `transactions` (
  `id` int(11) NOT NULL AUTO_INCREMENT,
  `reference` int(11) NOT NULL,
  `montant` double NOT NULL,
  `type` int(11) NOT NULL,
  `date-paiement` int(11) NOT NULL,
  `date-credit` int(11) NOT NULL,
  `date-traitement` int(11) NOT NULL,
  `frais` int(11) NOT NULL,
  `donnees` varchar(150) CHARACTER SET utf8 COLLATE utf8_bin NOT NULL,
  `fileid` varchar(255) CHARACTER SET utf8 COLLATE utf8_bin NOT NULL,
  `comment` text NOT NULL,
  PRIMARY KEY (`id`)
) ENGINE=InnoDB AUTO_INCREMENT=53 DEFAULT CHARSET=utf8;

--
-- Dumping data for table `transactions`
--

INSERT INTO `transactions` VALUES (1,152,10,2,1314655200,1314741600,1314655200,0,'00201080911200000000000011121000000015200000010000008  000011083011083011083100613754600000000000000                          \r\n','304394915',''),(3,26,30,10,1315092087,1315092087,1315092087,0,'','','Cotisation 2011'),(4,58,30,10,1315092250,1315092250,1315092250,0,'','','Cotisation 2011'),(5,79,30,10,1315092402,1315092402,1315092402,0,'','','Cotisation 2011'),(6,144,30,10,1315092414,1315092414,1315092414,0,'','','Cotisation 2011'),(7,168,30,10,1315092425,1315092425,1315092425,0,'','','Cotisation 2011'),(8,218,30,10,1315092435,1315092435,1315092435,0,'','','Cotisation 2011'),(9,189,30,10,1315092449,1315092449,1315092449,0,'','','Cotisation 2011'),(10,223,30,10,1315092462,1315092462,1315092462,0,'','','Cotisation 2011'),(11,239,30,10,1315092474,1315092474,1315092474,0,'','','Cotisation 2011'),(12,294,30,10,1315092483,1315092483,1315092483,0,'','','Cotisation 2011'),(13,319,30,10,1315092504,1315092504,1315092504,0,'','','Cotisation 2011'),(14,522,5,10,1315095742,1315095742,1315095742,0,'','',''),(15,34,15,10,1315095742,1315095742,1315095742,0,'','',''),(16,79,15,10,1315095742,1315095742,1315095742,0,'','',''),(17,168,15,10,1315095742,1315095742,1315095742,0,'','',''),(18,218,20,10,1315095742,1315095742,1315095742,0,'','',''),(19,189,15,10,1315095742,1315095742,1315095742,0,'','',''),(20,239,15,10,1315095742,1315095742,1315095742,0,'','',''),(21,286,15,10,1315095742,1315095742,1315095742,0,'','',''),(22,294,15,10,1315095742,1315095742,1315095742,0,'','',''),(23,506,5,10,1315095742,1315095742,1315095742,0,'','',''),(24,319,15,10,1315095742,1315095742,1315095742,0,'','',''),(25,152,35,2,1315173600,1315260000,1315173600,0,'00201080911200000000000000000000000015200000035000008  000011090511090511090600758484900000000000000                          \r\n','b7dc95f449f88334706d5df893656f6effd584ae',''),(26,34,30,10,1318154878,1318154878,1318154878,0,'','','Cotisation 2011'),(27,173,30,10,1318155319,1318155319,1318155319,0,'','','Cotisation 2011'),(28,255,30,10,1318155427,1318155427,1318155427,0,'','','Cotisation 2011'),(29,478,30,10,1318155446,1318155446,1318155446,0,'','','Cotisation 2011'),(30,286,30,10,1318155472,1318155472,1318155472,0,'','','Cotisation 2011'),(31,152,25,2,1318197600,1318284000,1318197600,0,'00201080911200000000000000000000000015200000025000008  000011101011101011101100593516900000000000000                          \r\n','6f91abe0a09d6a03ff0fef08489cc14c2e393af4',''),(32,79,15,10,1318666730,1318666730,1318666730,0,'','',''),(33,446,20,10,1318666730,1318666730,1318666730,0,'','',''),(34,121,15,10,1318666730,1318666730,1318666730,0,'','',''),(35,415,25,10,1318666730,1318666730,1318666730,0,'','',''),(36,168,5,10,1318666730,1318666730,1318666730,0,'','',''),(37,189,25,10,1318666731,1318666731,1318666731,0,'','',''),(38,239,25,10,1318666731,1318666731,1318666731,0,'','',''),(39,271,15,10,1318666731,1318666731,1318666731,0,'','',''),(40,286,10,10,1318666731,1318666731,1318666731,0,'','',''),(41,374,15,10,1318666731,1318666731,1318666731,0,'','',''),(42,319,25,10,1318666731,1318666731,1318666731,0,'','',''),(43,294,55,2,1323644400,1323730800,1323644400,0,'00201080911200000000000000000000000029400000055000040  040011121211121211121300922000200000000000000                          \r\n','3d25bc0f783e117fb45ad23d3d653054f5038de9',''),(44,152,15,2,1322434800,1322521200,1322434800,0,'00201080911200000000000000000000000015200000015000008  000011112811112811112900743962200000000000000                          \r\n','40bb10fef598ff7d736157e8b4280c30cfb1437f',''),(45,0,0,0,943916400,943916400,943916400,0,'=','fb33fdc37ec5f0e881de23b67e015bde05cabd06',''),(46,0,0,0,0,0,0,4,'','86159d28abaf059c54fb45a34805ab461216bef9',''),(47,1076,30,2,1331679600,1331766000,1331679600,0,'00201080911200000000000000000000000107600000030000040  040012031412031412031500973000100000000000000                          \r\n','becfff710567fd92662a9f36df6f5c19d731f29e',''),(48,1302,30,2,1331506800,1331593200,1331506800,0,'00201080911200000000000000000000000130200000030000008  000012031212031212031300606870700000000000000                          \r\n','fe715de0b49aefc918d9d96294ac047adbdfe3ec',''),(49,1318,30,112,1331247600,1331593200,1331506800,0,'11201080911200000000000000000000000131800000030002138  030012030912031212031300002002200000000000090                          \r\n','fe715de0b49aefc918d9d96294ac047adbdfe3ec',''),(50,1205,30,2,1331161200,1331247600,1331161200,0,'00201080911200000000000000000000000120500000030000008  000012030812030812030900517289500000000000000                          \r\n','d808625e38749b49665a1a6a1ab708d455a9c929',''),(51,152,20,2,1329087600,1329174000,1329087600,0,'00201080911200000000000000000000000015200000020000008  000012021312021312021400870715600000000000000                          \r\n','38e318b291c63f6155d8806c63dae43fac13ec99',''),(52,609,100,2,1324940400,1325026800,1324940400,0,'00201080911200000000000000000000000060900000100000018  040011122711122711122800000003800000000000000                          \r\n','44568c3127084ccd728542c639c74250e7adf34c','');


